{"id":4768,"date":"2021-11-29T04:54:42","date_gmt":"2021-11-29T09:54:42","guid":{"rendered":"http:\/\/efterklang.org.hemsida.eu\/projects\/ahlens-christmascampaign-2021\/"},"modified":"2024-09-27T11:21:45","modified_gmt":"2024-09-27T09:21:45","slug":"ahlens-julkampanj-2021","status":"publish","type":"projects","link":"https:\/\/efterklang.org\/sv\/projects\/ahlens-julkampanj-2021\/","title":{"rendered":"\u00c5hl\u00e9ns, Julkampanj 2021"},"content":{"rendered":"<h6>Bakgrund<\/h6>\n<p class=\"p1\">Specialskriven musik till \u00c5hl\u00e9ns julkampanj 2021<\/p>\n<h6>Uppdrag<\/h6>\n<p class=\"p1\">\u00c5hl\u00e9ns julkampanj 2021 gick under namnet \u201dVi sl\u00e4pper loss julen\u201d och g\u00e5r all in med gl\u00e4dje, lust och gemenskap. Allt illustreras med lekfulla figurer i starka f\u00e4rger skapade av konstn\u00e4ren Yoyo Nasty. Efterklang fick uppdraget att specialskriva musiken till kampanjen, och integrera den i alltifr\u00e5n reklamfilmer och SoMe-inl\u00e4gg till skyltf\u00f6nster och kundmeddelanden i varuhusen.<\/p>\n","protected":false},"featured_media":3231,"template":"","project_category":[238,281,282,268,272],"country":[333],"sector":[341],"class_list":["post-4768","projects","type-projects","status-publish","has-post-thumbnail","hentry","project_category-studio-sv","project_category-ljudlaggning-av-film","project_category-ljudproduktion","project_category-reklamkampanjer","project_category-specialskriven-musik","country-sverigesweden-sv","sector-branding-och-kommunikation"],"acf":[],"yoast_head":"<!-- This site is optimized with the Yoast SEO plugin v22.1 - https:\/\/yoast.com\/wordpress\/plugins\/seo\/ -->\n<title>\u00c5hl\u00e9ns, Julkampanj 2021 - Efterklang<\/title>\n<meta name=\"description\" content=\"Efterklang komponerade musiken till \u00c5hl\u00e9ns julkampanj 2021.\" \/>\n<meta name=\"robots\" content=\"index, follow, max-snippet:-1, max-image-preview:large, max-video-preview:-1\" \/>\n<link rel=\"canonical\" href=\"https:\/\/efterklang.org\/sv\/projects\/ahlens-julkampanj-2021\/\" \/>\n<meta property=\"og:locale\" content=\"sv_SE\" \/>\n<meta property=\"og:type\" content=\"article\" \/>\n<meta property=\"og:title\" content=\"\u00c5hl\u00e9ns, Julkampanj 2021 - Efterklang\" \/>\n<meta property=\"og:description\" content=\"Efterklang komponerade musiken till \u00c5hl\u00e9ns julkampanj 2021.\" \/>\n<meta property=\"og:url\" content=\"https:\/\/efterklang.org\/sv\/projects\/ahlens-julkampanj-2021\/\" \/>\n<meta property=\"og:site_name\" content=\"Efterklang\" \/>\n<meta property=\"article:modified_time\" content=\"2024-09-27T09:21:45+00:00\" \/>\n<meta property=\"og:image\" content=\"https:\/\/efterklang.org\/wp-content\/uploads\/2021\/11\/A\u030ahle\u0301ns-jul-2021.jpg\" \/>\n\t<meta property=\"og:image:width\" content=\"3180\" \/>\n\t<meta property=\"og:image:height\" content=\"1778\" \/>\n\t<meta property=\"og:image:type\" content=\"image\/jpeg\" \/>\n<meta name=\"twitter:card\" content=\"summary_large_image\" \/>\n<meta name=\"twitter:label1\" content=\"Ber\u00e4knad l\u00e4stid\" \/>\n\t<meta name=\"twitter:data1\" content=\"1 minut\" \/>\n<script type=\"application\/ld+json\" class=\"yoast-schema-graph\">{\"@context\":\"https:\/\/schema.org\",\"@graph\":[{\"@type\":\"WebPage\",\"@id\":\"https:\/\/efterklang.org\/sv\/projects\/ahlens-julkampanj-2021\/\",\"url\":\"https:\/\/efterklang.org\/sv\/projects\/ahlens-julkampanj-2021\/\",\"name\":\"\u00c5hl\u00e9ns, Julkampanj 2021 - Efterklang\",\"isPartOf\":{\"@id\":\"https:\/\/efterklang.org\/#website\"},\"datePublished\":\"2021-11-29T09:54:42+00:00\",\"dateModified\":\"2024-09-27T09:21:45+00:00\",\"description\":\"Efterklang komponerade musiken till \u00c5hl\u00e9ns julkampanj 2021.\",\"breadcrumb\":{\"@id\":\"https:\/\/efterklang.org\/sv\/projects\/ahlens-julkampanj-2021\/#breadcrumb\"},\"inLanguage\":\"sv-SE\",\"potentialAction\":[{\"@type\":\"ReadAction\",\"target\":[\"https:\/\/efterklang.org\/sv\/projects\/ahlens-julkampanj-2021\/\"]}]},{\"@type\":\"BreadcrumbList\",\"@id\":\"https:\/\/efterklang.org\/sv\/projects\/ahlens-julkampanj-2021\/#breadcrumb\",\"itemListElement\":[{\"@type\":\"ListItem\",\"position\":1,\"name\":\"Home\",\"item\":\"https:\/\/efterklang.org\/sv\/\"},{\"@type\":\"ListItem\",\"position\":2,\"name\":\"Our projects\",\"item\":\"https:\/\/efterklang.org\/projects\/?lang=sv\"},{\"@type\":\"ListItem\",\"position\":3,\"name\":\"\u00c5hl\u00e9ns, Julkampanj 2021\"}]},{\"@type\":\"WebSite\",\"@id\":\"https:\/\/efterklang.org\/#website\",\"url\":\"https:\/\/efterklang.org\/\",\"name\":\"Efterklang\",\"description\":\"P\u00e5 Efterklang designar och s\u00e4krar vi ljudmilj\u00f6er.\",\"publisher\":{\"@id\":\"https:\/\/efterklang.org\/#organization\"},\"potentialAction\":[{\"@type\":\"SearchAction\",\"target\":{\"@type\":\"EntryPoint\",\"urlTemplate\":\"https:\/\/efterklang.org\/?s={search_term_string}\"},\"query-input\":\"required name=search_term_string\"}],\"inLanguage\":\"sv-SE\"},{\"@type\":\"Organization\",\"@id\":\"https:\/\/efterklang.org\/#organization\",\"name\":\"Efterklang\",\"url\":\"https:\/\/efterklang.org\/\",\"logo\":{\"@type\":\"ImageObject\",\"inLanguage\":\"sv-SE\",\"@id\":\"https:\/\/efterklang.org\/#\/schema\/logo\/image\/\",\"url\":\"https:\/\/efterklang.org\/wp-content\/uploads\/2021\/10\/Asset-25.svg\",\"contentUrl\":\"https:\/\/efterklang.org\/wp-content\/uploads\/2021\/10\/Asset-25.svg\",\"caption\":\"Efterklang\"},\"image\":{\"@id\":\"https:\/\/efterklang.org\/#\/schema\/logo\/image\/\"}}]}<\/script>\n<!-- \/ Yoast SEO plugin. -->","yoast_head_json":{"title":"\u00c5hl\u00e9ns, Julkampanj 2021 - Efterklang","description":"Efterklang komponerade musiken till \u00c5hl\u00e9ns julkampanj 2021.","robots":{"index":"index","follow":"follow","max-snippet":"max-snippet:-1","max-image-preview":"max-image-preview:large","max-video-preview":"max-video-preview:-1"},"canonical":"https:\/\/efterklang.org\/sv\/projects\/ahlens-julkampanj-2021\/","og_locale":"sv_SE","og_type":"article","og_title":"\u00c5hl\u00e9ns, Julkampanj 2021 - Efterklang","og_description":"Efterklang komponerade musiken till \u00c5hl\u00e9ns julkampanj 2021.","og_url":"https:\/\/efterklang.org\/sv\/projects\/ahlens-julkampanj-2021\/","og_site_name":"Efterklang","article_modified_time":"2024-09-27T09:21:45+00:00","og_image":[{"width":3180,"height":1778,"url":"https:\/\/efterklang.org\/wp-content\/uploads\/2021\/11\/A\u030ahle\u0301ns-jul-2021.jpg","type":"image\/jpeg"}],"twitter_card":"summary_large_image","twitter_misc":{"Ber\u00e4knad l\u00e4stid":"1 minut"},"schema":{"@context":"https:\/\/schema.org","@graph":[{"@type":"WebPage","@id":"https:\/\/efterklang.org\/sv\/projects\/ahlens-julkampanj-2021\/","url":"https:\/\/efterklang.org\/sv\/projects\/ahlens-julkampanj-2021\/","name":"\u00c5hl\u00e9ns, Julkampanj 2021 - Efterklang","isPartOf":{"@id":"https:\/\/efterklang.org\/#website"},"datePublished":"2021-11-29T09:54:42+00:00","dateModified":"2024-09-27T09:21:45+00:00","description":"Efterklang komponerade musiken till \u00c5hl\u00e9ns julkampanj 2021.","breadcrumb":{"@id":"https:\/\/efterklang.org\/sv\/projects\/ahlens-julkampanj-2021\/#breadcrumb"},"inLanguage":"sv-SE","potentialAction":[{"@type":"ReadAction","target":["https:\/\/efterklang.org\/sv\/projects\/ahlens-julkampanj-2021\/"]}]},{"@type":"BreadcrumbList","@id":"https:\/\/efterklang.org\/sv\/projects\/ahlens-julkampanj-2021\/#breadcrumb","itemListElement":[{"@type":"ListItem","position":1,"name":"Home","item":"https:\/\/efterklang.org\/sv\/"},{"@type":"ListItem","position":2,"name":"Our projects","item":"https:\/\/efterklang.org\/projects\/?lang=sv"},{"@type":"ListItem","position":3,"name":"\u00c5hl\u00e9ns, Julkampanj 2021"}]},{"@type":"WebSite","@id":"https:\/\/efterklang.org\/#website","url":"https:\/\/efterklang.org\/","name":"Efterklang","description":"P\u00e5 Efterklang designar och s\u00e4krar vi ljudmilj\u00f6er.","publisher":{"@id":"https:\/\/efterklang.org\/#organization"},"potentialAction":[{"@type":"SearchAction","target":{"@type":"EntryPoint","urlTemplate":"https:\/\/efterklang.org\/?s={search_term_string}"},"query-input":"required name=search_term_string"}],"inLanguage":"sv-SE"},{"@type":"Organization","@id":"https:\/\/efterklang.org\/#organization","name":"Efterklang","url":"https:\/\/efterklang.org\/","logo":{"@type":"ImageObject","inLanguage":"sv-SE","@id":"https:\/\/efterklang.org\/#\/schema\/logo\/image\/","url":"https:\/\/efterklang.org\/wp-content\/uploads\/2021\/10\/Asset-25.svg","contentUrl":"https:\/\/efterklang.org\/wp-content\/uploads\/2021\/10\/Asset-25.svg","caption":"Efterklang"},"image":{"@id":"https:\/\/efterklang.org\/#\/schema\/logo\/image\/"}}]}},"_links":{"self":[{"href":"https:\/\/efterklang.org\/sv\/wp-json\/wp\/v2\/projects\/4768","targetHints":{"allow":["GET"]}}],"collection":[{"href":"https:\/\/efterklang.org\/sv\/wp-json\/wp\/v2\/projects"}],"about":[{"href":"https:\/\/efterklang.org\/sv\/wp-json\/wp\/v2\/types\/projects"}],"version-history":[{"count":4,"href":"https:\/\/efterklang.org\/sv\/wp-json\/wp\/v2\/projects\/4768\/revisions"}],"predecessor-version":[{"id":13124,"href":"https:\/\/efterklang.org\/sv\/wp-json\/wp\/v2\/projects\/4768\/revisions\/13124"}],"wp:featuredmedia":[{"embeddable":true,"href":"https:\/\/efterklang.org\/sv\/wp-json\/wp\/v2\/media\/3231"}],"wp:attachment":[{"href":"https:\/\/efterklang.org\/sv\/wp-json\/wp\/v2\/media?parent=4768"}],"wp:term":[{"taxonomy":"project_category","embeddable":true,"href":"https:\/\/efterklang.org\/sv\/wp-json\/wp\/v2\/project_category?post=4768"},{"taxonomy":"country","embeddable":true,"href":"https:\/\/efterklang.org\/sv\/wp-json\/wp\/v2\/country?post=4768"},{"taxonomy":"sector","embeddable":true,"href":"https:\/\/efterklang.org\/sv\/wp-json\/wp\/v2\/sector?post=4768"}],"curies":[{"name":"wp","href":"https:\/\/api.w.org\/{rel}","templated":true}]}}

Åhléns, Julkampanj 2021

<h6>Bakgrund</h6>
<p class="p1">Specialskriven musik till Åhléns julkampanj 2021</p>
<h6>Uppdrag</h6>
<p class="p1">Åhléns julkampanj 2021 gick under namnet ”Vi släpper loss julen” och går all in med glädje, lust och gemenskap. Allt illustreras med lekfulla figurer i starka färger skapade av konstnären Yoyo Nasty. Efterklang fick uppdraget att specialskriva musiken till kampanjen, och integrera den i alltifrån reklamfilmer och SoMe-inlägg till skyltfönster och kundmeddelanden i varuhusen.</p>

<!-- This site is optimized with the Yoast SEO plugin v22.1 - https://yoast.com/wordpress/plugins/seo/ -->
<title>Åhléns, Julkampanj 2021 - Efterklang</title>
<meta name="description" content="Efterklang komponerade musiken till Åhléns julkampanj 2021." />
<meta name="robots" content="index, follow, max-snippet:-1, max-image-preview:large, max-video-preview:-1" />
<link rel="canonical" href="https://efterklang.org/sv/projects/ahlens-julkampanj-2021/" />
<meta property="og:locale" content="sv_SE" />
<meta property="og:type" content="article" />
<meta property="og:title" content="Åhléns, Julkampanj 2021 - Efterklang" />
<meta property="og:description" content="Efterklang komponerade musiken till Åhléns julkampanj 2021." />
<meta property="og:url" content="https://efterklang.org/sv/projects/ahlens-julkampanj-2021/" />
<meta property="og:site_name" content="Efterklang" />
<meta property="article:modified_time" content="2024-09-27T09:21:45+00:00" />
<meta property="og:image" content="https://efterklang.org/wp-content/uploads/2021/11/Åhléns-jul-2021.jpg" />
	<meta property="og:image:width" content="3180" />
	<meta property="og:image:height" content="1778" />
	<meta property="og:image:type" content="image/jpeg" />
<meta name="twitter:card" content="summary_large_image" />
<meta name="twitter:label1" content="Beräknad lästid" />
	<meta name="twitter:data1" content="1 minut" />
<script type="application/ld+json" class="yoast-schema-graph">{"@context":"https://schema.org","@graph":[{"@type":"WebPage","@id":"https://efterklang.org/sv/projects/ahlens-julkampanj-2021/","url":"https://efterklang.org/sv/projects/ahlens-julkampanj-2021/","name":"Åhléns, Julkampanj 2021 - Efterklang","isPartOf":{"@id":"https://efterklang.org/#website"},"datePublished":"2021-11-29T09:54:42+00:00","dateModified":"2024-09-27T09:21:45+00:00","description":"Efterklang komponerade musiken till Åhléns julkampanj 2021.","breadcrumb":{"@id":"https://efterklang.org/sv/projects/ahlens-julkampanj-2021/#breadcrumb"},"inLanguage":"sv-SE","potentialAction":[{"@type":"ReadAction","target":["https://efterklang.org/sv/projects/ahlens-julkampanj-2021/"]}]},{"@type":"BreadcrumbList","@id":"https://efterklang.org/sv/projects/ahlens-julkampanj-2021/#breadcrumb","itemListElement":[{"@type":"ListItem","position":1,"name":"Home","item":"https://efterklang.org/sv/"},{"@type":"ListItem","position":2,"name":"Our projects","item":"https://efterklang.org/projects/?lang=sv"},{"@type":"ListItem","position":3,"name":"Åhléns, Julkampanj 2021"}]},{"@type":"WebSite","@id":"https://efterklang.org/#website","url":"https://efterklang.org/","name":"Efterklang","description":"På Efterklang designar och säkrar vi ljudmiljöer.","publisher":{"@id":"https://efterklang.org/#organization"},"potentialAction":[{"@type":"SearchAction","target":{"@type":"EntryPoint","urlTemplate":"https://efterklang.org/?s={search_term_string}"},"query-input":"required name=search_term_string"}],"inLanguage":"sv-SE"},{"@type":"Organization","@id":"https://efterklang.org/#organization","name":"Efterklang","url":"https://efterklang.org/","logo":{"@type":"ImageObject","inLanguage":"sv-SE","@id":"https://efterklang.org/#/schema/logo/image/","url":"https://efterklang.org/wp-content/uploads/2021/10/Asset-25.svg","contentUrl":"https://efterklang.org/wp-content/uploads/2021/10/Asset-25.svg","caption":"Efterklang"},"image":{"@id":"https://efterklang.org/#/schema/logo/image/"}}]}</script>
<!-- / Yoast SEO plugin. -->

Åhléns, Julkampanj 2021 - Efterklang

Efterklang komponerade musiken till Åhléns julkampanj 2021.

På Efterklang designar och säkrar vi ljudmiljöer.
