{"id":4542,"date":"2021-11-29T05:44:02","date_gmt":"2021-11-29T10:44:02","guid":{"rendered":"http:\/\/efterklang.org.hemsida.eu\/projects\/storytel-whenvoicesbecomeaudiobranding\/"},"modified":"2024-10-03T08:25:09","modified_gmt":"2024-10-03T06:25:09","slug":"storytel-whenvoicesbecomeaudiobranding","status":"publish","type":"projects","link":"https:\/\/efterklang.org\/sv\/projects\/storytel-whenvoicesbecomeaudiobranding\/","title":{"rendered":"Storytel, When voices become audio branding"},"content":{"rendered":"<h6>Bakgrund<\/h6>\n<p class=\"p1\"><span class=\"s1\">Storytel \u00e4r en av v\u00e4rldens ledande streamingtj\u00e4nster inom ljudb\u00f6cker. Med miljontals betalande kunder v\u00e4rlden \u00f6ver, ger Storytel m\u00e4nniskor i alla \u00e5ldrar och kulturer m\u00f6jlighet att ta del av hundra tusentals ber\u00e4ttelser i olika genrer. Storytel producerar dessutom ett stort antal egna ljudb\u00f6cker varje \u00e5r. F\u00f6r ett varum\u00e4rke som Storytel \u00e4r audio branding en viktig del i kommunikationen. <\/span><\/p>\n<h6>Uppdrag<\/h6>\n<p class=\"p1\"><span class=\"s1\">Efterklang fick uppdraget att skapa ett unikt, audio brandat ljuduniversum som p\u00e5 ett naturligt s\u00e4tt f\u00f6rmedlar varum\u00e4rket och dess tj\u00e4nster. En viktig aspekt var \u00e4ven att skapa ett universum f\u00f6r en global marknad, d\u00e5 spr\u00e5k, kulturer och musik skiljer sig v\u00e4rlden \u00f6ver. <\/span><\/p>\n<h6>Resultat<\/h6>\n<p class=\"p1\"><span class=\"s1\">Efterklang ville skapa ett koncept som var lika naturligt och sj\u00e4lvklart som Storytels egna ber\u00e4ttelser, det visade det sig att det var just ber\u00e4ttelserna som var svaret. <\/span><\/p>\n<p class=\"p1\"><span class=\"s1\">Efterklang skapade ett unikt ljuduniversum och en skr\u00e4ddarsydd audio branding f\u00f6r Storytel, baserat enbart p\u00e5 inspelade ber\u00e4ttarr\u00f6ster fr\u00e5n deras egna globala ljudboksproduktioner. Att bygga audio brandingen p\u00e5 n\u00e5got s\u00e5 naturligt som Storytels egna r\u00f6ster gjorde att det slutgiltiga konceptet blev en sj\u00e4lvklar del av varum\u00e4rket globalt. Audio brandingen \u00e4r skapad som ett flexibelt och varum\u00e4rkesbyggande verktyg f\u00f6r att implementeras i alla typer av marknadsf\u00f6ringskanaler och plattformar. <\/span><\/p>\n<p class=\"p1\"><span class=\"s1\">Storytels audio branding plattform rymmer f\u00f6rutom ljudlogotyper och ljudelement \u00e4ven unika Storytel-instrument, som kan anv\u00e4ndas i skapandet av nytt audio brandat material. <\/span><\/p>\n<p><strong>Pris<br \/>\n<\/strong>International Sound Awards 2020<br \/>\n<em>Better Sound &#8211; Audio Branding<\/em><br \/>\n<em>Better Sound &#8211; Audio Marketing<\/em><\/p>\n<p>Transform Awards Europe 2021<br \/>\n<em>Guld<\/em><\/p>\n<p>Transform Awards Nordics 2021<br \/>\n<em>Guld<\/em><br \/>\n<em>Grand Prix<\/em><\/p>\n<p>Red Dot Design Awards 2021<br \/>\n<em>Best of the Best<\/em><\/p>\n","protected":false},"featured_media":3260,"template":"","project_category":[237,296,294,260,238,473,274,281,282,268,284,272],"country":[333],"sector":[341],"class_list":["post-4542","projects","type-projects","status-publish","has-post-thumbnail","hentry","project_category-ljuddesign","project_category-audio-branding-2-sv","project_category-koncept","project_category-sound-design-sv","project_category-studio-sv","project_category-audio-branding-sv","project_category-functional-sounds-2-sv","project_category-ljudlaggning-av-film","project_category-ljudproduktion","project_category-reklamkampanjer","project_category-rostcasting-och-inspelning-av-voiceover","project_category-specialskriven-musik","country-sverigesweden-sv","sector-branding-och-kommunikation"],"acf":[],"yoast_head":"<!-- This site is optimized with the Yoast SEO plugin v22.1 - https:\/\/yoast.com\/wordpress\/plugins\/seo\/ -->\n<title>Storytel, When voices become audio branding - Efterklang<\/title>\n<meta name=\"description\" content=\"Efterklang har skapat ett prisbel\u00f6nt ljuduniversum f\u00f6r Storytel, byggt p\u00e5 deras egna ber\u00e4ttarr\u00f6ster. When voices become audio branding.\" \/>\n<meta name=\"robots\" content=\"index, follow, max-snippet:-1, max-image-preview:large, max-video-preview:-1\" \/>\n<link rel=\"canonical\" href=\"https:\/\/efterklang.org\/sv\/projects\/storytel-whenvoicesbecomeaudiobranding\/\" \/>\n<meta property=\"og:locale\" content=\"sv_SE\" \/>\n<meta property=\"og:type\" content=\"article\" \/>\n<meta property=\"og:title\" content=\"Storytel, When voices become audio branding - Efterklang\" \/>\n<meta property=\"og:description\" content=\"Efterklang har skapat ett prisbel\u00f6nt ljuduniversum f\u00f6r Storytel, byggt p\u00e5 deras egna ber\u00e4ttarr\u00f6ster. When voices become audio branding.\" \/>\n<meta property=\"og:url\" content=\"https:\/\/efterklang.org\/sv\/projects\/storytel-whenvoicesbecomeaudiobranding\/\" \/>\n<meta property=\"og:site_name\" content=\"Efterklang\" \/>\n<meta property=\"article:modified_time\" content=\"2024-10-03T06:25:09+00:00\" \/>\n<meta property=\"og:image\" content=\"https:\/\/efterklang.org\/wp-content\/uploads\/2021\/11\/Storytel-5-web.jpg\" \/>\n\t<meta property=\"og:image:width\" content=\"1920\" \/>\n\t<meta property=\"og:image:height\" content=\"1080\" \/>\n\t<meta property=\"og:image:type\" content=\"image\/jpeg\" \/>\n<meta name=\"twitter:card\" content=\"summary_large_image\" \/>\n<meta name=\"twitter:label1\" content=\"Ber\u00e4knad l\u00e4stid\" \/>\n\t<meta name=\"twitter:data1\" content=\"2 minuter\" \/>\n<script type=\"application\/ld+json\" class=\"yoast-schema-graph\">{\"@context\":\"https:\/\/schema.org\",\"@graph\":[{\"@type\":\"WebPage\",\"@id\":\"https:\/\/efterklang.org\/sv\/projects\/storytel-whenvoicesbecomeaudiobranding\/\",\"url\":\"https:\/\/efterklang.org\/sv\/projects\/storytel-whenvoicesbecomeaudiobranding\/\",\"name\":\"Storytel, When voices become audio branding - Efterklang\",\"isPartOf\":{\"@id\":\"https:\/\/efterklang.org\/#website\"},\"datePublished\":\"2021-11-29T10:44:02+00:00\",\"dateModified\":\"2024-10-03T06:25:09+00:00\",\"description\":\"Efterklang har skapat ett prisbel\u00f6nt ljuduniversum f\u00f6r Storytel, byggt p\u00e5 deras egna ber\u00e4ttarr\u00f6ster. When voices become audio branding.\",\"breadcrumb\":{\"@id\":\"https:\/\/efterklang.org\/sv\/projects\/storytel-whenvoicesbecomeaudiobranding\/#breadcrumb\"},\"inLanguage\":\"sv-SE\",\"potentialAction\":[{\"@type\":\"ReadAction\",\"target\":[\"https:\/\/efterklang.org\/sv\/projects\/storytel-whenvoicesbecomeaudiobranding\/\"]}]},{\"@type\":\"BreadcrumbList\",\"@id\":\"https:\/\/efterklang.org\/sv\/projects\/storytel-whenvoicesbecomeaudiobranding\/#breadcrumb\",\"itemListElement\":[{\"@type\":\"ListItem\",\"position\":1,\"name\":\"Home\",\"item\":\"https:\/\/efterklang.org\/sv\/\"},{\"@type\":\"ListItem\",\"position\":2,\"name\":\"Our projects\",\"item\":\"https:\/\/efterklang.org\/projects\/?lang=sv\"},{\"@type\":\"ListItem\",\"position\":3,\"name\":\"Storytel, When voices become audio branding\"}]},{\"@type\":\"WebSite\",\"@id\":\"https:\/\/efterklang.org\/#website\",\"url\":\"https:\/\/efterklang.org\/\",\"name\":\"Efterklang\",\"description\":\"P\u00e5 Efterklang designar och s\u00e4krar vi ljudmilj\u00f6er.\",\"publisher\":{\"@id\":\"https:\/\/efterklang.org\/#organization\"},\"potentialAction\":[{\"@type\":\"SearchAction\",\"target\":{\"@type\":\"EntryPoint\",\"urlTemplate\":\"https:\/\/efterklang.org\/?s={search_term_string}\"},\"query-input\":\"required name=search_term_string\"}],\"inLanguage\":\"sv-SE\"},{\"@type\":\"Organization\",\"@id\":\"https:\/\/efterklang.org\/#organization\",\"name\":\"Efterklang\",\"url\":\"https:\/\/efterklang.org\/\",\"logo\":{\"@type\":\"ImageObject\",\"inLanguage\":\"sv-SE\",\"@id\":\"https:\/\/efterklang.org\/#\/schema\/logo\/image\/\",\"url\":\"https:\/\/efterklang.org\/wp-content\/uploads\/2021\/10\/Asset-25.svg\",\"contentUrl\":\"https:\/\/efterklang.org\/wp-content\/uploads\/2021\/10\/Asset-25.svg\",\"caption\":\"Efterklang\"},\"image\":{\"@id\":\"https:\/\/efterklang.org\/#\/schema\/logo\/image\/\"}}]}<\/script>\n<!-- \/ Yoast SEO plugin. -->","yoast_head_json":{"title":"Storytel, When voices become audio branding - Efterklang","description":"Efterklang har skapat ett prisbel\u00f6nt ljuduniversum f\u00f6r Storytel, byggt p\u00e5 deras egna ber\u00e4ttarr\u00f6ster. When voices become audio branding.","robots":{"index":"index","follow":"follow","max-snippet":"max-snippet:-1","max-image-preview":"max-image-preview:large","max-video-preview":"max-video-preview:-1"},"canonical":"https:\/\/efterklang.org\/sv\/projects\/storytel-whenvoicesbecomeaudiobranding\/","og_locale":"sv_SE","og_type":"article","og_title":"Storytel, When voices become audio branding - Efterklang","og_description":"Efterklang har skapat ett prisbel\u00f6nt ljuduniversum f\u00f6r Storytel, byggt p\u00e5 deras egna ber\u00e4ttarr\u00f6ster. When voices become audio branding.","og_url":"https:\/\/efterklang.org\/sv\/projects\/storytel-whenvoicesbecomeaudiobranding\/","og_site_name":"Efterklang","article_modified_time":"2024-10-03T06:25:09+00:00","og_image":[{"width":1920,"height":1080,"url":"https:\/\/efterklang.org\/wp-content\/uploads\/2021\/11\/Storytel-5-web.jpg","type":"image\/jpeg"}],"twitter_card":"summary_large_image","twitter_misc":{"Ber\u00e4knad l\u00e4stid":"2 minuter"},"schema":{"@context":"https:\/\/schema.org","@graph":[{"@type":"WebPage","@id":"https:\/\/efterklang.org\/sv\/projects\/storytel-whenvoicesbecomeaudiobranding\/","url":"https:\/\/efterklang.org\/sv\/projects\/storytel-whenvoicesbecomeaudiobranding\/","name":"Storytel, When voices become audio branding - Efterklang","isPartOf":{"@id":"https:\/\/efterklang.org\/#website"},"datePublished":"2021-11-29T10:44:02+00:00","dateModified":"2024-10-03T06:25:09+00:00","description":"Efterklang har skapat ett prisbel\u00f6nt ljuduniversum f\u00f6r Storytel, byggt p\u00e5 deras egna ber\u00e4ttarr\u00f6ster. When voices become audio branding.","breadcrumb":{"@id":"https:\/\/efterklang.org\/sv\/projects\/storytel-whenvoicesbecomeaudiobranding\/#breadcrumb"},"inLanguage":"sv-SE","potentialAction":[{"@type":"ReadAction","target":["https:\/\/efterklang.org\/sv\/projects\/storytel-whenvoicesbecomeaudiobranding\/"]}]},{"@type":"BreadcrumbList","@id":"https:\/\/efterklang.org\/sv\/projects\/storytel-whenvoicesbecomeaudiobranding\/#breadcrumb","itemListElement":[{"@type":"ListItem","position":1,"name":"Home","item":"https:\/\/efterklang.org\/sv\/"},{"@type":"ListItem","position":2,"name":"Our projects","item":"https:\/\/efterklang.org\/projects\/?lang=sv"},{"@type":"ListItem","position":3,"name":"Storytel, When voices become audio branding"}]},{"@type":"WebSite","@id":"https:\/\/efterklang.org\/#website","url":"https:\/\/efterklang.org\/","name":"Efterklang","description":"P\u00e5 Efterklang designar och s\u00e4krar vi ljudmilj\u00f6er.","publisher":{"@id":"https:\/\/efterklang.org\/#organization"},"potentialAction":[{"@type":"SearchAction","target":{"@type":"EntryPoint","urlTemplate":"https:\/\/efterklang.org\/?s={search_term_string}"},"query-input":"required name=search_term_string"}],"inLanguage":"sv-SE"},{"@type":"Organization","@id":"https:\/\/efterklang.org\/#organization","name":"Efterklang","url":"https:\/\/efterklang.org\/","logo":{"@type":"ImageObject","inLanguage":"sv-SE","@id":"https:\/\/efterklang.org\/#\/schema\/logo\/image\/","url":"https:\/\/efterklang.org\/wp-content\/uploads\/2021\/10\/Asset-25.svg","contentUrl":"https:\/\/efterklang.org\/wp-content\/uploads\/2021\/10\/Asset-25.svg","caption":"Efterklang"},"image":{"@id":"https:\/\/efterklang.org\/#\/schema\/logo\/image\/"}}]}},"_links":{"self":[{"href":"https:\/\/efterklang.org\/sv\/wp-json\/wp\/v2\/projects\/4542","targetHints":{"allow":["GET"]}}],"collection":[{"href":"https:\/\/efterklang.org\/sv\/wp-json\/wp\/v2\/projects"}],"about":[{"href":"https:\/\/efterklang.org\/sv\/wp-json\/wp\/v2\/types\/projects"}],"version-history":[{"count":11,"href":"https:\/\/efterklang.org\/sv\/wp-json\/wp\/v2\/projects\/4542\/revisions"}],"predecessor-version":[{"id":14020,"href":"https:\/\/efterklang.org\/sv\/wp-json\/wp\/v2\/projects\/4542\/revisions\/14020"}],"wp:featuredmedia":[{"embeddable":true,"href":"https:\/\/efterklang.org\/sv\/wp-json\/wp\/v2\/media\/3260"}],"wp:attachment":[{"href":"https:\/\/efterklang.org\/sv\/wp-json\/wp\/v2\/media?parent=4542"}],"wp:term":[{"taxonomy":"project_category","embeddable":true,"href":"https:\/\/efterklang.org\/sv\/wp-json\/wp\/v2\/project_category?post=4542"},{"taxonomy":"country","embeddable":true,"href":"https:\/\/efterklang.org\/sv\/wp-json\/wp\/v2\/country?post=4542"},{"taxonomy":"sector","embeddable":true,"href":"https:\/\/efterklang.org\/sv\/wp-json\/wp\/v2\/sector?post=4542"}],"curies":[{"name":"wp","href":"https:\/\/api.w.org\/{rel}","templated":true}]}}

<h6>Bakgrund</h6>
<p class="p1"><span class="s1">Storytel är en av världens ledande streamingtjänster inom ljudböcker. Med miljontals betalande kunder världen över, ger Storytel människor i alla åldrar och kulturer möjlighet att ta del av hundra tusentals berättelser i olika genrer. Storytel producerar dessutom ett stort antal egna ljudböcker varje år. För ett varumärke som Storytel är audio branding en viktig del i kommunikationen. </span></p>
<h6>Uppdrag</h6>
<p class="p1"><span class="s1">Efterklang fick uppdraget att skapa ett unikt, audio brandat ljuduniversum som på ett naturligt sätt förmedlar varumärket och dess tjänster. En viktig aspekt var även att skapa ett universum för en global marknad, då språk, kulturer och musik skiljer sig världen över. </span></p>
<h6>Resultat</h6>
<p class="p1"><span class="s1">Efterklang ville skapa ett koncept som var lika naturligt och självklart som Storytels egna berättelser, det visade det sig att det var just berättelserna som var svaret. </span></p>
<p class="p1"><span class="s1">Efterklang skapade ett unikt ljuduniversum och en skräddarsydd audio branding för Storytel, baserat enbart på inspelade berättarröster från deras egna globala ljudboksproduktioner. Att bygga audio brandingen på något så naturligt som Storytels egna röster gjorde att det slutgiltiga konceptet blev en självklar del av varumärket globalt. Audio brandingen är skapad som ett flexibelt och varumärkesbyggande verktyg för att implementeras i alla typer av marknadsföringskanaler och plattformar. </span></p>
<p class="p1"><span class="s1">Storytels audio branding plattform rymmer förutom ljudlogotyper och ljudelement även unika Storytel-instrument, som kan användas i skapandet av nytt audio brandat material. </span></p>
<p><strong>Pris<br />
</strong>International Sound Awards 2020<br />
<em>Better Sound &#8211; Audio Branding</em><br />
<em>Better Sound &#8211; Audio Marketing</em></p>
<p>Transform Awards Europe 2021<br />
<em>Guld</em></p>
<p>Transform Awards Nordics 2021<br />
<em>Guld</em><br />
<em>Grand Prix</em></p>
<p>Red Dot Design Awards 2021<br />
<em>Best of the Best</em></p>

<!-- This site is optimized with the Yoast SEO plugin v22.1 - https://yoast.com/wordpress/plugins/seo/ -->
<title>Storytel, When voices become audio branding - Efterklang</title>
<meta name="description" content="Efterklang har skapat ett prisbelönt ljuduniversum för Storytel, byggt på deras egna berättarröster. When voices become audio branding." />
<meta name="robots" content="index, follow, max-snippet:-1, max-image-preview:large, max-video-preview:-1" />
<link rel="canonical" href="https://efterklang.org/sv/projects/storytel-whenvoicesbecomeaudiobranding/" />
<meta property="og:locale" content="sv_SE" />
<meta property="og:type" content="article" />
<meta property="og:title" content="Storytel, When voices become audio branding - Efterklang" />
<meta property="og:description" content="Efterklang har skapat ett prisbelönt ljuduniversum för Storytel, byggt på deras egna berättarröster. When voices become audio branding." />
<meta property="og:url" content="https://efterklang.org/sv/projects/storytel-whenvoicesbecomeaudiobranding/" />
<meta property="og:site_name" content="Efterklang" />
<meta property="article:modified_time" content="2024-10-03T06:25:09+00:00" />
<meta property="og:image" content="https://efterklang.org/wp-content/uploads/2021/11/Storytel-5-web.jpg" />
	<meta property="og:image:width" content="1920" />
	<meta property="og:image:height" content="1080" />
	<meta property="og:image:type" content="image/jpeg" />
<meta name="twitter:card" content="summary_large_image" />
<meta name="twitter:label1" content="Beräknad lästid" />
	<meta name="twitter:data1" content="2 minuter" />
<script type="application/ld+json" class="yoast-schema-graph">{"@context":"https://schema.org","@graph":[{"@type":"WebPage","@id":"https://efterklang.org/sv/projects/storytel-whenvoicesbecomeaudiobranding/","url":"https://efterklang.org/sv/projects/storytel-whenvoicesbecomeaudiobranding/","name":"Storytel, When voices become audio branding - Efterklang","isPartOf":{"@id":"https://efterklang.org/#website"},"datePublished":"2021-11-29T10:44:02+00:00","dateModified":"2024-10-03T06:25:09+00:00","description":"Efterklang har skapat ett prisbelönt ljuduniversum för Storytel, byggt på deras egna berättarröster. When voices become audio branding.","breadcrumb":{"@id":"https://efterklang.org/sv/projects/storytel-whenvoicesbecomeaudiobranding/#breadcrumb"},"inLanguage":"sv-SE","potentialAction":[{"@type":"ReadAction","target":["https://efterklang.org/sv/projects/storytel-whenvoicesbecomeaudiobranding/"]}]},{"@type":"BreadcrumbList","@id":"https://efterklang.org/sv/projects/storytel-whenvoicesbecomeaudiobranding/#breadcrumb","itemListElement":[{"@type":"ListItem","position":1,"name":"Home","item":"https://efterklang.org/sv/"},{"@type":"ListItem","position":2,"name":"Our projects","item":"https://efterklang.org/projects/?lang=sv"},{"@type":"ListItem","position":3,"name":"Storytel, When voices become audio branding"}]},{"@type":"WebSite","@id":"https://efterklang.org/#website","url":"https://efterklang.org/","name":"Efterklang","description":"På Efterklang designar och säkrar vi ljudmiljöer.","publisher":{"@id":"https://efterklang.org/#organization"},"potentialAction":[{"@type":"SearchAction","target":{"@type":"EntryPoint","urlTemplate":"https://efterklang.org/?s={search_term_string}"},"query-input":"required name=search_term_string"}],"inLanguage":"sv-SE"},{"@type":"Organization","@id":"https://efterklang.org/#organization","name":"Efterklang","url":"https://efterklang.org/","logo":{"@type":"ImageObject","inLanguage":"sv-SE","@id":"https://efterklang.org/#/schema/logo/image/","url":"https://efterklang.org/wp-content/uploads/2021/10/Asset-25.svg","contentUrl":"https://efterklang.org/wp-content/uploads/2021/10/Asset-25.svg","caption":"Efterklang"},"image":{"@id":"https://efterklang.org/#/schema/logo/image/"}}]}</script>
<!-- / Yoast SEO plugin. -->

Efterklang har skapat ett prisbelönt ljuduniversum för Storytel, byggt på deras egna berättarröster. When voices become audio branding.

På Efterklang designar och säkrar vi ljudmiljöer.
