{"id":4284,"date":"2021-11-24T11:35:05","date_gmt":"2021-11-24T16:35:05","guid":{"rendered":"http:\/\/efterklang.org.hemsida.eu\/projects\/noise-support-municipality-of-huddinge\/"},"modified":"2021-12-06T14:58:04","modified_gmt":"2021-12-06T19:58:04","slug":"noise-support-municipality-of-huddinge","status":"publish","type":"projects","link":"https:\/\/efterklang.org\/sv\/projects\/noise-support-municipality-of-huddinge\/","title":{"rendered":"Bullerst\u00f6d, Huddinge Kommun"},"content":{"rendered":"<h6>Bakgrund<\/h6>\n<p class=\"p1\"><span class=\"s1\">Inom Huddinge kommun p\u00e5g\u00e5r olika typer av projekt som innefattar buller. P\u00e5 uppdrag av kommunen har Efterklang agerat som teknisk r\u00e5dgivare kring bullerfr\u00e5gor f\u00f6r olika projektgenomf\u00f6ringar. <\/span><\/p>\n<h6>Uppdrag<\/h6>\n<p class=\"p1\"><span class=\"s1\">Under 2019 och 2020 har Efterklang haft i uppdrag att bist\u00e5 med r\u00e5dgivning och bullerutredningar. Uppdragen har omfattat bland annat bullerutredningar f\u00f6r v\u00e4g och j\u00e4rnv\u00e4g, bullerskydds\u00e5tg\u00e4rder, detaljprojektering av bullerskyddssk\u00e4rmar och inventering av kommunens befintliga bullerskyddssk\u00e4rmar. <\/span><\/p>\n<h6>Resultat<\/h6>\n<p class=\"p1\"><span class=\"s1\">Samarbetet med Huddinge kommun har fungerat mycket bra. Med den samlade erfarenheten och kompetensen som Efterklang besitter, kunde vi bist\u00e5 med snabb \u00e5terkoppling i bullerfr\u00e5gor och tillhandah\u00e5lla bullerutredningar vid behov. <\/span><\/p>\n<p>&nbsp;<\/p>\n<p>Bild: Illustrativ<\/p>\n","protected":false},"featured_media":3837,"template":"","project_category":[235,306,312],"country":[333],"sector":[342],"class_list":["post-4284","projects","type-projects","status-publish","has-post-thumbnail","hentry","project_category-buller","project_category-bullerutredning","project_category-atgardsforslag","country-sverigesweden-sv","sector-stadsutveckling"],"acf":[],"yoast_head":"<!-- This site is optimized with the Yoast SEO plugin v22.1 - https:\/\/yoast.com\/wordpress\/plugins\/seo\/ -->\n<title>Bullerst\u00f6d, Huddinge Kommun  - Efterklang<\/title>\n<meta name=\"description\" content=\"Efterklang har varit teknisk r\u00e5dgivare och gett bullerst\u00f6d f\u00f6r olika projektgenomf\u00f6randen i Huddinge kommun.\" \/>\n<meta name=\"robots\" content=\"index, follow, max-snippet:-1, max-image-preview:large, max-video-preview:-1\" \/>\n<link rel=\"canonical\" href=\"https:\/\/efterklang.org\/sv\/projects\/noise-support-municipality-of-huddinge\/\" \/>\n<meta property=\"og:locale\" content=\"sv_SE\" \/>\n<meta property=\"og:type\" content=\"article\" \/>\n<meta property=\"og:title\" content=\"Bullerst\u00f6d, Huddinge Kommun  - Efterklang\" \/>\n<meta property=\"og:description\" content=\"Efterklang har varit teknisk r\u00e5dgivare och gett bullerst\u00f6d f\u00f6r olika projektgenomf\u00f6randen i Huddinge kommun.\" \/>\n<meta property=\"og:url\" content=\"https:\/\/efterklang.org\/sv\/projects\/noise-support-municipality-of-huddinge\/\" \/>\n<meta property=\"og:site_name\" content=\"Efterklang\" \/>\n<meta property=\"article:modified_time\" content=\"2021-12-06T19:58:04+00:00\" \/>\n<meta property=\"og:image\" content=\"https:\/\/efterklang.org\/wp-content\/uploads\/2021\/11\/Container-1024x729.jpg\" \/>\n\t<meta property=\"og:image:width\" content=\"1024\" \/>\n\t<meta property=\"og:image:height\" content=\"729\" \/>\n\t<meta property=\"og:image:type\" content=\"image\/jpeg\" \/>\n<meta name=\"twitter:card\" content=\"summary_large_image\" \/>\n<meta name=\"twitter:label1\" content=\"Ber\u00e4knad l\u00e4stid\" \/>\n\t<meta name=\"twitter:data1\" content=\"1 minut\" \/>\n<script type=\"application\/ld+json\" class=\"yoast-schema-graph\">{\"@context\":\"https:\/\/schema.org\",\"@graph\":[{\"@type\":\"WebPage\",\"@id\":\"https:\/\/efterklang.org\/sv\/projects\/noise-support-municipality-of-huddinge\/\",\"url\":\"https:\/\/efterklang.org\/sv\/projects\/noise-support-municipality-of-huddinge\/\",\"name\":\"Bullerst\u00f6d, Huddinge Kommun - Efterklang\",\"isPartOf\":{\"@id\":\"https:\/\/efterklang.org\/#website\"},\"datePublished\":\"2021-11-24T16:35:05+00:00\",\"dateModified\":\"2021-12-06T19:58:04+00:00\",\"description\":\"Efterklang har varit teknisk r\u00e5dgivare och gett bullerst\u00f6d f\u00f6r olika projektgenomf\u00f6randen i Huddinge kommun.\",\"breadcrumb\":{\"@id\":\"https:\/\/efterklang.org\/sv\/projects\/noise-support-municipality-of-huddinge\/#breadcrumb\"},\"inLanguage\":\"sv-SE\",\"potentialAction\":[{\"@type\":\"ReadAction\",\"target\":[\"https:\/\/efterklang.org\/sv\/projects\/noise-support-municipality-of-huddinge\/\"]}]},{\"@type\":\"BreadcrumbList\",\"@id\":\"https:\/\/efterklang.org\/sv\/projects\/noise-support-municipality-of-huddinge\/#breadcrumb\",\"itemListElement\":[{\"@type\":\"ListItem\",\"position\":1,\"name\":\"Home\",\"item\":\"https:\/\/efterklang.org\/sv\/\"},{\"@type\":\"ListItem\",\"position\":2,\"name\":\"Our projects\",\"item\":\"https:\/\/efterklang.org\/projects\/?lang=sv\"},{\"@type\":\"ListItem\",\"position\":3,\"name\":\"Bullerst\u00f6d, Huddinge Kommun\"}]},{\"@type\":\"WebSite\",\"@id\":\"https:\/\/efterklang.org\/#website\",\"url\":\"https:\/\/efterklang.org\/\",\"name\":\"Efterklang\",\"description\":\"P\u00e5 Efterklang designar och s\u00e4krar vi ljudmilj\u00f6er.\",\"publisher\":{\"@id\":\"https:\/\/efterklang.org\/#organization\"},\"potentialAction\":[{\"@type\":\"SearchAction\",\"target\":{\"@type\":\"EntryPoint\",\"urlTemplate\":\"https:\/\/efterklang.org\/?s={search_term_string}\"},\"query-input\":\"required name=search_term_string\"}],\"inLanguage\":\"sv-SE\"},{\"@type\":\"Organization\",\"@id\":\"https:\/\/efterklang.org\/#organization\",\"name\":\"Efterklang\",\"url\":\"https:\/\/efterklang.org\/\",\"logo\":{\"@type\":\"ImageObject\",\"inLanguage\":\"sv-SE\",\"@id\":\"https:\/\/efterklang.org\/#\/schema\/logo\/image\/\",\"url\":\"https:\/\/efterklang.org\/wp-content\/uploads\/2021\/10\/Asset-25.svg\",\"contentUrl\":\"https:\/\/efterklang.org\/wp-content\/uploads\/2021\/10\/Asset-25.svg\",\"caption\":\"Efterklang\"},\"image\":{\"@id\":\"https:\/\/efterklang.org\/#\/schema\/logo\/image\/\"}}]}<\/script>\n<!-- \/ Yoast SEO plugin. -->","yoast_head_json":{"title":"Bullerst\u00f6d, Huddinge Kommun  - Efterklang","description":"Efterklang har varit teknisk r\u00e5dgivare och gett bullerst\u00f6d f\u00f6r olika projektgenomf\u00f6randen i Huddinge kommun.","robots":{"index":"index","follow":"follow","max-snippet":"max-snippet:-1","max-image-preview":"max-image-preview:large","max-video-preview":"max-video-preview:-1"},"canonical":"https:\/\/efterklang.org\/sv\/projects\/noise-support-municipality-of-huddinge\/","og_locale":"sv_SE","og_type":"article","og_title":"Bullerst\u00f6d, Huddinge Kommun  - Efterklang","og_description":"Efterklang har varit teknisk r\u00e5dgivare och gett bullerst\u00f6d f\u00f6r olika projektgenomf\u00f6randen i Huddinge kommun.","og_url":"https:\/\/efterklang.org\/sv\/projects\/noise-support-municipality-of-huddinge\/","og_site_name":"Efterklang","article_modified_time":"2021-12-06T19:58:04+00:00","og_image":[{"width":1024,"height":729,"url":"https:\/\/efterklang.org\/wp-content\/uploads\/2021\/11\/Container-1024x729.jpg","type":"image\/jpeg"}],"twitter_card":"summary_large_image","twitter_misc":{"Ber\u00e4knad l\u00e4stid":"1 minut"},"schema":{"@context":"https:\/\/schema.org","@graph":[{"@type":"WebPage","@id":"https:\/\/efterklang.org\/sv\/projects\/noise-support-municipality-of-huddinge\/","url":"https:\/\/efterklang.org\/sv\/projects\/noise-support-municipality-of-huddinge\/","name":"Bullerst\u00f6d, Huddinge Kommun - Efterklang","isPartOf":{"@id":"https:\/\/efterklang.org\/#website"},"datePublished":"2021-11-24T16:35:05+00:00","dateModified":"2021-12-06T19:58:04+00:00","description":"Efterklang har varit teknisk r\u00e5dgivare och gett bullerst\u00f6d f\u00f6r olika projektgenomf\u00f6randen i Huddinge kommun.","breadcrumb":{"@id":"https:\/\/efterklang.org\/sv\/projects\/noise-support-municipality-of-huddinge\/#breadcrumb"},"inLanguage":"sv-SE","potentialAction":[{"@type":"ReadAction","target":["https:\/\/efterklang.org\/sv\/projects\/noise-support-municipality-of-huddinge\/"]}]},{"@type":"BreadcrumbList","@id":"https:\/\/efterklang.org\/sv\/projects\/noise-support-municipality-of-huddinge\/#breadcrumb","itemListElement":[{"@type":"ListItem","position":1,"name":"Home","item":"https:\/\/efterklang.org\/sv\/"},{"@type":"ListItem","position":2,"name":"Our projects","item":"https:\/\/efterklang.org\/projects\/?lang=sv"},{"@type":"ListItem","position":3,"name":"Bullerst\u00f6d, Huddinge Kommun"}]},{"@type":"WebSite","@id":"https:\/\/efterklang.org\/#website","url":"https:\/\/efterklang.org\/","name":"Efterklang","description":"P\u00e5 Efterklang designar och s\u00e4krar vi ljudmilj\u00f6er.","publisher":{"@id":"https:\/\/efterklang.org\/#organization"},"potentialAction":[{"@type":"SearchAction","target":{"@type":"EntryPoint","urlTemplate":"https:\/\/efterklang.org\/?s={search_term_string}"},"query-input":"required name=search_term_string"}],"inLanguage":"sv-SE"},{"@type":"Organization","@id":"https:\/\/efterklang.org\/#organization","name":"Efterklang","url":"https:\/\/efterklang.org\/","logo":{"@type":"ImageObject","inLanguage":"sv-SE","@id":"https:\/\/efterklang.org\/#\/schema\/logo\/image\/","url":"https:\/\/efterklang.org\/wp-content\/uploads\/2021\/10\/Asset-25.svg","contentUrl":"https:\/\/efterklang.org\/wp-content\/uploads\/2021\/10\/Asset-25.svg","caption":"Efterklang"},"image":{"@id":"https:\/\/efterklang.org\/#\/schema\/logo\/image\/"}}]}},"_links":{"self":[{"href":"https:\/\/efterklang.org\/sv\/wp-json\/wp\/v2\/projects\/4284","targetHints":{"allow":["GET"]}}],"collection":[{"href":"https:\/\/efterklang.org\/sv\/wp-json\/wp\/v2\/projects"}],"about":[{"href":"https:\/\/efterklang.org\/sv\/wp-json\/wp\/v2\/types\/projects"}],"version-history":[{"count":5,"href":"https:\/\/efterklang.org\/sv\/wp-json\/wp\/v2\/projects\/4284\/revisions"}],"predecessor-version":[{"id":5047,"href":"https:\/\/efterklang.org\/sv\/wp-json\/wp\/v2\/projects\/4284\/revisions\/5047"}],"wp:featuredmedia":[{"embeddable":true,"href":"https:\/\/efterklang.org\/sv\/wp-json\/wp\/v2\/media\/3837"}],"wp:attachment":[{"href":"https:\/\/efterklang.org\/sv\/wp-json\/wp\/v2\/media?parent=4284"}],"wp:term":[{"taxonomy":"project_category","embeddable":true,"href":"https:\/\/efterklang.org\/sv\/wp-json\/wp\/v2\/project_category?post=4284"},{"taxonomy":"country","embeddable":true,"href":"https:\/\/efterklang.org\/sv\/wp-json\/wp\/v2\/country?post=4284"},{"taxonomy":"sector","embeddable":true,"href":"https:\/\/efterklang.org\/sv\/wp-json\/wp\/v2\/sector?post=4284"}],"curies":[{"name":"wp","href":"https:\/\/api.w.org\/{rel}","templated":true}]}}

Bullerstöd, Huddinge Kommun

<h6>Bakgrund</h6>
<p class="p1"><span class="s1">Inom Huddinge kommun pågår olika typer av projekt som innefattar buller. På uppdrag av kommunen har Efterklang agerat som teknisk rådgivare kring bullerfrågor för olika projektgenomföringar. </span></p>
<h6>Uppdrag</h6>
<p class="p1"><span class="s1">Under 2019 och 2020 har Efterklang haft i uppdrag att bistå med rådgivning och bullerutredningar. Uppdragen har omfattat bland annat bullerutredningar för väg och järnväg, bullerskyddsåtgärder, detaljprojektering av bullerskyddsskärmar och inventering av kommunens befintliga bullerskyddsskärmar. </span></p>
<h6>Resultat</h6>
<p class="p1"><span class="s1">Samarbetet med Huddinge kommun har fungerat mycket bra. Med den samlade erfarenheten och kompetensen som Efterklang besitter, kunde vi bistå med snabb återkoppling i bullerfrågor och tillhandahålla bullerutredningar vid behov. </span></p>
<p>&nbsp;</p>
<p>Bild: Illustrativ</p>

<!-- This site is optimized with the Yoast SEO plugin v22.1 - https://yoast.com/wordpress/plugins/seo/ -->
<title>Bullerstöd, Huddinge Kommun  - Efterklang</title>
<meta name="description" content="Efterklang har varit teknisk rådgivare och gett bullerstöd för olika projektgenomföranden i Huddinge kommun." />
<meta name="robots" content="index, follow, max-snippet:-1, max-image-preview:large, max-video-preview:-1" />
<link rel="canonical" href="https://efterklang.org/sv/projects/noise-support-municipality-of-huddinge/" />
<meta property="og:locale" content="sv_SE" />
<meta property="og:type" content="article" />
<meta property="og:title" content="Bullerstöd, Huddinge Kommun  - Efterklang" />
<meta property="og:description" content="Efterklang har varit teknisk rådgivare och gett bullerstöd för olika projektgenomföranden i Huddinge kommun." />
<meta property="og:url" content="https://efterklang.org/sv/projects/noise-support-municipality-of-huddinge/" />
<meta property="og:site_name" content="Efterklang" />
<meta property="article:modified_time" content="2021-12-06T19:58:04+00:00" />
<meta property="og:image" content="https://efterklang.org/wp-content/uploads/2021/11/Container-1024x729.jpg" />
	<meta property="og:image:width" content="1024" />
	<meta property="og:image:height" content="729" />
	<meta property="og:image:type" content="image/jpeg" />
<meta name="twitter:card" content="summary_large_image" />
<meta name="twitter:label1" content="Beräknad lästid" />
	<meta name="twitter:data1" content="1 minut" />
<script type="application/ld+json" class="yoast-schema-graph">{"@context":"https://schema.org","@graph":[{"@type":"WebPage","@id":"https://efterklang.org/sv/projects/noise-support-municipality-of-huddinge/","url":"https://efterklang.org/sv/projects/noise-support-municipality-of-huddinge/","name":"Bullerstöd, Huddinge Kommun - Efterklang","isPartOf":{"@id":"https://efterklang.org/#website"},"datePublished":"2021-11-24T16:35:05+00:00","dateModified":"2021-12-06T19:58:04+00:00","description":"Efterklang har varit teknisk rådgivare och gett bullerstöd för olika projektgenomföranden i Huddinge kommun.","breadcrumb":{"@id":"https://efterklang.org/sv/projects/noise-support-municipality-of-huddinge/#breadcrumb"},"inLanguage":"sv-SE","potentialAction":[{"@type":"ReadAction","target":["https://efterklang.org/sv/projects/noise-support-municipality-of-huddinge/"]}]},{"@type":"BreadcrumbList","@id":"https://efterklang.org/sv/projects/noise-support-municipality-of-huddinge/#breadcrumb","itemListElement":[{"@type":"ListItem","position":1,"name":"Home","item":"https://efterklang.org/sv/"},{"@type":"ListItem","position":2,"name":"Our projects","item":"https://efterklang.org/projects/?lang=sv"},{"@type":"ListItem","position":3,"name":"Bullerstöd, Huddinge Kommun"}]},{"@type":"WebSite","@id":"https://efterklang.org/#website","url":"https://efterklang.org/","name":"Efterklang","description":"På Efterklang designar och säkrar vi ljudmiljöer.","publisher":{"@id":"https://efterklang.org/#organization"},"potentialAction":[{"@type":"SearchAction","target":{"@type":"EntryPoint","urlTemplate":"https://efterklang.org/?s={search_term_string}"},"query-input":"required name=search_term_string"}],"inLanguage":"sv-SE"},{"@type":"Organization","@id":"https://efterklang.org/#organization","name":"Efterklang","url":"https://efterklang.org/","logo":{"@type":"ImageObject","inLanguage":"sv-SE","@id":"https://efterklang.org/#/schema/logo/image/","url":"https://efterklang.org/wp-content/uploads/2021/10/Asset-25.svg","contentUrl":"https://efterklang.org/wp-content/uploads/2021/10/Asset-25.svg","caption":"Efterklang"},"image":{"@id":"https://efterklang.org/#/schema/logo/image/"}}]}</script>
<!-- / Yoast SEO plugin. -->

Bullerstöd, Huddinge Kommun  - Efterklang

Efterklang har varit teknisk rådgivare och gett bullerstöd för olika projektgenomföranden i Huddinge kommun.

Bullerstöd, Huddinge Kommun - Efterklang

På Efterklang designar och säkrar vi ljudmiljöer.
