{"id":4241,"date":"2021-11-16T04:10:08","date_gmt":"2021-11-16T09:10:08","guid":{"rendered":"http:\/\/efterklang.org.hemsida.eu\/projects\/essity-office-molndal\/"},"modified":"2021-12-06T09:26:58","modified_gmt":"2021-12-06T14:26:58","slug":"essity-huset-molndal","status":"publish","type":"projects","link":"https:\/\/efterklang.org\/sv\/projects\/essity-huset-molndal\/","title":{"rendered":"Essity-huset, M\u00f6lndal"},"content":{"rendered":"<h6>Bakgrund<\/h6>\n<p class=\"p1\"><span class=\"s1\">Byggnaden som p\u00e5 folkmun f\u00e5tt namnet SCA-huset \u00e4r ett signalbygg i M\u00f6lndal. Huset \u00e4r unikt med en sp\u00e5rvagnsv\u00e4ndplats p\u00e5 bottenplan. \u00c5r 2016 flyttade SCA in i sitt nya kontor i centrala M\u00f6lndal. Sedan dess har f\u00f6retaget bytt namn till Essity.  <\/span><\/p>\n<h6>Uppdrag<\/h6>\n<p class=\"p1\"><span class=\"s1\">Byggnaden \u00e4r l\u00e4tt att k\u00e4nna igen med sin runda form och strategiska l\u00e4ge intill knutpunkt M\u00f6lndalsbro och kommunikationsleden E6\/E20. Byggnaden rymmer kontorslokal, laboratorier, konferenscentra, restaurang och utst\u00e4llningslokal. Olika utrymmen med olika akustiska behov. D\u00e4rut\u00f6ver den unika l\u00f6sningen med en sp\u00e5rvagnsv\u00e4ndplats p\u00e5 bottenplan. <\/span><\/p>\n<p class=\"p1\"><span class=\"s1\">F\u00f6r Efterklang innebar uppdraget dels detaljplanering tillsammans med kommunen i ett tidigt skede. D\u00e4refter utf\u00f6rde Efterklang akustisk projektering av byggnaden p\u00e5 uppdrag av NCC.<b> <\/b> <\/span><\/p>\n<h6>Resultat<\/h6>\n<p class=\"p1\"><span class=\"s1\">I och med den runda formen och med v\u00e5ningsplan p\u00e5 n\u00e4rmare 4 000 kvm m\u00f6jligg\u00f6rs yteffektiva kontorsl\u00f6sningar som \u00f6ppnat upp f\u00f6r t\u00e4t kommunikation medarbetarna emellan. Huset har energicertifierats genom GreenBuilding. <\/span><\/p>\n","protected":false},"featured_media":3464,"template":"","project_category":[232,321,319,235,306,240,252],"country":[333],"sector":[365,380],"class_list":["post-4241","projects","type-projects","status-publish","has-post-thumbnail","hentry","project_category-akustik","project_category-byggnadsakustik","project_category-miljoklassificering","project_category-buller","project_category-bullerutredning","project_category-vibrationer","project_category-vibrationsmatning","country-sverigesweden-sv","sector-kontor-och-kongress","sector-teknologi-och-datacenters"],"acf":[],"yoast_head":"<!-- This site is optimized with the Yoast SEO plugin v22.1 - https:\/\/yoast.com\/wordpress\/plugins\/seo\/ -->\n<title>Essity-huset, M\u00f6lndal - Efterklang<\/title>\n<meta name=\"description\" content=\"Efterklang har utf\u00f6rt akustik projektering av Essity-huset i M\u00f6lndal. En byggnad vars olika ytor besitter olika krav och akustiska f\u00f6ruts\u00e4ttningar.\" \/>\n<meta name=\"robots\" content=\"index, follow, max-snippet:-1, max-image-preview:large, max-video-preview:-1\" \/>\n<link rel=\"canonical\" href=\"https:\/\/efterklang.org\/sv\/projects\/essity-huset-molndal\/\" \/>\n<meta property=\"og:locale\" content=\"sv_SE\" \/>\n<meta property=\"og:type\" content=\"article\" \/>\n<meta property=\"og:title\" content=\"Essity-huset, M\u00f6lndal - Efterklang\" \/>\n<meta property=\"og:description\" content=\"Efterklang har utf\u00f6rt akustik projektering av Essity-huset i M\u00f6lndal. En byggnad vars olika ytor besitter olika krav och akustiska f\u00f6ruts\u00e4ttningar.\" \/>\n<meta property=\"og:url\" content=\"https:\/\/efterklang.org\/sv\/projects\/essity-huset-molndal\/\" \/>\n<meta property=\"og:site_name\" content=\"Efterklang\" \/>\n<meta property=\"article:modified_time\" content=\"2021-12-06T14:26:58+00:00\" \/>\n<meta property=\"og:image\" content=\"https:\/\/efterklang.org\/wp-content\/uploads\/2021\/11\/Essity_Gbg-3.jpg\" \/>\n\t<meta property=\"og:image:width\" content=\"1066\" \/>\n\t<meta property=\"og:image:height\" content=\"800\" \/>\n\t<meta property=\"og:image:type\" content=\"image\/jpeg\" \/>\n<meta name=\"twitter:card\" content=\"summary_large_image\" \/>\n<meta name=\"twitter:label1\" content=\"Ber\u00e4knad l\u00e4stid\" \/>\n\t<meta name=\"twitter:data1\" content=\"1 minut\" \/>\n<script type=\"application\/ld+json\" class=\"yoast-schema-graph\">{\"@context\":\"https:\/\/schema.org\",\"@graph\":[{\"@type\":\"WebPage\",\"@id\":\"https:\/\/efterklang.org\/sv\/projects\/essity-huset-molndal\/\",\"url\":\"https:\/\/efterklang.org\/sv\/projects\/essity-huset-molndal\/\",\"name\":\"Essity-huset, M\u00f6lndal - Efterklang\",\"isPartOf\":{\"@id\":\"https:\/\/efterklang.org\/#website\"},\"datePublished\":\"2021-11-16T09:10:08+00:00\",\"dateModified\":\"2021-12-06T14:26:58+00:00\",\"description\":\"Efterklang har utf\u00f6rt akustik projektering av Essity-huset i M\u00f6lndal. En byggnad vars olika ytor besitter olika krav och akustiska f\u00f6ruts\u00e4ttningar.\",\"breadcrumb\":{\"@id\":\"https:\/\/efterklang.org\/sv\/projects\/essity-huset-molndal\/#breadcrumb\"},\"inLanguage\":\"sv-SE\",\"potentialAction\":[{\"@type\":\"ReadAction\",\"target\":[\"https:\/\/efterklang.org\/sv\/projects\/essity-huset-molndal\/\"]}]},{\"@type\":\"BreadcrumbList\",\"@id\":\"https:\/\/efterklang.org\/sv\/projects\/essity-huset-molndal\/#breadcrumb\",\"itemListElement\":[{\"@type\":\"ListItem\",\"position\":1,\"name\":\"Home\",\"item\":\"https:\/\/efterklang.org\/sv\/\"},{\"@type\":\"ListItem\",\"position\":2,\"name\":\"Our projects\",\"item\":\"https:\/\/efterklang.org\/projects\/?lang=sv\"},{\"@type\":\"ListItem\",\"position\":3,\"name\":\"Essity-huset, M\u00f6lndal\"}]},{\"@type\":\"WebSite\",\"@id\":\"https:\/\/efterklang.org\/#website\",\"url\":\"https:\/\/efterklang.org\/\",\"name\":\"Efterklang\",\"description\":\"P\u00e5 Efterklang designar och s\u00e4krar vi ljudmilj\u00f6er.\",\"publisher\":{\"@id\":\"https:\/\/efterklang.org\/#organization\"},\"potentialAction\":[{\"@type\":\"SearchAction\",\"target\":{\"@type\":\"EntryPoint\",\"urlTemplate\":\"https:\/\/efterklang.org\/?s={search_term_string}\"},\"query-input\":\"required name=search_term_string\"}],\"inLanguage\":\"sv-SE\"},{\"@type\":\"Organization\",\"@id\":\"https:\/\/efterklang.org\/#organization\",\"name\":\"Efterklang\",\"url\":\"https:\/\/efterklang.org\/\",\"logo\":{\"@type\":\"ImageObject\",\"inLanguage\":\"sv-SE\",\"@id\":\"https:\/\/efterklang.org\/#\/schema\/logo\/image\/\",\"url\":\"https:\/\/efterklang.org\/wp-content\/uploads\/2021\/10\/Asset-25.svg\",\"contentUrl\":\"https:\/\/efterklang.org\/wp-content\/uploads\/2021\/10\/Asset-25.svg\",\"caption\":\"Efterklang\"},\"image\":{\"@id\":\"https:\/\/efterklang.org\/#\/schema\/logo\/image\/\"}}]}<\/script>\n<!-- \/ Yoast SEO plugin. -->","yoast_head_json":{"title":"Essity-huset, M\u00f6lndal - Efterklang","description":"Efterklang har utf\u00f6rt akustik projektering av Essity-huset i M\u00f6lndal. En byggnad vars olika ytor besitter olika krav och akustiska f\u00f6ruts\u00e4ttningar.","robots":{"index":"index","follow":"follow","max-snippet":"max-snippet:-1","max-image-preview":"max-image-preview:large","max-video-preview":"max-video-preview:-1"},"canonical":"https:\/\/efterklang.org\/sv\/projects\/essity-huset-molndal\/","og_locale":"sv_SE","og_type":"article","og_title":"Essity-huset, M\u00f6lndal - Efterklang","og_description":"Efterklang har utf\u00f6rt akustik projektering av Essity-huset i M\u00f6lndal. En byggnad vars olika ytor besitter olika krav och akustiska f\u00f6ruts\u00e4ttningar.","og_url":"https:\/\/efterklang.org\/sv\/projects\/essity-huset-molndal\/","og_site_name":"Efterklang","article_modified_time":"2021-12-06T14:26:58+00:00","og_image":[{"width":1066,"height":800,"url":"https:\/\/efterklang.org\/wp-content\/uploads\/2021\/11\/Essity_Gbg-3.jpg","type":"image\/jpeg"}],"twitter_card":"summary_large_image","twitter_misc":{"Ber\u00e4knad l\u00e4stid":"1 minut"},"schema":{"@context":"https:\/\/schema.org","@graph":[{"@type":"WebPage","@id":"https:\/\/efterklang.org\/sv\/projects\/essity-huset-molndal\/","url":"https:\/\/efterklang.org\/sv\/projects\/essity-huset-molndal\/","name":"Essity-huset, M\u00f6lndal - Efterklang","isPartOf":{"@id":"https:\/\/efterklang.org\/#website"},"datePublished":"2021-11-16T09:10:08+00:00","dateModified":"2021-12-06T14:26:58+00:00","description":"Efterklang har utf\u00f6rt akustik projektering av Essity-huset i M\u00f6lndal. En byggnad vars olika ytor besitter olika krav och akustiska f\u00f6ruts\u00e4ttningar.","breadcrumb":{"@id":"https:\/\/efterklang.org\/sv\/projects\/essity-huset-molndal\/#breadcrumb"},"inLanguage":"sv-SE","potentialAction":[{"@type":"ReadAction","target":["https:\/\/efterklang.org\/sv\/projects\/essity-huset-molndal\/"]}]},{"@type":"BreadcrumbList","@id":"https:\/\/efterklang.org\/sv\/projects\/essity-huset-molndal\/#breadcrumb","itemListElement":[{"@type":"ListItem","position":1,"name":"Home","item":"https:\/\/efterklang.org\/sv\/"},{"@type":"ListItem","position":2,"name":"Our projects","item":"https:\/\/efterklang.org\/projects\/?lang=sv"},{"@type":"ListItem","position":3,"name":"Essity-huset, M\u00f6lndal"}]},{"@type":"WebSite","@id":"https:\/\/efterklang.org\/#website","url":"https:\/\/efterklang.org\/","name":"Efterklang","description":"P\u00e5 Efterklang designar och s\u00e4krar vi ljudmilj\u00f6er.","publisher":{"@id":"https:\/\/efterklang.org\/#organization"},"potentialAction":[{"@type":"SearchAction","target":{"@type":"EntryPoint","urlTemplate":"https:\/\/efterklang.org\/?s={search_term_string}"},"query-input":"required name=search_term_string"}],"inLanguage":"sv-SE"},{"@type":"Organization","@id":"https:\/\/efterklang.org\/#organization","name":"Efterklang","url":"https:\/\/efterklang.org\/","logo":{"@type":"ImageObject","inLanguage":"sv-SE","@id":"https:\/\/efterklang.org\/#\/schema\/logo\/image\/","url":"https:\/\/efterklang.org\/wp-content\/uploads\/2021\/10\/Asset-25.svg","contentUrl":"https:\/\/efterklang.org\/wp-content\/uploads\/2021\/10\/Asset-25.svg","caption":"Efterklang"},"image":{"@id":"https:\/\/efterklang.org\/#\/schema\/logo\/image\/"}}]}},"_links":{"self":[{"href":"https:\/\/efterklang.org\/sv\/wp-json\/wp\/v2\/projects\/4241","targetHints":{"allow":["GET"]}}],"collection":[{"href":"https:\/\/efterklang.org\/sv\/wp-json\/wp\/v2\/projects"}],"about":[{"href":"https:\/\/efterklang.org\/sv\/wp-json\/wp\/v2\/types\/projects"}],"version-history":[{"count":6,"href":"https:\/\/efterklang.org\/sv\/wp-json\/wp\/v2\/projects\/4241\/revisions"}],"predecessor-version":[{"id":4920,"href":"https:\/\/efterklang.org\/sv\/wp-json\/wp\/v2\/projects\/4241\/revisions\/4920"}],"wp:featuredmedia":[{"embeddable":true,"href":"https:\/\/efterklang.org\/sv\/wp-json\/wp\/v2\/media\/3464"}],"wp:attachment":[{"href":"https:\/\/efterklang.org\/sv\/wp-json\/wp\/v2\/media?parent=4241"}],"wp:term":[{"taxonomy":"project_category","embeddable":true,"href":"https:\/\/efterklang.org\/sv\/wp-json\/wp\/v2\/project_category?post=4241"},{"taxonomy":"country","embeddable":true,"href":"https:\/\/efterklang.org\/sv\/wp-json\/wp\/v2\/country?post=4241"},{"taxonomy":"sector","embeddable":true,"href":"https:\/\/efterklang.org\/sv\/wp-json\/wp\/v2\/sector?post=4241"}],"curies":[{"name":"wp","href":"https:\/\/api.w.org\/{rel}","templated":true}]}}

Essity-huset, Mölndal

<h6>Bakgrund</h6>
<p class="p1"><span class="s1">Byggnaden som på folkmun fått namnet SCA-huset är ett signalbygg i Mölndal. Huset är unikt med en spårvagnsvändplats på bottenplan. År 2016 flyttade SCA in i sitt nya kontor i centrala Mölndal. Sedan dess har företaget bytt namn till Essity.  </span></p>
<h6>Uppdrag</h6>
<p class="p1"><span class="s1">Byggnaden är lätt att känna igen med sin runda form och strategiska läge intill knutpunkt Mölndalsbro och kommunikationsleden E6/E20. Byggnaden rymmer kontorslokal, laboratorier, konferenscentra, restaurang och utställningslokal. Olika utrymmen med olika akustiska behov. Därutöver den unika lösningen med en spårvagnsvändplats på bottenplan. </span></p>
<p class="p1"><span class="s1">För Efterklang innebar uppdraget dels detaljplanering tillsammans med kommunen i ett tidigt skede. Därefter utförde Efterklang akustisk projektering av byggnaden på uppdrag av NCC.<b> </b> </span></p>
<h6>Resultat</h6>
<p class="p1"><span class="s1">I och med den runda formen och med våningsplan på närmare 4 000 kvm möjliggörs yteffektiva kontorslösningar som öppnat upp för tät kommunikation medarbetarna emellan. Huset har energicertifierats genom GreenBuilding. </span></p>

<!-- This site is optimized with the Yoast SEO plugin v22.1 - https://yoast.com/wordpress/plugins/seo/ -->
<title>Essity-huset, Mölndal - Efterklang</title>
<meta name="description" content="Efterklang har utfört akustik projektering av Essity-huset i Mölndal. En byggnad vars olika ytor besitter olika krav och akustiska förutsättningar." />
<meta name="robots" content="index, follow, max-snippet:-1, max-image-preview:large, max-video-preview:-1" />
<link rel="canonical" href="https://efterklang.org/sv/projects/essity-huset-molndal/" />
<meta property="og:locale" content="sv_SE" />
<meta property="og:type" content="article" />
<meta property="og:title" content="Essity-huset, Mölndal - Efterklang" />
<meta property="og:description" content="Efterklang har utfört akustik projektering av Essity-huset i Mölndal. En byggnad vars olika ytor besitter olika krav och akustiska förutsättningar." />
<meta property="og:url" content="https://efterklang.org/sv/projects/essity-huset-molndal/" />
<meta property="og:site_name" content="Efterklang" />
<meta property="article:modified_time" content="2021-12-06T14:26:58+00:00" />
<meta property="og:image" content="https://efterklang.org/wp-content/uploads/2021/11/Essity_Gbg-3.jpg" />
	<meta property="og:image:width" content="1066" />
	<meta property="og:image:height" content="800" />
	<meta property="og:image:type" content="image/jpeg" />
<meta name="twitter:card" content="summary_large_image" />
<meta name="twitter:label1" content="Beräknad lästid" />
	<meta name="twitter:data1" content="1 minut" />
<script type="application/ld+json" class="yoast-schema-graph">{"@context":"https://schema.org","@graph":[{"@type":"WebPage","@id":"https://efterklang.org/sv/projects/essity-huset-molndal/","url":"https://efterklang.org/sv/projects/essity-huset-molndal/","name":"Essity-huset, Mölndal - Efterklang","isPartOf":{"@id":"https://efterklang.org/#website"},"datePublished":"2021-11-16T09:10:08+00:00","dateModified":"2021-12-06T14:26:58+00:00","description":"Efterklang har utfört akustik projektering av Essity-huset i Mölndal. En byggnad vars olika ytor besitter olika krav och akustiska förutsättningar.","breadcrumb":{"@id":"https://efterklang.org/sv/projects/essity-huset-molndal/#breadcrumb"},"inLanguage":"sv-SE","potentialAction":[{"@type":"ReadAction","target":["https://efterklang.org/sv/projects/essity-huset-molndal/"]}]},{"@type":"BreadcrumbList","@id":"https://efterklang.org/sv/projects/essity-huset-molndal/#breadcrumb","itemListElement":[{"@type":"ListItem","position":1,"name":"Home","item":"https://efterklang.org/sv/"},{"@type":"ListItem","position":2,"name":"Our projects","item":"https://efterklang.org/projects/?lang=sv"},{"@type":"ListItem","position":3,"name":"Essity-huset, Mölndal"}]},{"@type":"WebSite","@id":"https://efterklang.org/#website","url":"https://efterklang.org/","name":"Efterklang","description":"På Efterklang designar och säkrar vi ljudmiljöer.","publisher":{"@id":"https://efterklang.org/#organization"},"potentialAction":[{"@type":"SearchAction","target":{"@type":"EntryPoint","urlTemplate":"https://efterklang.org/?s={search_term_string}"},"query-input":"required name=search_term_string"}],"inLanguage":"sv-SE"},{"@type":"Organization","@id":"https://efterklang.org/#organization","name":"Efterklang","url":"https://efterklang.org/","logo":{"@type":"ImageObject","inLanguage":"sv-SE","@id":"https://efterklang.org/#/schema/logo/image/","url":"https://efterklang.org/wp-content/uploads/2021/10/Asset-25.svg","contentUrl":"https://efterklang.org/wp-content/uploads/2021/10/Asset-25.svg","caption":"Efterklang"},"image":{"@id":"https://efterklang.org/#/schema/logo/image/"}}]}</script>
<!-- / Yoast SEO plugin. -->

Essity-huset, Mölndal - Efterklang

Efterklang har utfört akustik projektering av Essity-huset i Mölndal. En byggnad vars olika ytor besitter olika krav och akustiska förutsättningar.

På Efterklang designar och säkrar vi ljudmiljöer.
