{"id":4223,"date":"2021-11-29T06:03:33","date_gmt":"2021-11-29T11:03:33","guid":{"rendered":"http:\/\/efterklang.org.hemsida.eu\/projects\/studio-malmo\/"},"modified":"2021-12-06T09:20:08","modified_gmt":"2021-12-06T14:20:08","slug":"studio-malmo","status":"publish","type":"projects","link":"https:\/\/efterklang.org\/sv\/projects\/studio-malmo\/","title":{"rendered":"Studio, Malm\u00f6"},"content":{"rendered":"<h6>Bakgrund<\/h6>\n<p><span class=\"TextRun SCXW194351179 BCX0\" lang=\"SV-SE\" xml:lang=\"SV-SE\" data-contrast=\"auto\"><span class=\"NormalTextRun SCXW194351179 BCX0\">P\u00e5 Universitetsholmen i centrala Malm\u00f6, har Skanska uppf\u00f6rt STUDIO, en ny och inbjudande samlingspunkt f\u00f6r stadens inv\u00e5nare.<\/span><span class=\"NormalTextRun SCXW194351179 BCX0\"> Byggnaden best\u00e5r av hotell, restauranger, kontor och en black box<\/span><span class=\"NormalTextRun SCXW194351179 BCX0\"> och invigdes h\u00f6sten 2016.<\/span><\/span><span class=\"EOP SCXW194351179 BCX0\" data-ccp-props=\"{&quot;201341983&quot;:0,&quot;335559739&quot;:160,&quot;335559740&quot;:288}\"> <\/span><\/p>\n<h6>Uppdrag<\/h6>\n<p>P\u00e5 uppdrag av Skanska, har Efterklang utf\u00f6rt akustisk projektering i bygghandlingsskede.<\/p>\n<h6>Resultat<\/h6>\n<p><span data-contrast=\"auto\">Studio i Malm\u00f6 \u00e4r en levande, kreativ milj\u00f6. P\u00e5 entr\u00e9plan finns restauranger och ett gemensamt atrium med reception f\u00f6r byggnadens tj\u00e4nster. H\u00e4r m\u00f6ts m\u00e4nniskor, kultur och n\u00e4ringsliv i en behaglig och \u00f6ppen milj\u00f6.<\/span><span data-ccp-props=\"{&quot;201341983&quot;:0,&quot;335559739&quot;:160,&quot;335559740&quot;:288}\"> <\/span><\/p>\n<p><span data-contrast=\"auto\">Byggnaden \u00e4r certifierat enligt det internationella milj\u00f6systemet LEED niv\u00e5 Platinum.<\/span><span data-ccp-props=\"{&quot;201341983&quot;:0,&quot;335559739&quot;:160,&quot;335559740&quot;:288}\"> <\/span><\/p>\n","protected":false},"featured_media":3785,"template":"","project_category":[232,321,323,319],"country":[333],"sector":[354,337,365],"class_list":["post-4223","projects","type-projects","status-publish","has-post-thumbnail","hentry","project_category-akustik","project_category-byggnadsakustik","project_category-kontrollmatning","project_category-miljoklassificering","country-sverigesweden-sv","sector-hotell-och-fritid","sector-konst-och-kultur","sector-kontor-och-kongress"],"acf":[],"yoast_head":"<!-- This site is optimized with the Yoast SEO plugin v22.1 - https:\/\/yoast.com\/wordpress\/plugins\/seo\/ -->\n<title>Studio, Malm\u00f6 - Efterklang<\/title>\n<meta name=\"description\" content=\"Efterklang var involverad i detaljprojekteringsfasen och gav uppdragsgivaren r\u00e5d som skulle uppfylla de uppsatta kriterierna samt skapa b\u00e4sta m\u00f6jliga akustiska milj\u00f6 i Studio Malm\u00f6.\" \/>\n<meta name=\"robots\" content=\"index, follow, max-snippet:-1, max-image-preview:large, max-video-preview:-1\" \/>\n<link rel=\"canonical\" href=\"https:\/\/efterklang.org\/sv\/projects\/studio-malmo\/\" \/>\n<meta property=\"og:locale\" content=\"sv_SE\" \/>\n<meta property=\"og:type\" content=\"article\" \/>\n<meta property=\"og:title\" content=\"Studio, Malm\u00f6 - Efterklang\" \/>\n<meta property=\"og:description\" content=\"Efterklang var involverad i detaljprojekteringsfasen och gav uppdragsgivaren r\u00e5d som skulle uppfylla de uppsatta kriterierna samt skapa b\u00e4sta m\u00f6jliga akustiska milj\u00f6 i Studio Malm\u00f6.\" \/>\n<meta property=\"og:url\" content=\"https:\/\/efterklang.org\/sv\/projects\/studio-malmo\/\" \/>\n<meta property=\"og:site_name\" content=\"Efterklang\" \/>\n<meta property=\"article:modified_time\" content=\"2021-12-06T14:20:08+00:00\" \/>\n<meta property=\"og:image\" content=\"https:\/\/efterklang.org\/wp-content\/uploads\/2021\/11\/Studio_Malmo-6.jpg\" \/>\n\t<meta property=\"og:image:width\" content=\"4272\" \/>\n\t<meta property=\"og:image:height\" content=\"2848\" \/>\n\t<meta property=\"og:image:type\" content=\"image\/jpeg\" \/>\n<meta name=\"twitter:card\" content=\"summary_large_image\" \/>\n<meta name=\"twitter:label1\" content=\"Ber\u00e4knad l\u00e4stid\" \/>\n\t<meta name=\"twitter:data1\" content=\"1 minut\" \/>\n<script type=\"application\/ld+json\" class=\"yoast-schema-graph\">{\"@context\":\"https:\/\/schema.org\",\"@graph\":[{\"@type\":\"WebPage\",\"@id\":\"https:\/\/efterklang.org\/sv\/projects\/studio-malmo\/\",\"url\":\"https:\/\/efterklang.org\/sv\/projects\/studio-malmo\/\",\"name\":\"Studio, Malm\u00f6 - Efterklang\",\"isPartOf\":{\"@id\":\"https:\/\/efterklang.org\/#website\"},\"datePublished\":\"2021-11-29T11:03:33+00:00\",\"dateModified\":\"2021-12-06T14:20:08+00:00\",\"description\":\"Efterklang var involverad i detaljprojekteringsfasen och gav uppdragsgivaren r\u00e5d som skulle uppfylla de uppsatta kriterierna samt skapa b\u00e4sta m\u00f6jliga akustiska milj\u00f6 i Studio Malm\u00f6.\",\"breadcrumb\":{\"@id\":\"https:\/\/efterklang.org\/sv\/projects\/studio-malmo\/#breadcrumb\"},\"inLanguage\":\"sv-SE\",\"potentialAction\":[{\"@type\":\"ReadAction\",\"target\":[\"https:\/\/efterklang.org\/sv\/projects\/studio-malmo\/\"]}]},{\"@type\":\"BreadcrumbList\",\"@id\":\"https:\/\/efterklang.org\/sv\/projects\/studio-malmo\/#breadcrumb\",\"itemListElement\":[{\"@type\":\"ListItem\",\"position\":1,\"name\":\"Home\",\"item\":\"https:\/\/efterklang.org\/sv\/\"},{\"@type\":\"ListItem\",\"position\":2,\"name\":\"Our projects\",\"item\":\"https:\/\/efterklang.org\/projects\/?lang=sv\"},{\"@type\":\"ListItem\",\"position\":3,\"name\":\"Studio, Malm\u00f6\"}]},{\"@type\":\"WebSite\",\"@id\":\"https:\/\/efterklang.org\/#website\",\"url\":\"https:\/\/efterklang.org\/\",\"name\":\"Efterklang\",\"description\":\"P\u00e5 Efterklang designar och s\u00e4krar vi ljudmilj\u00f6er.\",\"publisher\":{\"@id\":\"https:\/\/efterklang.org\/#organization\"},\"potentialAction\":[{\"@type\":\"SearchAction\",\"target\":{\"@type\":\"EntryPoint\",\"urlTemplate\":\"https:\/\/efterklang.org\/?s={search_term_string}\"},\"query-input\":\"required name=search_term_string\"}],\"inLanguage\":\"sv-SE\"},{\"@type\":\"Organization\",\"@id\":\"https:\/\/efterklang.org\/#organization\",\"name\":\"Efterklang\",\"url\":\"https:\/\/efterklang.org\/\",\"logo\":{\"@type\":\"ImageObject\",\"inLanguage\":\"sv-SE\",\"@id\":\"https:\/\/efterklang.org\/#\/schema\/logo\/image\/\",\"url\":\"https:\/\/efterklang.org\/wp-content\/uploads\/2021\/10\/Asset-25.svg\",\"contentUrl\":\"https:\/\/efterklang.org\/wp-content\/uploads\/2021\/10\/Asset-25.svg\",\"caption\":\"Efterklang\"},\"image\":{\"@id\":\"https:\/\/efterklang.org\/#\/schema\/logo\/image\/\"}}]}<\/script>\n<!-- \/ Yoast SEO plugin. -->","yoast_head_json":{"title":"Studio, Malm\u00f6 - Efterklang","description":"Efterklang var involverad i detaljprojekteringsfasen och gav uppdragsgivaren r\u00e5d som skulle uppfylla de uppsatta kriterierna samt skapa b\u00e4sta m\u00f6jliga akustiska milj\u00f6 i Studio Malm\u00f6.","robots":{"index":"index","follow":"follow","max-snippet":"max-snippet:-1","max-image-preview":"max-image-preview:large","max-video-preview":"max-video-preview:-1"},"canonical":"https:\/\/efterklang.org\/sv\/projects\/studio-malmo\/","og_locale":"sv_SE","og_type":"article","og_title":"Studio, Malm\u00f6 - Efterklang","og_description":"Efterklang var involverad i detaljprojekteringsfasen och gav uppdragsgivaren r\u00e5d som skulle uppfylla de uppsatta kriterierna samt skapa b\u00e4sta m\u00f6jliga akustiska milj\u00f6 i Studio Malm\u00f6.","og_url":"https:\/\/efterklang.org\/sv\/projects\/studio-malmo\/","og_site_name":"Efterklang","article_modified_time":"2021-12-06T14:20:08+00:00","og_image":[{"width":4272,"height":2848,"url":"https:\/\/efterklang.org\/wp-content\/uploads\/2021\/11\/Studio_Malmo-6.jpg","type":"image\/jpeg"}],"twitter_card":"summary_large_image","twitter_misc":{"Ber\u00e4knad l\u00e4stid":"1 minut"},"schema":{"@context":"https:\/\/schema.org","@graph":[{"@type":"WebPage","@id":"https:\/\/efterklang.org\/sv\/projects\/studio-malmo\/","url":"https:\/\/efterklang.org\/sv\/projects\/studio-malmo\/","name":"Studio, Malm\u00f6 - Efterklang","isPartOf":{"@id":"https:\/\/efterklang.org\/#website"},"datePublished":"2021-11-29T11:03:33+00:00","dateModified":"2021-12-06T14:20:08+00:00","description":"Efterklang var involverad i detaljprojekteringsfasen och gav uppdragsgivaren r\u00e5d som skulle uppfylla de uppsatta kriterierna samt skapa b\u00e4sta m\u00f6jliga akustiska milj\u00f6 i Studio Malm\u00f6.","breadcrumb":{"@id":"https:\/\/efterklang.org\/sv\/projects\/studio-malmo\/#breadcrumb"},"inLanguage":"sv-SE","potentialAction":[{"@type":"ReadAction","target":["https:\/\/efterklang.org\/sv\/projects\/studio-malmo\/"]}]},{"@type":"BreadcrumbList","@id":"https:\/\/efterklang.org\/sv\/projects\/studio-malmo\/#breadcrumb","itemListElement":[{"@type":"ListItem","position":1,"name":"Home","item":"https:\/\/efterklang.org\/sv\/"},{"@type":"ListItem","position":2,"name":"Our projects","item":"https:\/\/efterklang.org\/projects\/?lang=sv"},{"@type":"ListItem","position":3,"name":"Studio, Malm\u00f6"}]},{"@type":"WebSite","@id":"https:\/\/efterklang.org\/#website","url":"https:\/\/efterklang.org\/","name":"Efterklang","description":"P\u00e5 Efterklang designar och s\u00e4krar vi ljudmilj\u00f6er.","publisher":{"@id":"https:\/\/efterklang.org\/#organization"},"potentialAction":[{"@type":"SearchAction","target":{"@type":"EntryPoint","urlTemplate":"https:\/\/efterklang.org\/?s={search_term_string}"},"query-input":"required name=search_term_string"}],"inLanguage":"sv-SE"},{"@type":"Organization","@id":"https:\/\/efterklang.org\/#organization","name":"Efterklang","url":"https:\/\/efterklang.org\/","logo":{"@type":"ImageObject","inLanguage":"sv-SE","@id":"https:\/\/efterklang.org\/#\/schema\/logo\/image\/","url":"https:\/\/efterklang.org\/wp-content\/uploads\/2021\/10\/Asset-25.svg","contentUrl":"https:\/\/efterklang.org\/wp-content\/uploads\/2021\/10\/Asset-25.svg","caption":"Efterklang"},"image":{"@id":"https:\/\/efterklang.org\/#\/schema\/logo\/image\/"}}]}},"_links":{"self":[{"href":"https:\/\/efterklang.org\/sv\/wp-json\/wp\/v2\/projects\/4223","targetHints":{"allow":["GET"]}}],"collection":[{"href":"https:\/\/efterklang.org\/sv\/wp-json\/wp\/v2\/projects"}],"about":[{"href":"https:\/\/efterklang.org\/sv\/wp-json\/wp\/v2\/types\/projects"}],"version-history":[{"count":7,"href":"https:\/\/efterklang.org\/sv\/wp-json\/wp\/v2\/projects\/4223\/revisions"}],"predecessor-version":[{"id":4905,"href":"https:\/\/efterklang.org\/sv\/wp-json\/wp\/v2\/projects\/4223\/revisions\/4905"}],"wp:featuredmedia":[{"embeddable":true,"href":"https:\/\/efterklang.org\/sv\/wp-json\/wp\/v2\/media\/3785"}],"wp:attachment":[{"href":"https:\/\/efterklang.org\/sv\/wp-json\/wp\/v2\/media?parent=4223"}],"wp:term":[{"taxonomy":"project_category","embeddable":true,"href":"https:\/\/efterklang.org\/sv\/wp-json\/wp\/v2\/project_category?post=4223"},{"taxonomy":"country","embeddable":true,"href":"https:\/\/efterklang.org\/sv\/wp-json\/wp\/v2\/country?post=4223"},{"taxonomy":"sector","embeddable":true,"href":"https:\/\/efterklang.org\/sv\/wp-json\/wp\/v2\/sector?post=4223"}],"curies":[{"name":"wp","href":"https:\/\/api.w.org\/{rel}","templated":true}]}}

Studio, Malmö

<h6>Bakgrund</h6>
<p><span class="TextRun SCXW194351179 BCX0" lang="SV-SE" xml:lang="SV-SE" data-contrast="auto"><span class="NormalTextRun SCXW194351179 BCX0">På Universitetsholmen i centrala Malmö, har Skanska uppfört STUDIO, en ny och inbjudande samlingspunkt för stadens invånare.</span><span class="NormalTextRun SCXW194351179 BCX0"> Byggnaden består av hotell, restauranger, kontor och en black box</span><span class="NormalTextRun SCXW194351179 BCX0"> och invigdes hösten 2016.</span></span><span class="EOP SCXW194351179 BCX0" data-ccp-props="{&quot;201341983&quot;:0,&quot;335559739&quot;:160,&quot;335559740&quot;:288}"> </span></p>
<h6>Uppdrag</h6>
<p>På uppdrag av Skanska, har Efterklang utfört akustisk projektering i bygghandlingsskede.</p>
<h6>Resultat</h6>
<p><span data-contrast="auto">Studio i Malmö är en levande, kreativ miljö. På entréplan finns restauranger och ett gemensamt atrium med reception för byggnadens tjänster. Här möts människor, kultur och näringsliv i en behaglig och öppen miljö.</span><span data-ccp-props="{&quot;201341983&quot;:0,&quot;335559739&quot;:160,&quot;335559740&quot;:288}"> </span></p>
<p><span data-contrast="auto">Byggnaden är certifierat enligt det internationella miljösystemet LEED nivå Platinum.</span><span data-ccp-props="{&quot;201341983&quot;:0,&quot;335559739&quot;:160,&quot;335559740&quot;:288}"> </span></p>

<!-- This site is optimized with the Yoast SEO plugin v22.1 - https://yoast.com/wordpress/plugins/seo/ -->
<title>Studio, Malmö - Efterklang</title>
<meta name="description" content="Efterklang var involverad i detaljprojekteringsfasen och gav uppdragsgivaren råd som skulle uppfylla de uppsatta kriterierna samt skapa bästa möjliga akustiska miljö i Studio Malmö." />
<meta name="robots" content="index, follow, max-snippet:-1, max-image-preview:large, max-video-preview:-1" />
<link rel="canonical" href="https://efterklang.org/sv/projects/studio-malmo/" />
<meta property="og:locale" content="sv_SE" />
<meta property="og:type" content="article" />
<meta property="og:title" content="Studio, Malmö - Efterklang" />
<meta property="og:description" content="Efterklang var involverad i detaljprojekteringsfasen och gav uppdragsgivaren råd som skulle uppfylla de uppsatta kriterierna samt skapa bästa möjliga akustiska miljö i Studio Malmö." />
<meta property="og:url" content="https://efterklang.org/sv/projects/studio-malmo/" />
<meta property="og:site_name" content="Efterklang" />
<meta property="article:modified_time" content="2021-12-06T14:20:08+00:00" />
<meta property="og:image" content="https://efterklang.org/wp-content/uploads/2021/11/Studio_Malmo-6.jpg" />
	<meta property="og:image:width" content="4272" />
	<meta property="og:image:height" content="2848" />
	<meta property="og:image:type" content="image/jpeg" />
<meta name="twitter:card" content="summary_large_image" />
<meta name="twitter:label1" content="Beräknad lästid" />
	<meta name="twitter:data1" content="1 minut" />
<script type="application/ld+json" class="yoast-schema-graph">{"@context":"https://schema.org","@graph":[{"@type":"WebPage","@id":"https://efterklang.org/sv/projects/studio-malmo/","url":"https://efterklang.org/sv/projects/studio-malmo/","name":"Studio, Malmö - Efterklang","isPartOf":{"@id":"https://efterklang.org/#website"},"datePublished":"2021-11-29T11:03:33+00:00","dateModified":"2021-12-06T14:20:08+00:00","description":"Efterklang var involverad i detaljprojekteringsfasen och gav uppdragsgivaren råd som skulle uppfylla de uppsatta kriterierna samt skapa bästa möjliga akustiska miljö i Studio Malmö.","breadcrumb":{"@id":"https://efterklang.org/sv/projects/studio-malmo/#breadcrumb"},"inLanguage":"sv-SE","potentialAction":[{"@type":"ReadAction","target":["https://efterklang.org/sv/projects/studio-malmo/"]}]},{"@type":"BreadcrumbList","@id":"https://efterklang.org/sv/projects/studio-malmo/#breadcrumb","itemListElement":[{"@type":"ListItem","position":1,"name":"Home","item":"https://efterklang.org/sv/"},{"@type":"ListItem","position":2,"name":"Our projects","item":"https://efterklang.org/projects/?lang=sv"},{"@type":"ListItem","position":3,"name":"Studio, Malmö"}]},{"@type":"WebSite","@id":"https://efterklang.org/#website","url":"https://efterklang.org/","name":"Efterklang","description":"På Efterklang designar och säkrar vi ljudmiljöer.","publisher":{"@id":"https://efterklang.org/#organization"},"potentialAction":[{"@type":"SearchAction","target":{"@type":"EntryPoint","urlTemplate":"https://efterklang.org/?s={search_term_string}"},"query-input":"required name=search_term_string"}],"inLanguage":"sv-SE"},{"@type":"Organization","@id":"https://efterklang.org/#organization","name":"Efterklang","url":"https://efterklang.org/","logo":{"@type":"ImageObject","inLanguage":"sv-SE","@id":"https://efterklang.org/#/schema/logo/image/","url":"https://efterklang.org/wp-content/uploads/2021/10/Asset-25.svg","contentUrl":"https://efterklang.org/wp-content/uploads/2021/10/Asset-25.svg","caption":"Efterklang"},"image":{"@id":"https://efterklang.org/#/schema/logo/image/"}}]}</script>
<!-- / Yoast SEO plugin. -->

Studio, Malmö - Efterklang

Efterklang var involverad i detaljprojekteringsfasen och gav uppdragsgivaren råd som skulle uppfylla de uppsatta kriterierna samt skapa bästa möjliga akustiska miljö i Studio Malmö.

På Efterklang designar och säkrar vi ljudmiljöer.
