{"id":4065,"date":"2021-11-12T03:47:47","date_gmt":"2021-11-12T08:47:47","guid":{"rendered":"http:\/\/efterklang.org.hemsida.eu\/projects\/boras-kongress\/"},"modified":"2021-12-08T15:26:04","modified_gmt":"2021-12-08T20:26:04","slug":"boras-kongress","status":"publish","type":"projects","link":"https:\/\/efterklang.org\/sv\/projects\/boras-kongress\/","title":{"rendered":"Bor\u00e5s Kongress"},"content":{"rendered":"<h6>Bakgrund<\/h6>\n<p class=\"p1\"><span class=\"s1\">Folkets hus i Bor\u00e5s uppf\u00f6rdes under 1940-talet. F\u00f6r att m\u00f6ta dagens krav och behov, utf\u00f6rdes en renovering samt ombyggnad som f\u00e4rdigst\u00e4lldes i 2018. <\/span><\/p>\n<p class=\"p1\"><span class=\"s1\">Byggnaden har en total yta p\u00e5 7500 m\u00b2 och innefattar en utst\u00e4llningshall, restaurang och caf\u00e9 samt en stor sal med balkong som g\u00e5r att dela upp i flera mindre salar. <\/span><\/p>\n<h6>Uppdrag<\/h6>\n<p class=\"p1\"><span class=\"s1\">Uppdraget omfattade restaurering av orginalbyggnad samt nybyggnation av kongresshus i Bor\u00e5s. Efterklang fick i uppdrag av Bor\u00e5s Stad att utf\u00f6ra akustisk projektering och AV-teknik. <\/span><\/p>\n<h6>Resultat<\/h6>\n<p class=\"p1\"><span class=\"s1\">D\u00e5 bygget erbjuder m\u00e5nga olika rumsfunktioner, har Efterklang utformat rumsakustik f\u00f6r att m\u00f6ta b\u00e5de kundens och anv\u00e4ndarens behov. <\/span><\/p>\n<p>&nbsp;<\/p>\n<p>Bilder: <a href=\"http:\/\/lindmanphotography.com\/\" target=\"_blank\" rel=\"noopener\">\u00c5ke Eson Lindman<\/a><\/p>\n","protected":false},"featured_media":1986,"template":"","project_category":[232,324,321],"country":[333],"sector":[337,365],"class_list":["post-4065","projects","type-projects","status-publish","has-post-thumbnail","hentry","project_category-akustik","project_category-av-pa-va-2-sv","project_category-byggnadsakustik","country-sverigesweden-sv","sector-konst-och-kultur","sector-kontor-och-kongress"],"acf":[],"yoast_head":"<!-- This site is optimized with the Yoast SEO plugin v22.1 - https:\/\/yoast.com\/wordpress\/plugins\/seo\/ -->\n<title>Bor\u00e5s Kongress - Efterklang<\/title>\n<meta name=\"description\" content=\"Efterklang fick i uppdrag av Bor\u00e5s Stad att tillhandah\u00e5lla den fullst\u00e4ndiga akustiska designen inklusive AV-design.\" \/>\n<meta name=\"robots\" content=\"index, follow, max-snippet:-1, max-image-preview:large, max-video-preview:-1\" \/>\n<link rel=\"canonical\" href=\"https:\/\/efterklang.org\/sv\/projects\/boras-kongress\/\" \/>\n<meta property=\"og:locale\" content=\"sv_SE\" \/>\n<meta property=\"og:type\" content=\"article\" \/>\n<meta property=\"og:title\" content=\"Bor\u00e5s Kongress - Efterklang\" \/>\n<meta property=\"og:description\" content=\"Efterklang fick i uppdrag av Bor\u00e5s Stad att tillhandah\u00e5lla den fullst\u00e4ndiga akustiska designen inklusive AV-design.\" \/>\n<meta property=\"og:url\" content=\"https:\/\/efterklang.org\/sv\/projects\/boras-kongress\/\" \/>\n<meta property=\"og:site_name\" content=\"Efterklang\" \/>\n<meta property=\"article:modified_time\" content=\"2021-12-08T20:26:04+00:00\" \/>\n<meta property=\"og:image\" content=\"https:\/\/efterklang.org\/wp-content\/uploads\/2021\/11\/Boras-Kongress-C-Ake-Eson-Lindman-2.jpg\" \/>\n\t<meta property=\"og:image:width\" content=\"1800\" \/>\n\t<meta property=\"og:image:height\" content=\"1219\" \/>\n\t<meta property=\"og:image:type\" content=\"image\/jpeg\" \/>\n<meta name=\"twitter:card\" content=\"summary_large_image\" \/>\n<meta name=\"twitter:label1\" content=\"Ber\u00e4knad l\u00e4stid\" \/>\n\t<meta name=\"twitter:data1\" content=\"1 minut\" \/>\n<script type=\"application\/ld+json\" class=\"yoast-schema-graph\">{\"@context\":\"https:\/\/schema.org\",\"@graph\":[{\"@type\":\"WebPage\",\"@id\":\"https:\/\/efterklang.org\/sv\/projects\/boras-kongress\/\",\"url\":\"https:\/\/efterklang.org\/sv\/projects\/boras-kongress\/\",\"name\":\"Bor\u00e5s Kongress - Efterklang\",\"isPartOf\":{\"@id\":\"https:\/\/efterklang.org\/#website\"},\"datePublished\":\"2021-11-12T08:47:47+00:00\",\"dateModified\":\"2021-12-08T20:26:04+00:00\",\"description\":\"Efterklang fick i uppdrag av Bor\u00e5s Stad att tillhandah\u00e5lla den fullst\u00e4ndiga akustiska designen inklusive AV-design.\",\"breadcrumb\":{\"@id\":\"https:\/\/efterklang.org\/sv\/projects\/boras-kongress\/#breadcrumb\"},\"inLanguage\":\"sv-SE\",\"potentialAction\":[{\"@type\":\"ReadAction\",\"target\":[\"https:\/\/efterklang.org\/sv\/projects\/boras-kongress\/\"]}]},{\"@type\":\"BreadcrumbList\",\"@id\":\"https:\/\/efterklang.org\/sv\/projects\/boras-kongress\/#breadcrumb\",\"itemListElement\":[{\"@type\":\"ListItem\",\"position\":1,\"name\":\"Home\",\"item\":\"https:\/\/efterklang.org\/sv\/\"},{\"@type\":\"ListItem\",\"position\":2,\"name\":\"Our projects\",\"item\":\"https:\/\/efterklang.org\/projects\/?lang=sv\"},{\"@type\":\"ListItem\",\"position\":3,\"name\":\"Bor\u00e5s Kongress\"}]},{\"@type\":\"WebSite\",\"@id\":\"https:\/\/efterklang.org\/#website\",\"url\":\"https:\/\/efterklang.org\/\",\"name\":\"Efterklang\",\"description\":\"P\u00e5 Efterklang designar och s\u00e4krar vi ljudmilj\u00f6er.\",\"publisher\":{\"@id\":\"https:\/\/efterklang.org\/#organization\"},\"potentialAction\":[{\"@type\":\"SearchAction\",\"target\":{\"@type\":\"EntryPoint\",\"urlTemplate\":\"https:\/\/efterklang.org\/?s={search_term_string}\"},\"query-input\":\"required name=search_term_string\"}],\"inLanguage\":\"sv-SE\"},{\"@type\":\"Organization\",\"@id\":\"https:\/\/efterklang.org\/#organization\",\"name\":\"Efterklang\",\"url\":\"https:\/\/efterklang.org\/\",\"logo\":{\"@type\":\"ImageObject\",\"inLanguage\":\"sv-SE\",\"@id\":\"https:\/\/efterklang.org\/#\/schema\/logo\/image\/\",\"url\":\"https:\/\/efterklang.org\/wp-content\/uploads\/2021\/10\/Asset-25.svg\",\"contentUrl\":\"https:\/\/efterklang.org\/wp-content\/uploads\/2021\/10\/Asset-25.svg\",\"caption\":\"Efterklang\"},\"image\":{\"@id\":\"https:\/\/efterklang.org\/#\/schema\/logo\/image\/\"}}]}<\/script>\n<!-- \/ Yoast SEO plugin. -->","yoast_head_json":{"title":"Bor\u00e5s Kongress - Efterklang","description":"Efterklang fick i uppdrag av Bor\u00e5s Stad att tillhandah\u00e5lla den fullst\u00e4ndiga akustiska designen inklusive AV-design.","robots":{"index":"index","follow":"follow","max-snippet":"max-snippet:-1","max-image-preview":"max-image-preview:large","max-video-preview":"max-video-preview:-1"},"canonical":"https:\/\/efterklang.org\/sv\/projects\/boras-kongress\/","og_locale":"sv_SE","og_type":"article","og_title":"Bor\u00e5s Kongress - Efterklang","og_description":"Efterklang fick i uppdrag av Bor\u00e5s Stad att tillhandah\u00e5lla den fullst\u00e4ndiga akustiska designen inklusive AV-design.","og_url":"https:\/\/efterklang.org\/sv\/projects\/boras-kongress\/","og_site_name":"Efterklang","article_modified_time":"2021-12-08T20:26:04+00:00","og_image":[{"width":1800,"height":1219,"url":"https:\/\/efterklang.org\/wp-content\/uploads\/2021\/11\/Boras-Kongress-C-Ake-Eson-Lindman-2.jpg","type":"image\/jpeg"}],"twitter_card":"summary_large_image","twitter_misc":{"Ber\u00e4knad l\u00e4stid":"1 minut"},"schema":{"@context":"https:\/\/schema.org","@graph":[{"@type":"WebPage","@id":"https:\/\/efterklang.org\/sv\/projects\/boras-kongress\/","url":"https:\/\/efterklang.org\/sv\/projects\/boras-kongress\/","name":"Bor\u00e5s Kongress - Efterklang","isPartOf":{"@id":"https:\/\/efterklang.org\/#website"},"datePublished":"2021-11-12T08:47:47+00:00","dateModified":"2021-12-08T20:26:04+00:00","description":"Efterklang fick i uppdrag av Bor\u00e5s Stad att tillhandah\u00e5lla den fullst\u00e4ndiga akustiska designen inklusive AV-design.","breadcrumb":{"@id":"https:\/\/efterklang.org\/sv\/projects\/boras-kongress\/#breadcrumb"},"inLanguage":"sv-SE","potentialAction":[{"@type":"ReadAction","target":["https:\/\/efterklang.org\/sv\/projects\/boras-kongress\/"]}]},{"@type":"BreadcrumbList","@id":"https:\/\/efterklang.org\/sv\/projects\/boras-kongress\/#breadcrumb","itemListElement":[{"@type":"ListItem","position":1,"name":"Home","item":"https:\/\/efterklang.org\/sv\/"},{"@type":"ListItem","position":2,"name":"Our projects","item":"https:\/\/efterklang.org\/projects\/?lang=sv"},{"@type":"ListItem","position":3,"name":"Bor\u00e5s Kongress"}]},{"@type":"WebSite","@id":"https:\/\/efterklang.org\/#website","url":"https:\/\/efterklang.org\/","name":"Efterklang","description":"P\u00e5 Efterklang designar och s\u00e4krar vi ljudmilj\u00f6er.","publisher":{"@id":"https:\/\/efterklang.org\/#organization"},"potentialAction":[{"@type":"SearchAction","target":{"@type":"EntryPoint","urlTemplate":"https:\/\/efterklang.org\/?s={search_term_string}"},"query-input":"required name=search_term_string"}],"inLanguage":"sv-SE"},{"@type":"Organization","@id":"https:\/\/efterklang.org\/#organization","name":"Efterklang","url":"https:\/\/efterklang.org\/","logo":{"@type":"ImageObject","inLanguage":"sv-SE","@id":"https:\/\/efterklang.org\/#\/schema\/logo\/image\/","url":"https:\/\/efterklang.org\/wp-content\/uploads\/2021\/10\/Asset-25.svg","contentUrl":"https:\/\/efterklang.org\/wp-content\/uploads\/2021\/10\/Asset-25.svg","caption":"Efterklang"},"image":{"@id":"https:\/\/efterklang.org\/#\/schema\/logo\/image\/"}}]}},"_links":{"self":[{"href":"https:\/\/efterklang.org\/sv\/wp-json\/wp\/v2\/projects\/4065","targetHints":{"allow":["GET"]}}],"collection":[{"href":"https:\/\/efterklang.org\/sv\/wp-json\/wp\/v2\/projects"}],"about":[{"href":"https:\/\/efterklang.org\/sv\/wp-json\/wp\/v2\/types\/projects"}],"version-history":[{"count":8,"href":"https:\/\/efterklang.org\/sv\/wp-json\/wp\/v2\/projects\/4065\/revisions"}],"predecessor-version":[{"id":5223,"href":"https:\/\/efterklang.org\/sv\/wp-json\/wp\/v2\/projects\/4065\/revisions\/5223"}],"wp:featuredmedia":[{"embeddable":true,"href":"https:\/\/efterklang.org\/sv\/wp-json\/wp\/v2\/media\/1986"}],"wp:attachment":[{"href":"https:\/\/efterklang.org\/sv\/wp-json\/wp\/v2\/media?parent=4065"}],"wp:term":[{"taxonomy":"project_category","embeddable":true,"href":"https:\/\/efterklang.org\/sv\/wp-json\/wp\/v2\/project_category?post=4065"},{"taxonomy":"country","embeddable":true,"href":"https:\/\/efterklang.org\/sv\/wp-json\/wp\/v2\/country?post=4065"},{"taxonomy":"sector","embeddable":true,"href":"https:\/\/efterklang.org\/sv\/wp-json\/wp\/v2\/sector?post=4065"}],"curies":[{"name":"wp","href":"https:\/\/api.w.org\/{rel}","templated":true}]}}

Borås Kongress

<h6>Bakgrund</h6>
<p class="p1"><span class="s1">Folkets hus i Borås uppfördes under 1940-talet. För att möta dagens krav och behov, utfördes en renovering samt ombyggnad som färdigställdes i 2018. </span></p>
<p class="p1"><span class="s1">Byggnaden har en total yta på 7500 m² och innefattar en utställningshall, restaurang och café samt en stor sal med balkong som går att dela upp i flera mindre salar. </span></p>
<h6>Uppdrag</h6>
<p class="p1"><span class="s1">Uppdraget omfattade restaurering av orginalbyggnad samt nybyggnation av kongresshus i Borås. Efterklang fick i uppdrag av Borås Stad att utföra akustisk projektering och AV-teknik. </span></p>
<h6>Resultat</h6>
<p class="p1"><span class="s1">Då bygget erbjuder många olika rumsfunktioner, har Efterklang utformat rumsakustik för att möta både kundens och användarens behov. </span></p>
<p>&nbsp;</p>
<p>Bilder: <a href="http://lindmanphotography.com/" target="_blank" rel="noopener">Åke Eson Lindman</a></p>

<!-- This site is optimized with the Yoast SEO plugin v22.1 - https://yoast.com/wordpress/plugins/seo/ -->
<title>Borås Kongress - Efterklang</title>
<meta name="description" content="Efterklang fick i uppdrag av Borås Stad att tillhandahålla den fullständiga akustiska designen inklusive AV-design." />
<meta name="robots" content="index, follow, max-snippet:-1, max-image-preview:large, max-video-preview:-1" />
<link rel="canonical" href="https://efterklang.org/sv/projects/boras-kongress/" />
<meta property="og:locale" content="sv_SE" />
<meta property="og:type" content="article" />
<meta property="og:title" content="Borås Kongress - Efterklang" />
<meta property="og:description" content="Efterklang fick i uppdrag av Borås Stad att tillhandahålla den fullständiga akustiska designen inklusive AV-design." />
<meta property="og:url" content="https://efterklang.org/sv/projects/boras-kongress/" />
<meta property="og:site_name" content="Efterklang" />
<meta property="article:modified_time" content="2021-12-08T20:26:04+00:00" />
<meta property="og:image" content="https://efterklang.org/wp-content/uploads/2021/11/Boras-Kongress-C-Ake-Eson-Lindman-2.jpg" />
	<meta property="og:image:width" content="1800" />
	<meta property="og:image:height" content="1219" />
	<meta property="og:image:type" content="image/jpeg" />
<meta name="twitter:card" content="summary_large_image" />
<meta name="twitter:label1" content="Beräknad lästid" />
	<meta name="twitter:data1" content="1 minut" />
<script type="application/ld+json" class="yoast-schema-graph">{"@context":"https://schema.org","@graph":[{"@type":"WebPage","@id":"https://efterklang.org/sv/projects/boras-kongress/","url":"https://efterklang.org/sv/projects/boras-kongress/","name":"Borås Kongress - Efterklang","isPartOf":{"@id":"https://efterklang.org/#website"},"datePublished":"2021-11-12T08:47:47+00:00","dateModified":"2021-12-08T20:26:04+00:00","description":"Efterklang fick i uppdrag av Borås Stad att tillhandahålla den fullständiga akustiska designen inklusive AV-design.","breadcrumb":{"@id":"https://efterklang.org/sv/projects/boras-kongress/#breadcrumb"},"inLanguage":"sv-SE","potentialAction":[{"@type":"ReadAction","target":["https://efterklang.org/sv/projects/boras-kongress/"]}]},{"@type":"BreadcrumbList","@id":"https://efterklang.org/sv/projects/boras-kongress/#breadcrumb","itemListElement":[{"@type":"ListItem","position":1,"name":"Home","item":"https://efterklang.org/sv/"},{"@type":"ListItem","position":2,"name":"Our projects","item":"https://efterklang.org/projects/?lang=sv"},{"@type":"ListItem","position":3,"name":"Borås Kongress"}]},{"@type":"WebSite","@id":"https://efterklang.org/#website","url":"https://efterklang.org/","name":"Efterklang","description":"På Efterklang designar och säkrar vi ljudmiljöer.","publisher":{"@id":"https://efterklang.org/#organization"},"potentialAction":[{"@type":"SearchAction","target":{"@type":"EntryPoint","urlTemplate":"https://efterklang.org/?s={search_term_string}"},"query-input":"required name=search_term_string"}],"inLanguage":"sv-SE"},{"@type":"Organization","@id":"https://efterklang.org/#organization","name":"Efterklang","url":"https://efterklang.org/","logo":{"@type":"ImageObject","inLanguage":"sv-SE","@id":"https://efterklang.org/#/schema/logo/image/","url":"https://efterklang.org/wp-content/uploads/2021/10/Asset-25.svg","contentUrl":"https://efterklang.org/wp-content/uploads/2021/10/Asset-25.svg","caption":"Efterklang"},"image":{"@id":"https://efterklang.org/#/schema/logo/image/"}}]}</script>
<!-- / Yoast SEO plugin. -->

Borås Kongress - Efterklang

Efterklang fick i uppdrag av Borås Stad att tillhandahålla den fullständiga akustiska designen inklusive AV-design.

På Efterklang designar och säkrar vi ljudmiljöer.
