{"id":14422,"date":"2024-12-18T10:16:47","date_gmt":"2024-12-18T09:16:47","guid":{"rendered":"https:\/\/efterklang.org\/projects\/minecraft-the-garden-awakens\/"},"modified":"2024-12-18T10:19:50","modified_gmt":"2024-12-18T09:19:50","slug":"minecraft-the-garden-awakens","status":"publish","type":"projects","link":"https:\/\/efterklang.org\/sv\/projects\/minecraft-the-garden-awakens\/","title":{"rendered":"Minecraft \u2013 The Garden Awakens"},"content":{"rendered":"<h6>Bakgrund<\/h6>\n<p>Ljuddesign till animerad trailer f\u00f6r spelet Minecraft<\/p>\n<h6>Uppdrag<\/h6>\n<p>Efterklang har ansvarat f\u00f6r ljuddesignen i den h\u00e4r animerade Minecraft The Garden Awakens-trailern. Vi har gjort ljudproduktion, mix och master.<\/p>\n<p>Filmproduktion: <a href=\"https:\/\/filmicart.com\/en\/\" target=\"_blank\" rel=\"noopener\">Filmic Art<\/a><\/p>\n","protected":false},"featured_media":14420,"template":"","project_category":[238,281],"country":[402],"sector":[341],"class_list":["post-14422","projects","type-projects","status-publish","has-post-thumbnail","hentry","project_category-studio-sv","project_category-ljudlaggning-av-film","country-other-sv","sector-branding-och-kommunikation"],"acf":[],"yoast_head":"<!-- This site is optimized with the Yoast SEO plugin v22.1 - https:\/\/yoast.com\/wordpress\/plugins\/seo\/ -->\n<title>Ljudproduktion<\/title>\n<meta name=\"description\" content=\"Ljudproduktion, mix and master f\u00f6r den nya Minecraft trailern\" \/>\n<meta name=\"robots\" content=\"index, follow, max-snippet:-1, max-image-preview:large, max-video-preview:-1\" \/>\n<link rel=\"canonical\" href=\"https:\/\/efterklang.org\/sv\/projects\/minecraft-the-garden-awakens\/\" \/>\n<meta property=\"og:locale\" content=\"sv_SE\" \/>\n<meta property=\"og:type\" content=\"article\" \/>\n<meta property=\"og:title\" content=\"Ljudproduktion\" \/>\n<meta property=\"og:description\" content=\"Ljudproduktion, mix and master f\u00f6r den nya Minecraft trailern\" \/>\n<meta property=\"og:url\" content=\"https:\/\/efterklang.org\/sv\/projects\/minecraft-the-garden-awakens\/\" \/>\n<meta property=\"og:site_name\" content=\"Efterklang\" \/>\n<meta property=\"article:modified_time\" content=\"2024-12-18T09:19:50+00:00\" \/>\n<meta property=\"og:image\" content=\"https:\/\/efterklang.org\/wp-content\/uploads\/2024\/12\/Minecraft.png\" \/>\n\t<meta property=\"og:image:width\" content=\"868\" \/>\n\t<meta property=\"og:image:height\" content=\"589\" \/>\n\t<meta property=\"og:image:type\" content=\"image\/png\" \/>\n<meta name=\"twitter:card\" content=\"summary_large_image\" \/>\n<script type=\"application\/ld+json\" class=\"yoast-schema-graph\">{\"@context\":\"https:\/\/schema.org\",\"@graph\":[{\"@type\":\"WebPage\",\"@id\":\"https:\/\/efterklang.org\/sv\/projects\/minecraft-the-garden-awakens\/\",\"url\":\"https:\/\/efterklang.org\/sv\/projects\/minecraft-the-garden-awakens\/\",\"name\":\"Ljudproduktion\",\"isPartOf\":{\"@id\":\"https:\/\/efterklang.org\/#website\"},\"datePublished\":\"2024-12-18T09:16:47+00:00\",\"dateModified\":\"2024-12-18T09:19:50+00:00\",\"description\":\"Ljudproduktion, mix and master f\u00f6r den nya Minecraft trailern\",\"breadcrumb\":{\"@id\":\"https:\/\/efterklang.org\/sv\/projects\/minecraft-the-garden-awakens\/#breadcrumb\"},\"inLanguage\":\"sv-SE\",\"potentialAction\":[{\"@type\":\"ReadAction\",\"target\":[\"https:\/\/efterklang.org\/sv\/projects\/minecraft-the-garden-awakens\/\"]}]},{\"@type\":\"BreadcrumbList\",\"@id\":\"https:\/\/efterklang.org\/sv\/projects\/minecraft-the-garden-awakens\/#breadcrumb\",\"itemListElement\":[{\"@type\":\"ListItem\",\"position\":1,\"name\":\"Home\",\"item\":\"https:\/\/efterklang.org\/sv\/\"},{\"@type\":\"ListItem\",\"position\":2,\"name\":\"Our projects\",\"item\":\"https:\/\/efterklang.org\/projects\/?lang=sv\"},{\"@type\":\"ListItem\",\"position\":3,\"name\":\"Minecraft \u2013 The Garden Awakens\"}]},{\"@type\":\"WebSite\",\"@id\":\"https:\/\/efterklang.org\/#website\",\"url\":\"https:\/\/efterklang.org\/\",\"name\":\"Efterklang\",\"description\":\"P\u00e5 Efterklang designar och s\u00e4krar vi ljudmilj\u00f6er.\",\"publisher\":{\"@id\":\"https:\/\/efterklang.org\/#organization\"},\"potentialAction\":[{\"@type\":\"SearchAction\",\"target\":{\"@type\":\"EntryPoint\",\"urlTemplate\":\"https:\/\/efterklang.org\/?s={search_term_string}\"},\"query-input\":\"required name=search_term_string\"}],\"inLanguage\":\"sv-SE\"},{\"@type\":\"Organization\",\"@id\":\"https:\/\/efterklang.org\/#organization\",\"name\":\"Efterklang\",\"url\":\"https:\/\/efterklang.org\/\",\"logo\":{\"@type\":\"ImageObject\",\"inLanguage\":\"sv-SE\",\"@id\":\"https:\/\/efterklang.org\/#\/schema\/logo\/image\/\",\"url\":\"https:\/\/efterklang.org\/wp-content\/uploads\/2021\/10\/Asset-25.svg\",\"contentUrl\":\"https:\/\/efterklang.org\/wp-content\/uploads\/2021\/10\/Asset-25.svg\",\"caption\":\"Efterklang\"},\"image\":{\"@id\":\"https:\/\/efterklang.org\/#\/schema\/logo\/image\/\"}}]}<\/script>\n<!-- \/ Yoast SEO plugin. -->","yoast_head_json":{"title":"Ljudproduktion","description":"Ljudproduktion, mix and master f\u00f6r den nya Minecraft trailern","robots":{"index":"index","follow":"follow","max-snippet":"max-snippet:-1","max-image-preview":"max-image-preview:large","max-video-preview":"max-video-preview:-1"},"canonical":"https:\/\/efterklang.org\/sv\/projects\/minecraft-the-garden-awakens\/","og_locale":"sv_SE","og_type":"article","og_title":"Ljudproduktion","og_description":"Ljudproduktion, mix and master f\u00f6r den nya Minecraft trailern","og_url":"https:\/\/efterklang.org\/sv\/projects\/minecraft-the-garden-awakens\/","og_site_name":"Efterklang","article_modified_time":"2024-12-18T09:19:50+00:00","og_image":[{"width":868,"height":589,"url":"https:\/\/efterklang.org\/wp-content\/uploads\/2024\/12\/Minecraft.png","type":"image\/png"}],"twitter_card":"summary_large_image","schema":{"@context":"https:\/\/schema.org","@graph":[{"@type":"WebPage","@id":"https:\/\/efterklang.org\/sv\/projects\/minecraft-the-garden-awakens\/","url":"https:\/\/efterklang.org\/sv\/projects\/minecraft-the-garden-awakens\/","name":"Ljudproduktion","isPartOf":{"@id":"https:\/\/efterklang.org\/#website"},"datePublished":"2024-12-18T09:16:47+00:00","dateModified":"2024-12-18T09:19:50+00:00","description":"Ljudproduktion, mix and master f\u00f6r den nya Minecraft trailern","breadcrumb":{"@id":"https:\/\/efterklang.org\/sv\/projects\/minecraft-the-garden-awakens\/#breadcrumb"},"inLanguage":"sv-SE","potentialAction":[{"@type":"ReadAction","target":["https:\/\/efterklang.org\/sv\/projects\/minecraft-the-garden-awakens\/"]}]},{"@type":"BreadcrumbList","@id":"https:\/\/efterklang.org\/sv\/projects\/minecraft-the-garden-awakens\/#breadcrumb","itemListElement":[{"@type":"ListItem","position":1,"name":"Home","item":"https:\/\/efterklang.org\/sv\/"},{"@type":"ListItem","position":2,"name":"Our projects","item":"https:\/\/efterklang.org\/projects\/?lang=sv"},{"@type":"ListItem","position":3,"name":"Minecraft \u2013 The Garden Awakens"}]},{"@type":"WebSite","@id":"https:\/\/efterklang.org\/#website","url":"https:\/\/efterklang.org\/","name":"Efterklang","description":"P\u00e5 Efterklang designar och s\u00e4krar vi ljudmilj\u00f6er.","publisher":{"@id":"https:\/\/efterklang.org\/#organization"},"potentialAction":[{"@type":"SearchAction","target":{"@type":"EntryPoint","urlTemplate":"https:\/\/efterklang.org\/?s={search_term_string}"},"query-input":"required name=search_term_string"}],"inLanguage":"sv-SE"},{"@type":"Organization","@id":"https:\/\/efterklang.org\/#organization","name":"Efterklang","url":"https:\/\/efterklang.org\/","logo":{"@type":"ImageObject","inLanguage":"sv-SE","@id":"https:\/\/efterklang.org\/#\/schema\/logo\/image\/","url":"https:\/\/efterklang.org\/wp-content\/uploads\/2021\/10\/Asset-25.svg","contentUrl":"https:\/\/efterklang.org\/wp-content\/uploads\/2021\/10\/Asset-25.svg","caption":"Efterklang"},"image":{"@id":"https:\/\/efterklang.org\/#\/schema\/logo\/image\/"}}]}},"_links":{"self":[{"href":"https:\/\/efterklang.org\/sv\/wp-json\/wp\/v2\/projects\/14422","targetHints":{"allow":["GET"]}}],"collection":[{"href":"https:\/\/efterklang.org\/sv\/wp-json\/wp\/v2\/projects"}],"about":[{"href":"https:\/\/efterklang.org\/sv\/wp-json\/wp\/v2\/types\/projects"}],"version-history":[{"count":2,"href":"https:\/\/efterklang.org\/sv\/wp-json\/wp\/v2\/projects\/14422\/revisions"}],"predecessor-version":[{"id":14424,"href":"https:\/\/efterklang.org\/sv\/wp-json\/wp\/v2\/projects\/14422\/revisions\/14424"}],"wp:featuredmedia":[{"embeddable":true,"href":"https:\/\/efterklang.org\/sv\/wp-json\/wp\/v2\/media\/14420"}],"wp:attachment":[{"href":"https:\/\/efterklang.org\/sv\/wp-json\/wp\/v2\/media?parent=14422"}],"wp:term":[{"taxonomy":"project_category","embeddable":true,"href":"https:\/\/efterklang.org\/sv\/wp-json\/wp\/v2\/project_category?post=14422"},{"taxonomy":"country","embeddable":true,"href":"https:\/\/efterklang.org\/sv\/wp-json\/wp\/v2\/country?post=14422"},{"taxonomy":"sector","embeddable":true,"href":"https:\/\/efterklang.org\/sv\/wp-json\/wp\/v2\/sector?post=14422"}],"curies":[{"name":"wp","href":"https:\/\/api.w.org\/{rel}","templated":true}]}}

<h6>Bakgrund</h6>
<p>Ljuddesign till animerad trailer för spelet Minecraft</p>
<h6>Uppdrag</h6>
<p>Efterklang har ansvarat för ljuddesignen i den här animerade Minecraft The Garden Awakens-trailern. Vi har gjort ljudproduktion, mix och master.</p>
<p>Filmproduktion: <a href="https://filmicart.com/en/" target="_blank" rel="noopener">Filmic Art</a></p>

<!-- This site is optimized with the Yoast SEO plugin v22.1 - https://yoast.com/wordpress/plugins/seo/ -->
<title>Ljudproduktion</title>
<meta name="description" content="Ljudproduktion, mix and master för den nya Minecraft trailern" />
<meta name="robots" content="index, follow, max-snippet:-1, max-image-preview:large, max-video-preview:-1" />
<link rel="canonical" href="https://efterklang.org/sv/projects/minecraft-the-garden-awakens/" />
<meta property="og:locale" content="sv_SE" />
<meta property="og:type" content="article" />
<meta property="og:title" content="Ljudproduktion" />
<meta property="og:description" content="Ljudproduktion, mix and master för den nya Minecraft trailern" />
<meta property="og:url" content="https://efterklang.org/sv/projects/minecraft-the-garden-awakens/" />
<meta property="og:site_name" content="Efterklang" />
<meta property="article:modified_time" content="2024-12-18T09:19:50+00:00" />
<meta property="og:image" content="https://efterklang.org/wp-content/uploads/2024/12/Minecraft.png" />
	<meta property="og:image:width" content="868" />
	<meta property="og:image:height" content="589" />
	<meta property="og:image:type" content="image/png" />
<meta name="twitter:card" content="summary_large_image" />
<script type="application/ld+json" class="yoast-schema-graph">{"@context":"https://schema.org","@graph":[{"@type":"WebPage","@id":"https://efterklang.org/sv/projects/minecraft-the-garden-awakens/","url":"https://efterklang.org/sv/projects/minecraft-the-garden-awakens/","name":"Ljudproduktion","isPartOf":{"@id":"https://efterklang.org/#website"},"datePublished":"2024-12-18T09:16:47+00:00","dateModified":"2024-12-18T09:19:50+00:00","description":"Ljudproduktion, mix and master för den nya Minecraft trailern","breadcrumb":{"@id":"https://efterklang.org/sv/projects/minecraft-the-garden-awakens/#breadcrumb"},"inLanguage":"sv-SE","potentialAction":[{"@type":"ReadAction","target":["https://efterklang.org/sv/projects/minecraft-the-garden-awakens/"]}]},{"@type":"BreadcrumbList","@id":"https://efterklang.org/sv/projects/minecraft-the-garden-awakens/#breadcrumb","itemListElement":[{"@type":"ListItem","position":1,"name":"Home","item":"https://efterklang.org/sv/"},{"@type":"ListItem","position":2,"name":"Our projects","item":"https://efterklang.org/projects/?lang=sv"},{"@type":"ListItem","position":3,"name":"Minecraft – The Garden Awakens"}]},{"@type":"WebSite","@id":"https://efterklang.org/#website","url":"https://efterklang.org/","name":"Efterklang","description":"På Efterklang designar och säkrar vi ljudmiljöer.","publisher":{"@id":"https://efterklang.org/#organization"},"potentialAction":[{"@type":"SearchAction","target":{"@type":"EntryPoint","urlTemplate":"https://efterklang.org/?s={search_term_string}"},"query-input":"required name=search_term_string"}],"inLanguage":"sv-SE"},{"@type":"Organization","@id":"https://efterklang.org/#organization","name":"Efterklang","url":"https://efterklang.org/","logo":{"@type":"ImageObject","inLanguage":"sv-SE","@id":"https://efterklang.org/#/schema/logo/image/","url":"https://efterklang.org/wp-content/uploads/2021/10/Asset-25.svg","contentUrl":"https://efterklang.org/wp-content/uploads/2021/10/Asset-25.svg","caption":"Efterklang"},"image":{"@id":"https://efterklang.org/#/schema/logo/image/"}}]}</script>
<!-- / Yoast SEO plugin. -->

Ljudproduktion, mix and master för den nya Minecraft trailern

På Efterklang designar och säkrar vi ljudmiljöer.
