{"id":13661,"date":"2024-09-12T11:17:40","date_gmt":"2024-09-12T09:17:40","guid":{"rendered":"https:\/\/efterklang.org\/?post_type=projects&#038;p=13661"},"modified":"2024-09-13T15:56:27","modified_gmt":"2024-09-13T13:56:27","slug":"epiroc-world-expos","status":"publish","type":"projects","link":"https:\/\/efterklang.org\/sv\/projects\/epiroc-world-expos\/","title":{"rendered":"Epiroc World Expo"},"content":{"rendered":"<h6>Bakgrund<\/h6>\n<p class=\"p1\">Efterklang har skapat ljuddesignen till Epiroc World Expos introduktionsfilm, en film som i sin tur anv\u00e4ndes p\u00e5 plats tillsammans med ljusdesign f\u00f6r att v\u00e4lkomna bes\u00f6karna och skapa en h\u00e4ftig atmosf\u00e4r under pauserna. Kombinationen av filmens ljud och en spektakul\u00e4r ljusshow gav ett kraftfullt och minnesv\u00e4rt intryck.<\/p>\n<h6>Uppdrag<\/h6>\n<p class=\"p1\">Efterklang stod f\u00f6r ljuddesign, mix och mastering. V\u00e5rt m\u00e5l var att s\u00e4kerst\u00e4lla att ljudproduktionen fungerade s\u00f6ml\u00f6st b\u00e5de i digitala s\u00e5v\u00e4l som fysiska milj\u00f6er, f\u00f6r att skapa en konsekvent och engagerande upplevelse.<\/p>\n<h6>Resultat<\/h6>\n<p>Med en kraftfull och engagerande ljuddesign lyckades vi f\u00f6rmedla en k\u00e4nsla som harmoniserade perfekt med Epirocs vision. Ljuddesign i fysisk milj\u00f6 \u00e4r ett effektivt verktyg f\u00f6r varum\u00e4rkesbyggande och igenk\u00e4nning, vilket g\u00f6r det idealiskt f\u00f6r event och liknande sammanhang.<\/p>\n<p>Film producerad av Filmic Art.<\/p>\n","protected":false},"featured_media":13669,"template":"","project_category":[281,282],"country":[333],"sector":[341],"class_list":["post-13661","projects","type-projects","status-publish","has-post-thumbnail","hentry","project_category-ljudlaggning-av-film","project_category-ljudproduktion","country-sverigesweden-sv","sector-branding-och-kommunikation"],"acf":[],"yoast_head":"<!-- This site is optimized with the Yoast SEO plugin v22.1 - https:\/\/yoast.com\/wordpress\/plugins\/seo\/ -->\n<title>Epiroc World Expo - Efterklang<\/title>\n<meta name=\"robots\" content=\"index, follow, max-snippet:-1, max-image-preview:large, max-video-preview:-1\" \/>\n<link rel=\"canonical\" href=\"https:\/\/efterklang.org\/sv\/projects\/epiroc-world-expos\/\" \/>\n<meta property=\"og:locale\" content=\"sv_SE\" \/>\n<meta property=\"og:type\" content=\"article\" \/>\n<meta property=\"og:title\" content=\"Epiroc World Expo - Efterklang\" \/>\n<meta property=\"og:description\" content=\"Bakgrund Efterklang har skapat ljuddesignen till Epiroc World Expos introduktionsfilm, en film som i sin tur anv\u00e4ndes p\u00e5 plats tillsammans med ljusdesign f\u00f6r att v\u00e4lkomna bes\u00f6karna och skapa en h\u00e4ftig atmosf\u00e4r under pauserna. Kombinationen av filmens ljud och en spektakul\u00e4r ljusshow gav ett kraftfullt och minnesv\u00e4rt intryck. Uppdrag Efterklang stod f\u00f6r ljuddesign, mix och mastering. [&hellip;]\" \/>\n<meta property=\"og:url\" content=\"https:\/\/efterklang.org\/sv\/projects\/epiroc-world-expos\/\" \/>\n<meta property=\"og:site_name\" content=\"Efterklang\" \/>\n<meta property=\"article:modified_time\" content=\"2024-09-13T13:56:27+00:00\" \/>\n<meta property=\"og:image\" content=\"https:\/\/efterklang.org\/wp-content\/uploads\/2024\/09\/Skarmavbild-2024-09-12-kl.-11.15.03-1024x576.png\" \/>\n\t<meta property=\"og:image:width\" content=\"1024\" \/>\n\t<meta property=\"og:image:height\" content=\"576\" \/>\n\t<meta property=\"og:image:type\" content=\"image\/png\" \/>\n<meta name=\"twitter:card\" content=\"summary_large_image\" \/>\n<meta name=\"twitter:label1\" content=\"Ber\u00e4knad l\u00e4stid\" \/>\n\t<meta name=\"twitter:data1\" content=\"1 minut\" \/>\n<script type=\"application\/ld+json\" class=\"yoast-schema-graph\">{\"@context\":\"https:\/\/schema.org\",\"@graph\":[{\"@type\":\"WebPage\",\"@id\":\"https:\/\/efterklang.org\/sv\/projects\/epiroc-world-expos\/\",\"url\":\"https:\/\/efterklang.org\/sv\/projects\/epiroc-world-expos\/\",\"name\":\"Epiroc World Expo - Efterklang\",\"isPartOf\":{\"@id\":\"https:\/\/efterklang.org\/#website\"},\"datePublished\":\"2024-09-12T09:17:40+00:00\",\"dateModified\":\"2024-09-13T13:56:27+00:00\",\"breadcrumb\":{\"@id\":\"https:\/\/efterklang.org\/sv\/projects\/epiroc-world-expos\/#breadcrumb\"},\"inLanguage\":\"sv-SE\",\"potentialAction\":[{\"@type\":\"ReadAction\",\"target\":[\"https:\/\/efterklang.org\/sv\/projects\/epiroc-world-expos\/\"]}]},{\"@type\":\"BreadcrumbList\",\"@id\":\"https:\/\/efterklang.org\/sv\/projects\/epiroc-world-expos\/#breadcrumb\",\"itemListElement\":[{\"@type\":\"ListItem\",\"position\":1,\"name\":\"Home\",\"item\":\"https:\/\/efterklang.org\/sv\/\"},{\"@type\":\"ListItem\",\"position\":2,\"name\":\"Our projects\",\"item\":\"https:\/\/efterklang.org\/projects\/?lang=sv\"},{\"@type\":\"ListItem\",\"position\":3,\"name\":\"Epiroc World Expo\"}]},{\"@type\":\"WebSite\",\"@id\":\"https:\/\/efterklang.org\/#website\",\"url\":\"https:\/\/efterklang.org\/\",\"name\":\"Efterklang\",\"description\":\"P\u00e5 Efterklang designar och s\u00e4krar vi ljudmilj\u00f6er.\",\"publisher\":{\"@id\":\"https:\/\/efterklang.org\/#organization\"},\"potentialAction\":[{\"@type\":\"SearchAction\",\"target\":{\"@type\":\"EntryPoint\",\"urlTemplate\":\"https:\/\/efterklang.org\/?s={search_term_string}\"},\"query-input\":\"required name=search_term_string\"}],\"inLanguage\":\"sv-SE\"},{\"@type\":\"Organization\",\"@id\":\"https:\/\/efterklang.org\/#organization\",\"name\":\"Efterklang\",\"url\":\"https:\/\/efterklang.org\/\",\"logo\":{\"@type\":\"ImageObject\",\"inLanguage\":\"sv-SE\",\"@id\":\"https:\/\/efterklang.org\/#\/schema\/logo\/image\/\",\"url\":\"https:\/\/efterklang.org\/wp-content\/uploads\/2021\/10\/Asset-25.svg\",\"contentUrl\":\"https:\/\/efterklang.org\/wp-content\/uploads\/2021\/10\/Asset-25.svg\",\"caption\":\"Efterklang\"},\"image\":{\"@id\":\"https:\/\/efterklang.org\/#\/schema\/logo\/image\/\"}}]}<\/script>\n<!-- \/ Yoast SEO plugin. -->","yoast_head_json":{"title":"Epiroc World Expo - Efterklang","robots":{"index":"index","follow":"follow","max-snippet":"max-snippet:-1","max-image-preview":"max-image-preview:large","max-video-preview":"max-video-preview:-1"},"canonical":"https:\/\/efterklang.org\/sv\/projects\/epiroc-world-expos\/","og_locale":"sv_SE","og_type":"article","og_title":"Epiroc World Expo - Efterklang","og_description":"Bakgrund Efterklang har skapat ljuddesignen till Epiroc World Expos introduktionsfilm, en film som i sin tur anv\u00e4ndes p\u00e5 plats tillsammans med ljusdesign f\u00f6r att v\u00e4lkomna bes\u00f6karna och skapa en h\u00e4ftig atmosf\u00e4r under pauserna. Kombinationen av filmens ljud och en spektakul\u00e4r ljusshow gav ett kraftfullt och minnesv\u00e4rt intryck. Uppdrag Efterklang stod f\u00f6r ljuddesign, mix och mastering. [&hellip;]","og_url":"https:\/\/efterklang.org\/sv\/projects\/epiroc-world-expos\/","og_site_name":"Efterklang","article_modified_time":"2024-09-13T13:56:27+00:00","og_image":[{"width":1024,"height":576,"url":"https:\/\/efterklang.org\/wp-content\/uploads\/2024\/09\/Skarmavbild-2024-09-12-kl.-11.15.03-1024x576.png","type":"image\/png"}],"twitter_card":"summary_large_image","twitter_misc":{"Ber\u00e4knad l\u00e4stid":"1 minut"},"schema":{"@context":"https:\/\/schema.org","@graph":[{"@type":"WebPage","@id":"https:\/\/efterklang.org\/sv\/projects\/epiroc-world-expos\/","url":"https:\/\/efterklang.org\/sv\/projects\/epiroc-world-expos\/","name":"Epiroc World Expo - Efterklang","isPartOf":{"@id":"https:\/\/efterklang.org\/#website"},"datePublished":"2024-09-12T09:17:40+00:00","dateModified":"2024-09-13T13:56:27+00:00","breadcrumb":{"@id":"https:\/\/efterklang.org\/sv\/projects\/epiroc-world-expos\/#breadcrumb"},"inLanguage":"sv-SE","potentialAction":[{"@type":"ReadAction","target":["https:\/\/efterklang.org\/sv\/projects\/epiroc-world-expos\/"]}]},{"@type":"BreadcrumbList","@id":"https:\/\/efterklang.org\/sv\/projects\/epiroc-world-expos\/#breadcrumb","itemListElement":[{"@type":"ListItem","position":1,"name":"Home","item":"https:\/\/efterklang.org\/sv\/"},{"@type":"ListItem","position":2,"name":"Our projects","item":"https:\/\/efterklang.org\/projects\/?lang=sv"},{"@type":"ListItem","position":3,"name":"Epiroc World Expo"}]},{"@type":"WebSite","@id":"https:\/\/efterklang.org\/#website","url":"https:\/\/efterklang.org\/","name":"Efterklang","description":"P\u00e5 Efterklang designar och s\u00e4krar vi ljudmilj\u00f6er.","publisher":{"@id":"https:\/\/efterklang.org\/#organization"},"potentialAction":[{"@type":"SearchAction","target":{"@type":"EntryPoint","urlTemplate":"https:\/\/efterklang.org\/?s={search_term_string}"},"query-input":"required name=search_term_string"}],"inLanguage":"sv-SE"},{"@type":"Organization","@id":"https:\/\/efterklang.org\/#organization","name":"Efterklang","url":"https:\/\/efterklang.org\/","logo":{"@type":"ImageObject","inLanguage":"sv-SE","@id":"https:\/\/efterklang.org\/#\/schema\/logo\/image\/","url":"https:\/\/efterklang.org\/wp-content\/uploads\/2021\/10\/Asset-25.svg","contentUrl":"https:\/\/efterklang.org\/wp-content\/uploads\/2021\/10\/Asset-25.svg","caption":"Efterklang"},"image":{"@id":"https:\/\/efterklang.org\/#\/schema\/logo\/image\/"}}]}},"_links":{"self":[{"href":"https:\/\/efterklang.org\/sv\/wp-json\/wp\/v2\/projects\/13661","targetHints":{"allow":["GET"]}}],"collection":[{"href":"https:\/\/efterklang.org\/sv\/wp-json\/wp\/v2\/projects"}],"about":[{"href":"https:\/\/efterklang.org\/sv\/wp-json\/wp\/v2\/types\/projects"}],"version-history":[{"count":10,"href":"https:\/\/efterklang.org\/sv\/wp-json\/wp\/v2\/projects\/13661\/revisions"}],"predecessor-version":[{"id":13698,"href":"https:\/\/efterklang.org\/sv\/wp-json\/wp\/v2\/projects\/13661\/revisions\/13698"}],"wp:featuredmedia":[{"embeddable":true,"href":"https:\/\/efterklang.org\/sv\/wp-json\/wp\/v2\/media\/13669"}],"wp:attachment":[{"href":"https:\/\/efterklang.org\/sv\/wp-json\/wp\/v2\/media?parent=13661"}],"wp:term":[{"taxonomy":"project_category","embeddable":true,"href":"https:\/\/efterklang.org\/sv\/wp-json\/wp\/v2\/project_category?post=13661"},{"taxonomy":"country","embeddable":true,"href":"https:\/\/efterklang.org\/sv\/wp-json\/wp\/v2\/country?post=13661"},{"taxonomy":"sector","embeddable":true,"href":"https:\/\/efterklang.org\/sv\/wp-json\/wp\/v2\/sector?post=13661"}],"curies":[{"name":"wp","href":"https:\/\/api.w.org\/{rel}","templated":true}]}}

<h6>Bakgrund</h6>
<p class="p1">Efterklang har skapat ljuddesignen till Epiroc World Expos introduktionsfilm, en film som i sin tur användes på plats tillsammans med ljusdesign för att välkomna besökarna och skapa en häftig atmosfär under pauserna. Kombinationen av filmens ljud och en spektakulär ljusshow gav ett kraftfullt och minnesvärt intryck.</p>
<h6>Uppdrag</h6>
<p class="p1">Efterklang stod för ljuddesign, mix och mastering. Vårt mål var att säkerställa att ljudproduktionen fungerade sömlöst både i digitala såväl som fysiska miljöer, för att skapa en konsekvent och engagerande upplevelse.</p>
<h6>Resultat</h6>
<p>Med en kraftfull och engagerande ljuddesign lyckades vi förmedla en känsla som harmoniserade perfekt med Epirocs vision. Ljuddesign i fysisk miljö är ett effektivt verktyg för varumärkesbyggande och igenkänning, vilket gör det idealiskt för event och liknande sammanhang.</p>
<p>Film producerad av Filmic Art.</p>

<!-- This site is optimized with the Yoast SEO plugin v22.1 - https://yoast.com/wordpress/plugins/seo/ -->
<title>Epiroc World Expo - Efterklang</title>
<meta name="robots" content="index, follow, max-snippet:-1, max-image-preview:large, max-video-preview:-1" />
<link rel="canonical" href="https://efterklang.org/sv/projects/epiroc-world-expos/" />
<meta property="og:locale" content="sv_SE" />
<meta property="og:type" content="article" />
<meta property="og:title" content="Epiroc World Expo - Efterklang" />
<meta property="og:description" content="Bakgrund Efterklang har skapat ljuddesignen till Epiroc World Expos introduktionsfilm, en film som i sin tur användes på plats tillsammans med ljusdesign för att välkomna besökarna och skapa en häftig atmosfär under pauserna. Kombinationen av filmens ljud och en spektakulär ljusshow gav ett kraftfullt och minnesvärt intryck. Uppdrag Efterklang stod för ljuddesign, mix och mastering. [&hellip;]" />
<meta property="og:url" content="https://efterklang.org/sv/projects/epiroc-world-expos/" />
<meta property="og:site_name" content="Efterklang" />
<meta property="article:modified_time" content="2024-09-13T13:56:27+00:00" />
<meta property="og:image" content="https://efterklang.org/wp-content/uploads/2024/09/Skarmavbild-2024-09-12-kl.-11.15.03-1024x576.png" />
	<meta property="og:image:width" content="1024" />
	<meta property="og:image:height" content="576" />
	<meta property="og:image:type" content="image/png" />
<meta name="twitter:card" content="summary_large_image" />
<meta name="twitter:label1" content="Beräknad lästid" />
	<meta name="twitter:data1" content="1 minut" />
<script type="application/ld+json" class="yoast-schema-graph">{"@context":"https://schema.org","@graph":[{"@type":"WebPage","@id":"https://efterklang.org/sv/projects/epiroc-world-expos/","url":"https://efterklang.org/sv/projects/epiroc-world-expos/","name":"Epiroc World Expo - Efterklang","isPartOf":{"@id":"https://efterklang.org/#website"},"datePublished":"2024-09-12T09:17:40+00:00","dateModified":"2024-09-13T13:56:27+00:00","breadcrumb":{"@id":"https://efterklang.org/sv/projects/epiroc-world-expos/#breadcrumb"},"inLanguage":"sv-SE","potentialAction":[{"@type":"ReadAction","target":["https://efterklang.org/sv/projects/epiroc-world-expos/"]}]},{"@type":"BreadcrumbList","@id":"https://efterklang.org/sv/projects/epiroc-world-expos/#breadcrumb","itemListElement":[{"@type":"ListItem","position":1,"name":"Home","item":"https://efterklang.org/sv/"},{"@type":"ListItem","position":2,"name":"Our projects","item":"https://efterklang.org/projects/?lang=sv"},{"@type":"ListItem","position":3,"name":"Epiroc World Expo"}]},{"@type":"WebSite","@id":"https://efterklang.org/#website","url":"https://efterklang.org/","name":"Efterklang","description":"På Efterklang designar och säkrar vi ljudmiljöer.","publisher":{"@id":"https://efterklang.org/#organization"},"potentialAction":[{"@type":"SearchAction","target":{"@type":"EntryPoint","urlTemplate":"https://efterklang.org/?s={search_term_string}"},"query-input":"required name=search_term_string"}],"inLanguage":"sv-SE"},{"@type":"Organization","@id":"https://efterklang.org/#organization","name":"Efterklang","url":"https://efterklang.org/","logo":{"@type":"ImageObject","inLanguage":"sv-SE","@id":"https://efterklang.org/#/schema/logo/image/","url":"https://efterklang.org/wp-content/uploads/2021/10/Asset-25.svg","contentUrl":"https://efterklang.org/wp-content/uploads/2021/10/Asset-25.svg","caption":"Efterklang"},"image":{"@id":"https://efterklang.org/#/schema/logo/image/"}}]}</script>
<!-- / Yoast SEO plugin. -->

Bakgrund Efterklang har skapat ljuddesignen till Epiroc World Expos introduktionsfilm, en film som i sin tur användes på plats tillsammans med ljusdesign för att välkomna besökarna och skapa en häftig atmosfär under pauserna. Kombinationen av filmens ljud och en spektakulär ljusshow gav ett kraftfullt och minnesvärt intryck. Uppdrag Efterklang stod för ljuddesign, mix och mastering. [&hellip;]

På Efterklang designar och säkrar vi ljudmiljöer.
