{"id":13550,"date":"2024-08-30T09:24:38","date_gmt":"2024-08-30T07:24:38","guid":{"rendered":"https:\/\/efterklang.org\/projects\/grona-lund\/"},"modified":"2024-09-16T14:55:46","modified_gmt":"2024-09-16T12:55:46","slug":"grona-lund","status":"publish","type":"projects","link":"https:\/\/efterklang.org\/sv\/projects\/grona-lund\/","title":{"rendered":"Gr\u00f6na Lund"},"content":{"rendered":"<h6>Bakgrund<\/h6>\n<p>Ljuddesign f\u00f6r Gr\u00f6na Lunds reklamfilmer.<\/p>\n<h6>Uppdrag<\/h6>\n<p>Efterklang har ansvarat f\u00f6r ljuddesignen i Gr\u00f6na Lunds reklamfilmer. Den ena f\u00f6r berg-och-dalbanan Monster, med actionsp\u00e4ckad ljudl\u00e4ggning. Den andra f\u00f6r Gr\u00f6na Lunds vinterupplevelse Winter Wonderland, med sagolik och lekfull ljudl\u00e4ggning. Vi har gjort ljudproduktion, mix och master f\u00f6r b\u00e4gge.<\/p>\n<p>Filmproduktion: Filmic Art<\/p>\n","protected":false},"featured_media":9843,"template":"","project_category":[281,282,268,238],"country":[333],"sector":[341],"class_list":["post-13550","projects","type-projects","status-publish","has-post-thumbnail","hentry","project_category-ljudlaggning-av-film","project_category-ljudproduktion","project_category-reklamkampanjer","project_category-studio-sv","country-sverigesweden-sv","sector-branding-och-kommunikation"],"acf":[],"yoast_head":"<!-- This site is optimized with the Yoast SEO plugin v22.1 - https:\/\/yoast.com\/wordpress\/plugins\/seo\/ -->\n<title>Gr\u00f6na Lund - Efterklang<\/title>\n<meta name=\"description\" content=\"Efterklang har skapat ljuddesignen f\u00f6r Gr\u00f6na Lunds reklam-filmer.\" \/>\n<meta name=\"robots\" content=\"index, follow, max-snippet:-1, max-image-preview:large, max-video-preview:-1\" \/>\n<link rel=\"canonical\" href=\"https:\/\/efterklang.org\/sv\/projects\/grona-lund\/\" \/>\n<meta property=\"og:locale\" content=\"sv_SE\" \/>\n<meta property=\"og:type\" content=\"article\" \/>\n<meta property=\"og:title\" content=\"Gr\u00f6na Lund - Efterklang\" \/>\n<meta property=\"og:description\" content=\"Efterklang har skapat ljuddesignen f\u00f6r Gr\u00f6na Lunds reklam-filmer.\" \/>\n<meta property=\"og:url\" content=\"https:\/\/efterklang.org\/sv\/projects\/grona-lund\/\" \/>\n<meta property=\"og:site_name\" content=\"Efterklang\" \/>\n<meta property=\"article:modified_time\" content=\"2024-09-16T12:55:46+00:00\" \/>\n<meta property=\"og:image\" content=\"https:\/\/efterklang.org\/wp-content\/uploads\/2022\/11\/Gro\u0308na-Lund-Winter-Wonderland.jpg\" \/>\n\t<meta property=\"og:image:width\" content=\"3042\" \/>\n\t<meta property=\"og:image:height\" content=\"1702\" \/>\n\t<meta property=\"og:image:type\" content=\"image\/jpeg\" \/>\n<meta name=\"twitter:card\" content=\"summary_large_image\" \/>\n<script type=\"application\/ld+json\" class=\"yoast-schema-graph\">{\"@context\":\"https:\/\/schema.org\",\"@graph\":[{\"@type\":\"WebPage\",\"@id\":\"https:\/\/efterklang.org\/sv\/projects\/grona-lund\/\",\"url\":\"https:\/\/efterklang.org\/sv\/projects\/grona-lund\/\",\"name\":\"Gr\u00f6na Lund - Efterklang\",\"isPartOf\":{\"@id\":\"https:\/\/efterklang.org\/#website\"},\"datePublished\":\"2024-08-30T07:24:38+00:00\",\"dateModified\":\"2024-09-16T12:55:46+00:00\",\"description\":\"Efterklang har skapat ljuddesignen f\u00f6r Gr\u00f6na Lunds reklam-filmer.\",\"breadcrumb\":{\"@id\":\"https:\/\/efterklang.org\/sv\/projects\/grona-lund\/#breadcrumb\"},\"inLanguage\":\"sv-SE\",\"potentialAction\":[{\"@type\":\"ReadAction\",\"target\":[\"https:\/\/efterklang.org\/sv\/projects\/grona-lund\/\"]}]},{\"@type\":\"BreadcrumbList\",\"@id\":\"https:\/\/efterklang.org\/sv\/projects\/grona-lund\/#breadcrumb\",\"itemListElement\":[{\"@type\":\"ListItem\",\"position\":1,\"name\":\"Home\",\"item\":\"https:\/\/efterklang.org\/sv\/\"},{\"@type\":\"ListItem\",\"position\":2,\"name\":\"Our projects\",\"item\":\"https:\/\/efterklang.org\/projects\/?lang=sv\"},{\"@type\":\"ListItem\",\"position\":3,\"name\":\"Gr\u00f6na Lund\"}]},{\"@type\":\"WebSite\",\"@id\":\"https:\/\/efterklang.org\/#website\",\"url\":\"https:\/\/efterklang.org\/\",\"name\":\"Efterklang\",\"description\":\"P\u00e5 Efterklang designar och s\u00e4krar vi ljudmilj\u00f6er.\",\"publisher\":{\"@id\":\"https:\/\/efterklang.org\/#organization\"},\"potentialAction\":[{\"@type\":\"SearchAction\",\"target\":{\"@type\":\"EntryPoint\",\"urlTemplate\":\"https:\/\/efterklang.org\/?s={search_term_string}\"},\"query-input\":\"required name=search_term_string\"}],\"inLanguage\":\"sv-SE\"},{\"@type\":\"Organization\",\"@id\":\"https:\/\/efterklang.org\/#organization\",\"name\":\"Efterklang\",\"url\":\"https:\/\/efterklang.org\/\",\"logo\":{\"@type\":\"ImageObject\",\"inLanguage\":\"sv-SE\",\"@id\":\"https:\/\/efterklang.org\/#\/schema\/logo\/image\/\",\"url\":\"https:\/\/efterklang.org\/wp-content\/uploads\/2021\/10\/Asset-25.svg\",\"contentUrl\":\"https:\/\/efterklang.org\/wp-content\/uploads\/2021\/10\/Asset-25.svg\",\"caption\":\"Efterklang\"},\"image\":{\"@id\":\"https:\/\/efterklang.org\/#\/schema\/logo\/image\/\"}}]}<\/script>\n<!-- \/ Yoast SEO plugin. -->","yoast_head_json":{"title":"Gr\u00f6na Lund - Efterklang","description":"Efterklang har skapat ljuddesignen f\u00f6r Gr\u00f6na Lunds reklam-filmer.","robots":{"index":"index","follow":"follow","max-snippet":"max-snippet:-1","max-image-preview":"max-image-preview:large","max-video-preview":"max-video-preview:-1"},"canonical":"https:\/\/efterklang.org\/sv\/projects\/grona-lund\/","og_locale":"sv_SE","og_type":"article","og_title":"Gr\u00f6na Lund - Efterklang","og_description":"Efterklang har skapat ljuddesignen f\u00f6r Gr\u00f6na Lunds reklam-filmer.","og_url":"https:\/\/efterklang.org\/sv\/projects\/grona-lund\/","og_site_name":"Efterklang","article_modified_time":"2024-09-16T12:55:46+00:00","og_image":[{"width":3042,"height":1702,"url":"https:\/\/efterklang.org\/wp-content\/uploads\/2022\/11\/Gro\u0308na-Lund-Winter-Wonderland.jpg","type":"image\/jpeg"}],"twitter_card":"summary_large_image","schema":{"@context":"https:\/\/schema.org","@graph":[{"@type":"WebPage","@id":"https:\/\/efterklang.org\/sv\/projects\/grona-lund\/","url":"https:\/\/efterklang.org\/sv\/projects\/grona-lund\/","name":"Gr\u00f6na Lund - Efterklang","isPartOf":{"@id":"https:\/\/efterklang.org\/#website"},"datePublished":"2024-08-30T07:24:38+00:00","dateModified":"2024-09-16T12:55:46+00:00","description":"Efterklang har skapat ljuddesignen f\u00f6r Gr\u00f6na Lunds reklam-filmer.","breadcrumb":{"@id":"https:\/\/efterklang.org\/sv\/projects\/grona-lund\/#breadcrumb"},"inLanguage":"sv-SE","potentialAction":[{"@type":"ReadAction","target":["https:\/\/efterklang.org\/sv\/projects\/grona-lund\/"]}]},{"@type":"BreadcrumbList","@id":"https:\/\/efterklang.org\/sv\/projects\/grona-lund\/#breadcrumb","itemListElement":[{"@type":"ListItem","position":1,"name":"Home","item":"https:\/\/efterklang.org\/sv\/"},{"@type":"ListItem","position":2,"name":"Our projects","item":"https:\/\/efterklang.org\/projects\/?lang=sv"},{"@type":"ListItem","position":3,"name":"Gr\u00f6na Lund"}]},{"@type":"WebSite","@id":"https:\/\/efterklang.org\/#website","url":"https:\/\/efterklang.org\/","name":"Efterklang","description":"P\u00e5 Efterklang designar och s\u00e4krar vi ljudmilj\u00f6er.","publisher":{"@id":"https:\/\/efterklang.org\/#organization"},"potentialAction":[{"@type":"SearchAction","target":{"@type":"EntryPoint","urlTemplate":"https:\/\/efterklang.org\/?s={search_term_string}"},"query-input":"required name=search_term_string"}],"inLanguage":"sv-SE"},{"@type":"Organization","@id":"https:\/\/efterklang.org\/#organization","name":"Efterklang","url":"https:\/\/efterklang.org\/","logo":{"@type":"ImageObject","inLanguage":"sv-SE","@id":"https:\/\/efterklang.org\/#\/schema\/logo\/image\/","url":"https:\/\/efterklang.org\/wp-content\/uploads\/2021\/10\/Asset-25.svg","contentUrl":"https:\/\/efterklang.org\/wp-content\/uploads\/2021\/10\/Asset-25.svg","caption":"Efterklang"},"image":{"@id":"https:\/\/efterklang.org\/#\/schema\/logo\/image\/"}}]}},"_links":{"self":[{"href":"https:\/\/efterklang.org\/sv\/wp-json\/wp\/v2\/projects\/13550","targetHints":{"allow":["GET"]}}],"collection":[{"href":"https:\/\/efterklang.org\/sv\/wp-json\/wp\/v2\/projects"}],"about":[{"href":"https:\/\/efterklang.org\/sv\/wp-json\/wp\/v2\/types\/projects"}],"version-history":[{"count":6,"href":"https:\/\/efterklang.org\/sv\/wp-json\/wp\/v2\/projects\/13550\/revisions"}],"predecessor-version":[{"id":13702,"href":"https:\/\/efterklang.org\/sv\/wp-json\/wp\/v2\/projects\/13550\/revisions\/13702"}],"wp:featuredmedia":[{"embeddable":true,"href":"https:\/\/efterklang.org\/sv\/wp-json\/wp\/v2\/media\/9843"}],"wp:attachment":[{"href":"https:\/\/efterklang.org\/sv\/wp-json\/wp\/v2\/media?parent=13550"}],"wp:term":[{"taxonomy":"project_category","embeddable":true,"href":"https:\/\/efterklang.org\/sv\/wp-json\/wp\/v2\/project_category?post=13550"},{"taxonomy":"country","embeddable":true,"href":"https:\/\/efterklang.org\/sv\/wp-json\/wp\/v2\/country?post=13550"},{"taxonomy":"sector","embeddable":true,"href":"https:\/\/efterklang.org\/sv\/wp-json\/wp\/v2\/sector?post=13550"}],"curies":[{"name":"wp","href":"https:\/\/api.w.org\/{rel}","templated":true}]}}

Gröna Lund

<h6>Bakgrund</h6>
<p>Ljuddesign för Gröna Lunds reklamfilmer.</p>
<h6>Uppdrag</h6>
<p>Efterklang har ansvarat för ljuddesignen i Gröna Lunds reklamfilmer. Den ena för berg-och-dalbanan Monster, med actionspäckad ljudläggning. Den andra för Gröna Lunds vinterupplevelse Winter Wonderland, med sagolik och lekfull ljudläggning. Vi har gjort ljudproduktion, mix och master för bägge.</p>
<p>Filmproduktion: Filmic Art</p>

<!-- This site is optimized with the Yoast SEO plugin v22.1 - https://yoast.com/wordpress/plugins/seo/ -->
<title>Gröna Lund - Efterklang</title>
<meta name="description" content="Efterklang har skapat ljuddesignen för Gröna Lunds reklam-filmer." />
<meta name="robots" content="index, follow, max-snippet:-1, max-image-preview:large, max-video-preview:-1" />
<link rel="canonical" href="https://efterklang.org/sv/projects/grona-lund/" />
<meta property="og:locale" content="sv_SE" />
<meta property="og:type" content="article" />
<meta property="og:title" content="Gröna Lund - Efterklang" />
<meta property="og:description" content="Efterklang har skapat ljuddesignen för Gröna Lunds reklam-filmer." />
<meta property="og:url" content="https://efterklang.org/sv/projects/grona-lund/" />
<meta property="og:site_name" content="Efterklang" />
<meta property="article:modified_time" content="2024-09-16T12:55:46+00:00" />
<meta property="og:image" content="https://efterklang.org/wp-content/uploads/2022/11/Gröna-Lund-Winter-Wonderland.jpg" />
	<meta property="og:image:width" content="3042" />
	<meta property="og:image:height" content="1702" />
	<meta property="og:image:type" content="image/jpeg" />
<meta name="twitter:card" content="summary_large_image" />
<script type="application/ld+json" class="yoast-schema-graph">{"@context":"https://schema.org","@graph":[{"@type":"WebPage","@id":"https://efterklang.org/sv/projects/grona-lund/","url":"https://efterklang.org/sv/projects/grona-lund/","name":"Gröna Lund - Efterklang","isPartOf":{"@id":"https://efterklang.org/#website"},"datePublished":"2024-08-30T07:24:38+00:00","dateModified":"2024-09-16T12:55:46+00:00","description":"Efterklang har skapat ljuddesignen för Gröna Lunds reklam-filmer.","breadcrumb":{"@id":"https://efterklang.org/sv/projects/grona-lund/#breadcrumb"},"inLanguage":"sv-SE","potentialAction":[{"@type":"ReadAction","target":["https://efterklang.org/sv/projects/grona-lund/"]}]},{"@type":"BreadcrumbList","@id":"https://efterklang.org/sv/projects/grona-lund/#breadcrumb","itemListElement":[{"@type":"ListItem","position":1,"name":"Home","item":"https://efterklang.org/sv/"},{"@type":"ListItem","position":2,"name":"Our projects","item":"https://efterklang.org/projects/?lang=sv"},{"@type":"ListItem","position":3,"name":"Gröna Lund"}]},{"@type":"WebSite","@id":"https://efterklang.org/#website","url":"https://efterklang.org/","name":"Efterklang","description":"På Efterklang designar och säkrar vi ljudmiljöer.","publisher":{"@id":"https://efterklang.org/#organization"},"potentialAction":[{"@type":"SearchAction","target":{"@type":"EntryPoint","urlTemplate":"https://efterklang.org/?s={search_term_string}"},"query-input":"required name=search_term_string"}],"inLanguage":"sv-SE"},{"@type":"Organization","@id":"https://efterklang.org/#organization","name":"Efterklang","url":"https://efterklang.org/","logo":{"@type":"ImageObject","inLanguage":"sv-SE","@id":"https://efterklang.org/#/schema/logo/image/","url":"https://efterklang.org/wp-content/uploads/2021/10/Asset-25.svg","contentUrl":"https://efterklang.org/wp-content/uploads/2021/10/Asset-25.svg","caption":"Efterklang"},"image":{"@id":"https://efterklang.org/#/schema/logo/image/"}}]}</script>
<!-- / Yoast SEO plugin. -->

Gröna Lund - Efterklang

Efterklang har skapat ljuddesignen för Gröna Lunds reklam-filmer.

På Efterklang designar och säkrar vi ljudmiljöer.
