{"id":12755,"date":"2024-04-12T14:40:13","date_gmt":"2024-04-12T12:40:13","guid":{"rendered":"https:\/\/efterklang.org\/projects\/cmpc-guaiba-massabruk-brazil\/"},"modified":"2024-04-15T13:35:54","modified_gmt":"2024-04-15T11:35:54","slug":"cmpc-guaiba-massabruk-brazil","status":"publish","type":"projects","link":"https:\/\/efterklang.org\/sv\/projects\/cmpc-guaiba-massabruk-brazil\/","title":{"rendered":"CMPC Gua\u00edba massabruk, Brasilien"},"content":{"rendered":"<h6>BAKGRUND<\/h6>\n<p>BioCMPC-projektet utformades noggrant baserat p\u00e5 f\u00f6retagets syfte: Skapande, Samexistens och Bevarande. Initiativet uppstod efter att studier visade m\u00f6jligheter till f\u00f6rb\u00e4ttringar av milj\u00f6prestanda och effektivitet f\u00f6r divisionen.<\/p>\n<p>Projektinterventionerna \u00e4r uppdelade i \u00e5tg\u00e4rder kring implementering av ny milj\u00f6kontrollutrustning och f\u00f6rb\u00e4ttring av befintliga system, nya initiativ fokuserade p\u00e5 milj\u00f6ledning samt operationell moderniserings\u00e5tg\u00e4rder.<\/p>\n<h6>UPPDRAG<\/h6>\n<p>Under 2021 hade Efterklang veckovisa online-m\u00f6ten med alla potentiella leverant\u00f6rer f\u00f6r projektet f\u00f6r att bed\u00f6ma kvaliteten p\u00e5 deras f\u00f6reslagna utrustning med avseende p\u00e5 ljud och vibrationer, samtidigt som vi hj\u00e4lpte dem att ge CMPC de b\u00e4sta m\u00f6jliga f\u00f6rslagen f\u00f6r de nya faciliteterna, baserat p\u00e5 b\u00e5de allm\u00e4nna och specifika ljudkrav som vi st\u00e4llt f\u00f6r projektet.<\/p>\n<p>Efter avslutad leverant\u00f6rsutv\u00e4rdering och tilldelningsprocess fortsatte vi att st\u00f6dja CMPC med kontroll av \u00e4ndringar i projektet som kunde p\u00e5verka ljudsituationen, och vi har varit i Brasilien flera g\u00e5nger f\u00f6r att genomf\u00f6ra externa bullerkartl\u00e4ggningar. Parallellt med detta utarbetades en ljudbegr\u00e4nsningsplan f\u00f6r att minska buller fr\u00e5n den befintliga anl\u00e4ggningen.<\/p>\n<p>I slutet av 2023 genomf\u00f6rde vi prelimin\u00e4ra acceptanstester av den nya utrustningen f\u00f6r att utv\u00e4rdera om den uppfyllde ljudkraven f\u00f6r varje leverant\u00f6rs utrustning och anl\u00e4ggningar enligt de riktlinjer vi fastst\u00e4llt i b\u00f6rjan av projektet.<\/p>\n<h6>RESULTAT<\/h6>\n<p>PA-testresultaten visade att f\u00f6r alla delar av BioCMPC-projektet d\u00e4r v\u00e5ra rekommendationer f\u00f6ljdes, uppfyllde utrustningen v\u00e5ra f\u00f6rv\u00e4ntningar n\u00e4r det g\u00e4ller ljud- och vibrationsniv\u00e5er. F\u00f6r de delar som inte uppfyllde dessa krav har nya \u00e5tg\u00e4rder f\u00f6reslagits och vi forts\u00e4tter att st\u00f6dja CMPC i att n\u00e5 milj\u00f6m\u00e5let f\u00f6r projektet n\u00e4r det g\u00e4ller ljud. Dessutom, genom att systematiskt identifiera olika ljudk\u00e4llor och till\u00e4mpa ljudbegr\u00e4nsnings\u00e5tg\u00e4rder under hela uppdraget, kan vi s\u00e4kerst\u00e4lla att ljudniv\u00e5erna kan reduceras avsev\u00e4rt och att samh\u00e4llets komfort vad g\u00e4ller ljuduppfattning ytterligare f\u00f6rb\u00e4ttras.<\/p>\n","protected":false},"featured_media":12753,"template":"","project_category":[235,306,312],"country":[402],"sector":[374],"class_list":["post-12755","projects","type-projects","status-publish","has-post-thumbnail","hentry","project_category-buller","project_category-bullerutredning","project_category-atgardsforslag","country-other-sv","sector-pappersmassa"],"acf":[],"yoast_head":"<!-- This site is optimized with the Yoast SEO plugin v22.1 - https:\/\/yoast.com\/wordpress\/plugins\/seo\/ -->\n<title>CMPC Gua\u00edba massabruk, Brasilien - Efterklang<\/title>\n<meta name=\"description\" content=\"Efterklang har hj\u00e4lpt CMPC med buller\u00e5tg\u00e4rder p\u00e5 nya och befintliga system p\u00e5 pappersmassfabriken i Gua\u00edba.\" \/>\n<meta name=\"robots\" content=\"index, follow, max-snippet:-1, max-image-preview:large, max-video-preview:-1\" \/>\n<link rel=\"canonical\" href=\"https:\/\/efterklang.org\/sv\/projects\/cmpc-guaiba-massabruk-brazil\/\" \/>\n<meta property=\"og:locale\" content=\"sv_SE\" \/>\n<meta property=\"og:type\" content=\"article\" \/>\n<meta property=\"og:title\" content=\"CMPC Gua\u00edba massabruk, Brasilien - Efterklang\" \/>\n<meta property=\"og:description\" content=\"Efterklang har hj\u00e4lpt CMPC med buller\u00e5tg\u00e4rder p\u00e5 nya och befintliga system p\u00e5 pappersmassfabriken i Gua\u00edba.\" \/>\n<meta property=\"og:url\" content=\"https:\/\/efterklang.org\/sv\/projects\/cmpc-guaiba-massabruk-brazil\/\" \/>\n<meta property=\"og:site_name\" content=\"Efterklang\" \/>\n<meta property=\"article:modified_time\" content=\"2024-04-15T11:35:54+00:00\" \/>\n<meta property=\"og:image\" content=\"https:\/\/efterklang.org\/wp-content\/uploads\/2024\/04\/CMPC_1.png\" \/>\n\t<meta property=\"og:image:width\" content=\"1000\" \/>\n\t<meta property=\"og:image:height\" content=\"632\" \/>\n\t<meta property=\"og:image:type\" content=\"image\/png\" \/>\n<meta name=\"twitter:card\" content=\"summary_large_image\" \/>\n<meta name=\"twitter:label1\" content=\"Ber\u00e4knad l\u00e4stid\" \/>\n\t<meta name=\"twitter:data1\" content=\"2 minuter\" \/>\n<script type=\"application\/ld+json\" class=\"yoast-schema-graph\">{\"@context\":\"https:\/\/schema.org\",\"@graph\":[{\"@type\":\"WebPage\",\"@id\":\"https:\/\/efterklang.org\/sv\/projects\/cmpc-guaiba-massabruk-brazil\/\",\"url\":\"https:\/\/efterklang.org\/sv\/projects\/cmpc-guaiba-massabruk-brazil\/\",\"name\":\"CMPC Gua\u00edba massabruk, Brasilien - Efterklang\",\"isPartOf\":{\"@id\":\"https:\/\/efterklang.org\/#website\"},\"datePublished\":\"2024-04-12T12:40:13+00:00\",\"dateModified\":\"2024-04-15T11:35:54+00:00\",\"description\":\"Efterklang har hj\u00e4lpt CMPC med buller\u00e5tg\u00e4rder p\u00e5 nya och befintliga system p\u00e5 pappersmassfabriken i Gua\u00edba.\",\"breadcrumb\":{\"@id\":\"https:\/\/efterklang.org\/sv\/projects\/cmpc-guaiba-massabruk-brazil\/#breadcrumb\"},\"inLanguage\":\"sv-SE\",\"potentialAction\":[{\"@type\":\"ReadAction\",\"target\":[\"https:\/\/efterklang.org\/sv\/projects\/cmpc-guaiba-massabruk-brazil\/\"]}]},{\"@type\":\"BreadcrumbList\",\"@id\":\"https:\/\/efterklang.org\/sv\/projects\/cmpc-guaiba-massabruk-brazil\/#breadcrumb\",\"itemListElement\":[{\"@type\":\"ListItem\",\"position\":1,\"name\":\"Home\",\"item\":\"https:\/\/efterklang.org\/sv\/\"},{\"@type\":\"ListItem\",\"position\":2,\"name\":\"Our projects\",\"item\":\"https:\/\/efterklang.org\/projects\/?lang=sv\"},{\"@type\":\"ListItem\",\"position\":3,\"name\":\"CMPC Gua\u00edba massabruk, Brasilien\"}]},{\"@type\":\"WebSite\",\"@id\":\"https:\/\/efterklang.org\/#website\",\"url\":\"https:\/\/efterklang.org\/\",\"name\":\"Efterklang\",\"description\":\"P\u00e5 Efterklang designar och s\u00e4krar vi ljudmilj\u00f6er.\",\"publisher\":{\"@id\":\"https:\/\/efterklang.org\/#organization\"},\"potentialAction\":[{\"@type\":\"SearchAction\",\"target\":{\"@type\":\"EntryPoint\",\"urlTemplate\":\"https:\/\/efterklang.org\/?s={search_term_string}\"},\"query-input\":\"required name=search_term_string\"}],\"inLanguage\":\"sv-SE\"},{\"@type\":\"Organization\",\"@id\":\"https:\/\/efterklang.org\/#organization\",\"name\":\"Efterklang\",\"url\":\"https:\/\/efterklang.org\/\",\"logo\":{\"@type\":\"ImageObject\",\"inLanguage\":\"sv-SE\",\"@id\":\"https:\/\/efterklang.org\/#\/schema\/logo\/image\/\",\"url\":\"https:\/\/efterklang.org\/wp-content\/uploads\/2021\/10\/Asset-25.svg\",\"contentUrl\":\"https:\/\/efterklang.org\/wp-content\/uploads\/2021\/10\/Asset-25.svg\",\"caption\":\"Efterklang\"},\"image\":{\"@id\":\"https:\/\/efterklang.org\/#\/schema\/logo\/image\/\"}}]}<\/script>\n<!-- \/ Yoast SEO plugin. -->","yoast_head_json":{"title":"CMPC Gua\u00edba massabruk, Brasilien - Efterklang","description":"Efterklang har hj\u00e4lpt CMPC med buller\u00e5tg\u00e4rder p\u00e5 nya och befintliga system p\u00e5 pappersmassfabriken i Gua\u00edba.","robots":{"index":"index","follow":"follow","max-snippet":"max-snippet:-1","max-image-preview":"max-image-preview:large","max-video-preview":"max-video-preview:-1"},"canonical":"https:\/\/efterklang.org\/sv\/projects\/cmpc-guaiba-massabruk-brazil\/","og_locale":"sv_SE","og_type":"article","og_title":"CMPC Gua\u00edba massabruk, Brasilien - Efterklang","og_description":"Efterklang har hj\u00e4lpt CMPC med buller\u00e5tg\u00e4rder p\u00e5 nya och befintliga system p\u00e5 pappersmassfabriken i Gua\u00edba.","og_url":"https:\/\/efterklang.org\/sv\/projects\/cmpc-guaiba-massabruk-brazil\/","og_site_name":"Efterklang","article_modified_time":"2024-04-15T11:35:54+00:00","og_image":[{"width":1000,"height":632,"url":"https:\/\/efterklang.org\/wp-content\/uploads\/2024\/04\/CMPC_1.png","type":"image\/png"}],"twitter_card":"summary_large_image","twitter_misc":{"Ber\u00e4knad l\u00e4stid":"2 minuter"},"schema":{"@context":"https:\/\/schema.org","@graph":[{"@type":"WebPage","@id":"https:\/\/efterklang.org\/sv\/projects\/cmpc-guaiba-massabruk-brazil\/","url":"https:\/\/efterklang.org\/sv\/projects\/cmpc-guaiba-massabruk-brazil\/","name":"CMPC Gua\u00edba massabruk, Brasilien - Efterklang","isPartOf":{"@id":"https:\/\/efterklang.org\/#website"},"datePublished":"2024-04-12T12:40:13+00:00","dateModified":"2024-04-15T11:35:54+00:00","description":"Efterklang har hj\u00e4lpt CMPC med buller\u00e5tg\u00e4rder p\u00e5 nya och befintliga system p\u00e5 pappersmassfabriken i Gua\u00edba.","breadcrumb":{"@id":"https:\/\/efterklang.org\/sv\/projects\/cmpc-guaiba-massabruk-brazil\/#breadcrumb"},"inLanguage":"sv-SE","potentialAction":[{"@type":"ReadAction","target":["https:\/\/efterklang.org\/sv\/projects\/cmpc-guaiba-massabruk-brazil\/"]}]},{"@type":"BreadcrumbList","@id":"https:\/\/efterklang.org\/sv\/projects\/cmpc-guaiba-massabruk-brazil\/#breadcrumb","itemListElement":[{"@type":"ListItem","position":1,"name":"Home","item":"https:\/\/efterklang.org\/sv\/"},{"@type":"ListItem","position":2,"name":"Our projects","item":"https:\/\/efterklang.org\/projects\/?lang=sv"},{"@type":"ListItem","position":3,"name":"CMPC Gua\u00edba massabruk, Brasilien"}]},{"@type":"WebSite","@id":"https:\/\/efterklang.org\/#website","url":"https:\/\/efterklang.org\/","name":"Efterklang","description":"P\u00e5 Efterklang designar och s\u00e4krar vi ljudmilj\u00f6er.","publisher":{"@id":"https:\/\/efterklang.org\/#organization"},"potentialAction":[{"@type":"SearchAction","target":{"@type":"EntryPoint","urlTemplate":"https:\/\/efterklang.org\/?s={search_term_string}"},"query-input":"required name=search_term_string"}],"inLanguage":"sv-SE"},{"@type":"Organization","@id":"https:\/\/efterklang.org\/#organization","name":"Efterklang","url":"https:\/\/efterklang.org\/","logo":{"@type":"ImageObject","inLanguage":"sv-SE","@id":"https:\/\/efterklang.org\/#\/schema\/logo\/image\/","url":"https:\/\/efterklang.org\/wp-content\/uploads\/2021\/10\/Asset-25.svg","contentUrl":"https:\/\/efterklang.org\/wp-content\/uploads\/2021\/10\/Asset-25.svg","caption":"Efterklang"},"image":{"@id":"https:\/\/efterklang.org\/#\/schema\/logo\/image\/"}}]}},"_links":{"self":[{"href":"https:\/\/efterklang.org\/sv\/wp-json\/wp\/v2\/projects\/12755","targetHints":{"allow":["GET"]}}],"collection":[{"href":"https:\/\/efterklang.org\/sv\/wp-json\/wp\/v2\/projects"}],"about":[{"href":"https:\/\/efterklang.org\/sv\/wp-json\/wp\/v2\/types\/projects"}],"version-history":[{"count":6,"href":"https:\/\/efterklang.org\/sv\/wp-json\/wp\/v2\/projects\/12755\/revisions"}],"predecessor-version":[{"id":12763,"href":"https:\/\/efterklang.org\/sv\/wp-json\/wp\/v2\/projects\/12755\/revisions\/12763"}],"wp:featuredmedia":[{"embeddable":true,"href":"https:\/\/efterklang.org\/sv\/wp-json\/wp\/v2\/media\/12753"}],"wp:attachment":[{"href":"https:\/\/efterklang.org\/sv\/wp-json\/wp\/v2\/media?parent=12755"}],"wp:term":[{"taxonomy":"project_category","embeddable":true,"href":"https:\/\/efterklang.org\/sv\/wp-json\/wp\/v2\/project_category?post=12755"},{"taxonomy":"country","embeddable":true,"href":"https:\/\/efterklang.org\/sv\/wp-json\/wp\/v2\/country?post=12755"},{"taxonomy":"sector","embeddable":true,"href":"https:\/\/efterklang.org\/sv\/wp-json\/wp\/v2\/sector?post=12755"}],"curies":[{"name":"wp","href":"https:\/\/api.w.org\/{rel}","templated":true}]}}

CMPC Guaíba massabruk, Brasilien

<h6>BAKGRUND</h6>
<p>BioCMPC-projektet utformades noggrant baserat på företagets syfte: Skapande, Samexistens och Bevarande. Initiativet uppstod efter att studier visade möjligheter till förbättringar av miljöprestanda och effektivitet för divisionen.</p>
<p>Projektinterventionerna är uppdelade i åtgärder kring implementering av ny miljökontrollutrustning och förbättring av befintliga system, nya initiativ fokuserade på miljöledning samt operationell moderniseringsåtgärder.</p>
<h6>UPPDRAG</h6>
<p>Under 2021 hade Efterklang veckovisa online-möten med alla potentiella leverantörer för projektet för att bedöma kvaliteten på deras föreslagna utrustning med avseende på ljud och vibrationer, samtidigt som vi hjälpte dem att ge CMPC de bästa möjliga förslagen för de nya faciliteterna, baserat på både allmänna och specifika ljudkrav som vi ställt för projektet.</p>
<p>Efter avslutad leverantörsutvärdering och tilldelningsprocess fortsatte vi att stödja CMPC med kontroll av ändringar i projektet som kunde påverka ljudsituationen, och vi har varit i Brasilien flera gånger för att genomföra externa bullerkartläggningar. Parallellt med detta utarbetades en ljudbegränsningsplan för att minska buller från den befintliga anläggningen.</p>
<p>I slutet av 2023 genomförde vi preliminära acceptanstester av den nya utrustningen för att utvärdera om den uppfyllde ljudkraven för varje leverantörs utrustning och anläggningar enligt de riktlinjer vi fastställt i början av projektet.</p>
<h6>RESULTAT</h6>
<p>PA-testresultaten visade att för alla delar av BioCMPC-projektet där våra rekommendationer följdes, uppfyllde utrustningen våra förväntningar när det gäller ljud- och vibrationsnivåer. För de delar som inte uppfyllde dessa krav har nya åtgärder föreslagits och vi fortsätter att stödja CMPC i att nå miljömålet för projektet när det gäller ljud. Dessutom, genom att systematiskt identifiera olika ljudkällor och tillämpa ljudbegränsningsåtgärder under hela uppdraget, kan vi säkerställa att ljudnivåerna kan reduceras avsevärt och att samhällets komfort vad gäller ljuduppfattning ytterligare förbättras.</p>

<!-- This site is optimized with the Yoast SEO plugin v22.1 - https://yoast.com/wordpress/plugins/seo/ -->
<title>CMPC Guaíba massabruk, Brasilien - Efterklang</title>
<meta name="description" content="Efterklang har hjälpt CMPC med bulleråtgärder på nya och befintliga system på pappersmassfabriken i Guaíba." />
<meta name="robots" content="index, follow, max-snippet:-1, max-image-preview:large, max-video-preview:-1" />
<link rel="canonical" href="https://efterklang.org/sv/projects/cmpc-guaiba-massabruk-brazil/" />
<meta property="og:locale" content="sv_SE" />
<meta property="og:type" content="article" />
<meta property="og:title" content="CMPC Guaíba massabruk, Brasilien - Efterklang" />
<meta property="og:description" content="Efterklang har hjälpt CMPC med bulleråtgärder på nya och befintliga system på pappersmassfabriken i Guaíba." />
<meta property="og:url" content="https://efterklang.org/sv/projects/cmpc-guaiba-massabruk-brazil/" />
<meta property="og:site_name" content="Efterklang" />
<meta property="article:modified_time" content="2024-04-15T11:35:54+00:00" />
<meta property="og:image" content="https://efterklang.org/wp-content/uploads/2024/04/CMPC_1.png" />
	<meta property="og:image:width" content="1000" />
	<meta property="og:image:height" content="632" />
	<meta property="og:image:type" content="image/png" />
<meta name="twitter:card" content="summary_large_image" />
<meta name="twitter:label1" content="Beräknad lästid" />
	<meta name="twitter:data1" content="2 minuter" />
<script type="application/ld+json" class="yoast-schema-graph">{"@context":"https://schema.org","@graph":[{"@type":"WebPage","@id":"https://efterklang.org/sv/projects/cmpc-guaiba-massabruk-brazil/","url":"https://efterklang.org/sv/projects/cmpc-guaiba-massabruk-brazil/","name":"CMPC Guaíba massabruk, Brasilien - Efterklang","isPartOf":{"@id":"https://efterklang.org/#website"},"datePublished":"2024-04-12T12:40:13+00:00","dateModified":"2024-04-15T11:35:54+00:00","description":"Efterklang har hjälpt CMPC med bulleråtgärder på nya och befintliga system på pappersmassfabriken i Guaíba.","breadcrumb":{"@id":"https://efterklang.org/sv/projects/cmpc-guaiba-massabruk-brazil/#breadcrumb"},"inLanguage":"sv-SE","potentialAction":[{"@type":"ReadAction","target":["https://efterklang.org/sv/projects/cmpc-guaiba-massabruk-brazil/"]}]},{"@type":"BreadcrumbList","@id":"https://efterklang.org/sv/projects/cmpc-guaiba-massabruk-brazil/#breadcrumb","itemListElement":[{"@type":"ListItem","position":1,"name":"Home","item":"https://efterklang.org/sv/"},{"@type":"ListItem","position":2,"name":"Our projects","item":"https://efterklang.org/projects/?lang=sv"},{"@type":"ListItem","position":3,"name":"CMPC Guaíba massabruk, Brasilien"}]},{"@type":"WebSite","@id":"https://efterklang.org/#website","url":"https://efterklang.org/","name":"Efterklang","description":"På Efterklang designar och säkrar vi ljudmiljöer.","publisher":{"@id":"https://efterklang.org/#organization"},"potentialAction":[{"@type":"SearchAction","target":{"@type":"EntryPoint","urlTemplate":"https://efterklang.org/?s={search_term_string}"},"query-input":"required name=search_term_string"}],"inLanguage":"sv-SE"},{"@type":"Organization","@id":"https://efterklang.org/#organization","name":"Efterklang","url":"https://efterklang.org/","logo":{"@type":"ImageObject","inLanguage":"sv-SE","@id":"https://efterklang.org/#/schema/logo/image/","url":"https://efterklang.org/wp-content/uploads/2021/10/Asset-25.svg","contentUrl":"https://efterklang.org/wp-content/uploads/2021/10/Asset-25.svg","caption":"Efterklang"},"image":{"@id":"https://efterklang.org/#/schema/logo/image/"}}]}</script>
<!-- / Yoast SEO plugin. -->

CMPC Guaíba massabruk, Brasilien - Efterklang

Efterklang har hjälpt CMPC med bulleråtgärder på nya och befintliga system på pappersmassfabriken i Guaíba.

På Efterklang designar och säkrar vi ljudmiljöer.
