{"id":11779,"date":"2023-10-13T11:51:05","date_gmt":"2023-10-13T09:51:05","guid":{"rendered":"https:\/\/efterklang.org\/?post_type=projects&#038;p=11779"},"modified":"2024-02-16T11:10:09","modified_gmt":"2024-02-16T10:10:09","slug":"orkla-foods-och-renahav-kungshamn","status":"publish","type":"projects","link":"https:\/\/efterklang.org\/sv\/projects\/orkla-foods-och-renahav-kungshamn\/","title":{"rendered":"Orkla Foods och Renahav, Kungshamn"},"content":{"rendered":"<h6>Bakgrund<\/h6>\n<p>Orkla Foods Sverige AB samt Renahav Sverige AB bedriver respektive verksamhet i Hagaberg, strax norr om Kungshamn. Inom Orkla Foods sker produktion av sj\u00f6mat. Renahav producerar biogas av restprodukter fr\u00e5n dels Orklas verksamhet, dels andra lokala producenters biologiska restavfall.<\/p>\n<p>Flera betydande externa k\u00e4llor till buller fr\u00e5n verksamheterna inkluderar fasta kyl- och ventilationsanl\u00e4ggningar samt lastning och lossning av lastbilar. Verksamheterna har behov av att redovisa bullerp\u00e5verkan p\u00e5 bost\u00e4der i omgivningen.<\/p>\n<h6>Uppdrag<\/h6>\n<p>P\u00e5 uppdrag av Orkla Foods och Renahav har Efterklang utf\u00f6rt m\u00e4tningar och ber\u00e4kningar av buller fr\u00e5n verksamheterna i Kungshamn f\u00f6r att redovisa ber\u00e4knad bullerp\u00e5verkan till omgivningen.<\/p>\n<h6>Resultat<\/h6>\n<p>Verksamheterna har f\u00e5tt en tydlig bild p\u00e5 bullersituationen och kan visa upp bullerp\u00e5verkan till omgivningen. Kontroll p\u00e5 verksamhetsbuller \u00e4r s\u00e4rskillt viktigt att framf\u00f6ra f\u00f6r tillsynsmyndigheten, d\u00e5 omr\u00e5det kring verksamheterna blir allt mer attraktivt f\u00f6r bostads- och kontorsbebyggelse.<\/p>\n<p>Bild: <a href=\"https:\/\/www.llentab.se\/\" target=\"_blank\" rel=\"noopener\">LLentab<\/a><\/p>\n","protected":false},"featured_media":11787,"template":"","project_category":[235,302],"country":[333],"sector":[348],"class_list":["post-11779","projects","type-projects","status-publish","has-post-thumbnail","hentry","project_category-buller","project_category-bullermatning","country-sverigesweden-sv","sector-food-pharma"],"acf":[],"yoast_head":"<!-- This site is optimized with the Yoast SEO plugin v22.1 - https:\/\/yoast.com\/wordpress\/plugins\/seo\/ -->\n<title>Orkla Foods och Renahav, Kungshamn - Efterklang<\/title>\n<meta name=\"description\" content=\"Efterklang har hj\u00e4lpt Orkla Foods och Renahav i Kungshamn att f\u00e5 en bra \u00f6versikt \u00f6ver verksamhetsbuller till omgivningen.\" \/>\n<meta name=\"robots\" content=\"index, follow, max-snippet:-1, max-image-preview:large, max-video-preview:-1\" \/>\n<link rel=\"canonical\" href=\"https:\/\/efterklang.org\/sv\/projects\/orkla-foods-och-renahav-kungshamn\/\" \/>\n<meta property=\"og:locale\" content=\"sv_SE\" \/>\n<meta property=\"og:type\" content=\"article\" \/>\n<meta property=\"og:title\" content=\"Orkla Foods och Renahav, Kungshamn - Efterklang\" \/>\n<meta property=\"og:description\" content=\"Efterklang har hj\u00e4lpt Orkla Foods och Renahav i Kungshamn att f\u00e5 en bra \u00f6versikt \u00f6ver verksamhetsbuller till omgivningen.\" \/>\n<meta property=\"og:url\" content=\"https:\/\/efterklang.org\/sv\/projects\/orkla-foods-och-renahav-kungshamn\/\" \/>\n<meta property=\"og:site_name\" content=\"Efterklang\" \/>\n<meta property=\"article:modified_time\" content=\"2024-02-16T10:10:09+00:00\" \/>\n<meta property=\"og:image\" content=\"https:\/\/efterklang.org\/wp-content\/uploads\/2023\/10\/Orkla-Foods_Renahav.jpg\" \/>\n\t<meta property=\"og:image:width\" content=\"1000\" \/>\n\t<meta property=\"og:image:height\" content=\"751\" \/>\n\t<meta property=\"og:image:type\" content=\"image\/jpeg\" \/>\n<meta name=\"twitter:card\" content=\"summary_large_image\" \/>\n<meta name=\"twitter:label1\" content=\"Ber\u00e4knad l\u00e4stid\" \/>\n\t<meta name=\"twitter:data1\" content=\"1 minut\" \/>\n<script type=\"application\/ld+json\" class=\"yoast-schema-graph\">{\"@context\":\"https:\/\/schema.org\",\"@graph\":[{\"@type\":\"WebPage\",\"@id\":\"https:\/\/efterklang.org\/sv\/projects\/orkla-foods-och-renahav-kungshamn\/\",\"url\":\"https:\/\/efterklang.org\/sv\/projects\/orkla-foods-och-renahav-kungshamn\/\",\"name\":\"Orkla Foods och Renahav, Kungshamn - Efterklang\",\"isPartOf\":{\"@id\":\"https:\/\/efterklang.org\/#website\"},\"datePublished\":\"2023-10-13T09:51:05+00:00\",\"dateModified\":\"2024-02-16T10:10:09+00:00\",\"description\":\"Efterklang har hj\u00e4lpt Orkla Foods och Renahav i Kungshamn att f\u00e5 en bra \u00f6versikt \u00f6ver verksamhetsbuller till omgivningen.\",\"breadcrumb\":{\"@id\":\"https:\/\/efterklang.org\/sv\/projects\/orkla-foods-och-renahav-kungshamn\/#breadcrumb\"},\"inLanguage\":\"sv-SE\",\"potentialAction\":[{\"@type\":\"ReadAction\",\"target\":[\"https:\/\/efterklang.org\/sv\/projects\/orkla-foods-och-renahav-kungshamn\/\"]}]},{\"@type\":\"BreadcrumbList\",\"@id\":\"https:\/\/efterklang.org\/sv\/projects\/orkla-foods-och-renahav-kungshamn\/#breadcrumb\",\"itemListElement\":[{\"@type\":\"ListItem\",\"position\":1,\"name\":\"Home\",\"item\":\"https:\/\/efterklang.org\/sv\/\"},{\"@type\":\"ListItem\",\"position\":2,\"name\":\"Our projects\",\"item\":\"https:\/\/efterklang.org\/projects\/?lang=sv\"},{\"@type\":\"ListItem\",\"position\":3,\"name\":\"Orkla Foods och Renahav, Kungshamn\"}]},{\"@type\":\"WebSite\",\"@id\":\"https:\/\/efterklang.org\/#website\",\"url\":\"https:\/\/efterklang.org\/\",\"name\":\"Efterklang\",\"description\":\"P\u00e5 Efterklang designar och s\u00e4krar vi ljudmilj\u00f6er.\",\"publisher\":{\"@id\":\"https:\/\/efterklang.org\/#organization\"},\"potentialAction\":[{\"@type\":\"SearchAction\",\"target\":{\"@type\":\"EntryPoint\",\"urlTemplate\":\"https:\/\/efterklang.org\/?s={search_term_string}\"},\"query-input\":\"required name=search_term_string\"}],\"inLanguage\":\"sv-SE\"},{\"@type\":\"Organization\",\"@id\":\"https:\/\/efterklang.org\/#organization\",\"name\":\"Efterklang\",\"url\":\"https:\/\/efterklang.org\/\",\"logo\":{\"@type\":\"ImageObject\",\"inLanguage\":\"sv-SE\",\"@id\":\"https:\/\/efterklang.org\/#\/schema\/logo\/image\/\",\"url\":\"https:\/\/efterklang.org\/wp-content\/uploads\/2021\/10\/Asset-25.svg\",\"contentUrl\":\"https:\/\/efterklang.org\/wp-content\/uploads\/2021\/10\/Asset-25.svg\",\"caption\":\"Efterklang\"},\"image\":{\"@id\":\"https:\/\/efterklang.org\/#\/schema\/logo\/image\/\"}}]}<\/script>\n<!-- \/ Yoast SEO plugin. -->","yoast_head_json":{"title":"Orkla Foods och Renahav, Kungshamn - Efterklang","description":"Efterklang har hj\u00e4lpt Orkla Foods och Renahav i Kungshamn att f\u00e5 en bra \u00f6versikt \u00f6ver verksamhetsbuller till omgivningen.","robots":{"index":"index","follow":"follow","max-snippet":"max-snippet:-1","max-image-preview":"max-image-preview:large","max-video-preview":"max-video-preview:-1"},"canonical":"https:\/\/efterklang.org\/sv\/projects\/orkla-foods-och-renahav-kungshamn\/","og_locale":"sv_SE","og_type":"article","og_title":"Orkla Foods och Renahav, Kungshamn - Efterklang","og_description":"Efterklang har hj\u00e4lpt Orkla Foods och Renahav i Kungshamn att f\u00e5 en bra \u00f6versikt \u00f6ver verksamhetsbuller till omgivningen.","og_url":"https:\/\/efterklang.org\/sv\/projects\/orkla-foods-och-renahav-kungshamn\/","og_site_name":"Efterklang","article_modified_time":"2024-02-16T10:10:09+00:00","og_image":[{"width":1000,"height":751,"url":"https:\/\/efterklang.org\/wp-content\/uploads\/2023\/10\/Orkla-Foods_Renahav.jpg","type":"image\/jpeg"}],"twitter_card":"summary_large_image","twitter_misc":{"Ber\u00e4knad l\u00e4stid":"1 minut"},"schema":{"@context":"https:\/\/schema.org","@graph":[{"@type":"WebPage","@id":"https:\/\/efterklang.org\/sv\/projects\/orkla-foods-och-renahav-kungshamn\/","url":"https:\/\/efterklang.org\/sv\/projects\/orkla-foods-och-renahav-kungshamn\/","name":"Orkla Foods och Renahav, Kungshamn - Efterklang","isPartOf":{"@id":"https:\/\/efterklang.org\/#website"},"datePublished":"2023-10-13T09:51:05+00:00","dateModified":"2024-02-16T10:10:09+00:00","description":"Efterklang har hj\u00e4lpt Orkla Foods och Renahav i Kungshamn att f\u00e5 en bra \u00f6versikt \u00f6ver verksamhetsbuller till omgivningen.","breadcrumb":{"@id":"https:\/\/efterklang.org\/sv\/projects\/orkla-foods-och-renahav-kungshamn\/#breadcrumb"},"inLanguage":"sv-SE","potentialAction":[{"@type":"ReadAction","target":["https:\/\/efterklang.org\/sv\/projects\/orkla-foods-och-renahav-kungshamn\/"]}]},{"@type":"BreadcrumbList","@id":"https:\/\/efterklang.org\/sv\/projects\/orkla-foods-och-renahav-kungshamn\/#breadcrumb","itemListElement":[{"@type":"ListItem","position":1,"name":"Home","item":"https:\/\/efterklang.org\/sv\/"},{"@type":"ListItem","position":2,"name":"Our projects","item":"https:\/\/efterklang.org\/projects\/?lang=sv"},{"@type":"ListItem","position":3,"name":"Orkla Foods och Renahav, Kungshamn"}]},{"@type":"WebSite","@id":"https:\/\/efterklang.org\/#website","url":"https:\/\/efterklang.org\/","name":"Efterklang","description":"P\u00e5 Efterklang designar och s\u00e4krar vi ljudmilj\u00f6er.","publisher":{"@id":"https:\/\/efterklang.org\/#organization"},"potentialAction":[{"@type":"SearchAction","target":{"@type":"EntryPoint","urlTemplate":"https:\/\/efterklang.org\/?s={search_term_string}"},"query-input":"required name=search_term_string"}],"inLanguage":"sv-SE"},{"@type":"Organization","@id":"https:\/\/efterklang.org\/#organization","name":"Efterklang","url":"https:\/\/efterklang.org\/","logo":{"@type":"ImageObject","inLanguage":"sv-SE","@id":"https:\/\/efterklang.org\/#\/schema\/logo\/image\/","url":"https:\/\/efterklang.org\/wp-content\/uploads\/2021\/10\/Asset-25.svg","contentUrl":"https:\/\/efterklang.org\/wp-content\/uploads\/2021\/10\/Asset-25.svg","caption":"Efterklang"},"image":{"@id":"https:\/\/efterklang.org\/#\/schema\/logo\/image\/"}}]}},"_links":{"self":[{"href":"https:\/\/efterklang.org\/sv\/wp-json\/wp\/v2\/projects\/11779","targetHints":{"allow":["GET"]}}],"collection":[{"href":"https:\/\/efterklang.org\/sv\/wp-json\/wp\/v2\/projects"}],"about":[{"href":"https:\/\/efterklang.org\/sv\/wp-json\/wp\/v2\/types\/projects"}],"version-history":[{"count":10,"href":"https:\/\/efterklang.org\/sv\/wp-json\/wp\/v2\/projects\/11779\/revisions"}],"predecessor-version":[{"id":12390,"href":"https:\/\/efterklang.org\/sv\/wp-json\/wp\/v2\/projects\/11779\/revisions\/12390"}],"wp:featuredmedia":[{"embeddable":true,"href":"https:\/\/efterklang.org\/sv\/wp-json\/wp\/v2\/media\/11787"}],"wp:attachment":[{"href":"https:\/\/efterklang.org\/sv\/wp-json\/wp\/v2\/media?parent=11779"}],"wp:term":[{"taxonomy":"project_category","embeddable":true,"href":"https:\/\/efterklang.org\/sv\/wp-json\/wp\/v2\/project_category?post=11779"},{"taxonomy":"country","embeddable":true,"href":"https:\/\/efterklang.org\/sv\/wp-json\/wp\/v2\/country?post=11779"},{"taxonomy":"sector","embeddable":true,"href":"https:\/\/efterklang.org\/sv\/wp-json\/wp\/v2\/sector?post=11779"}],"curies":[{"name":"wp","href":"https:\/\/api.w.org\/{rel}","templated":true}]}}

<h6>Bakgrund</h6>
<p>Orkla Foods Sverige AB samt Renahav Sverige AB bedriver respektive verksamhet i Hagaberg, strax norr om Kungshamn. Inom Orkla Foods sker produktion av sjömat. Renahav producerar biogas av restprodukter från dels Orklas verksamhet, dels andra lokala producenters biologiska restavfall.</p>
<p>Flera betydande externa källor till buller från verksamheterna inkluderar fasta kyl- och ventilationsanläggningar samt lastning och lossning av lastbilar. Verksamheterna har behov av att redovisa bullerpåverkan på bostäder i omgivningen.</p>
<h6>Uppdrag</h6>
<p>På uppdrag av Orkla Foods och Renahav har Efterklang utfört mätningar och beräkningar av buller från verksamheterna i Kungshamn för att redovisa beräknad bullerpåverkan till omgivningen.</p>
<h6>Resultat</h6>
<p>Verksamheterna har fått en tydlig bild på bullersituationen och kan visa upp bullerpåverkan till omgivningen. Kontroll på verksamhetsbuller är särskillt viktigt att framföra för tillsynsmyndigheten, då området kring verksamheterna blir allt mer attraktivt för bostads- och kontorsbebyggelse.</p>
<p>Bild: <a href="https://www.llentab.se/" target="_blank" rel="noopener">LLentab</a></p>

<!-- This site is optimized with the Yoast SEO plugin v22.1 - https://yoast.com/wordpress/plugins/seo/ -->
<title>Orkla Foods och Renahav, Kungshamn - Efterklang</title>
<meta name="description" content="Efterklang har hjälpt Orkla Foods och Renahav i Kungshamn att få en bra översikt över verksamhetsbuller till omgivningen." />
<meta name="robots" content="index, follow, max-snippet:-1, max-image-preview:large, max-video-preview:-1" />
<link rel="canonical" href="https://efterklang.org/sv/projects/orkla-foods-och-renahav-kungshamn/" />
<meta property="og:locale" content="sv_SE" />
<meta property="og:type" content="article" />
<meta property="og:title" content="Orkla Foods och Renahav, Kungshamn - Efterklang" />
<meta property="og:description" content="Efterklang har hjälpt Orkla Foods och Renahav i Kungshamn att få en bra översikt över verksamhetsbuller till omgivningen." />
<meta property="og:url" content="https://efterklang.org/sv/projects/orkla-foods-och-renahav-kungshamn/" />
<meta property="og:site_name" content="Efterklang" />
<meta property="article:modified_time" content="2024-02-16T10:10:09+00:00" />
<meta property="og:image" content="https://efterklang.org/wp-content/uploads/2023/10/Orkla-Foods_Renahav.jpg" />
	<meta property="og:image:width" content="1000" />
	<meta property="og:image:height" content="751" />
	<meta property="og:image:type" content="image/jpeg" />
<meta name="twitter:card" content="summary_large_image" />
<meta name="twitter:label1" content="Beräknad lästid" />
	<meta name="twitter:data1" content="1 minut" />
<script type="application/ld+json" class="yoast-schema-graph">{"@context":"https://schema.org","@graph":[{"@type":"WebPage","@id":"https://efterklang.org/sv/projects/orkla-foods-och-renahav-kungshamn/","url":"https://efterklang.org/sv/projects/orkla-foods-och-renahav-kungshamn/","name":"Orkla Foods och Renahav, Kungshamn - Efterklang","isPartOf":{"@id":"https://efterklang.org/#website"},"datePublished":"2023-10-13T09:51:05+00:00","dateModified":"2024-02-16T10:10:09+00:00","description":"Efterklang har hjälpt Orkla Foods och Renahav i Kungshamn att få en bra översikt över verksamhetsbuller till omgivningen.","breadcrumb":{"@id":"https://efterklang.org/sv/projects/orkla-foods-och-renahav-kungshamn/#breadcrumb"},"inLanguage":"sv-SE","potentialAction":[{"@type":"ReadAction","target":["https://efterklang.org/sv/projects/orkla-foods-och-renahav-kungshamn/"]}]},{"@type":"BreadcrumbList","@id":"https://efterklang.org/sv/projects/orkla-foods-och-renahav-kungshamn/#breadcrumb","itemListElement":[{"@type":"ListItem","position":1,"name":"Home","item":"https://efterklang.org/sv/"},{"@type":"ListItem","position":2,"name":"Our projects","item":"https://efterklang.org/projects/?lang=sv"},{"@type":"ListItem","position":3,"name":"Orkla Foods och Renahav, Kungshamn"}]},{"@type":"WebSite","@id":"https://efterklang.org/#website","url":"https://efterklang.org/","name":"Efterklang","description":"På Efterklang designar och säkrar vi ljudmiljöer.","publisher":{"@id":"https://efterklang.org/#organization"},"potentialAction":[{"@type":"SearchAction","target":{"@type":"EntryPoint","urlTemplate":"https://efterklang.org/?s={search_term_string}"},"query-input":"required name=search_term_string"}],"inLanguage":"sv-SE"},{"@type":"Organization","@id":"https://efterklang.org/#organization","name":"Efterklang","url":"https://efterklang.org/","logo":{"@type":"ImageObject","inLanguage":"sv-SE","@id":"https://efterklang.org/#/schema/logo/image/","url":"https://efterklang.org/wp-content/uploads/2021/10/Asset-25.svg","contentUrl":"https://efterklang.org/wp-content/uploads/2021/10/Asset-25.svg","caption":"Efterklang"},"image":{"@id":"https://efterklang.org/#/schema/logo/image/"}}]}</script>
<!-- / Yoast SEO plugin. -->

Efterklang har hjälpt Orkla Foods och Renahav i Kungshamn att få en bra översikt över verksamhetsbuller till omgivningen.

På Efterklang designar och säkrar vi ljudmiljöer.
