{"id":6127,"date":"2022-01-04T14:59:48","date_gmt":"2022-01-04T13:59:48","guid":{"rendered":"https:\/\/efterklang.org\/?post_type=projects&#038;p=6127"},"modified":"2024-02-21T09:23:09","modified_gmt":"2024-02-21T08:23:09","slug":"sentrum-brannstasjon-oslo","status":"publish","type":"projects","link":"https:\/\/efterklang.org\/no\/projects\/sentrum-brannstasjon-oslo\/","title":{"rendered":"Sentrum Brannstasjon, Oslo"},"content":{"rendered":"<h6>Bakgrunn<\/h6>\n<p>Den gamle hovedbrannstasjonen i Oslo ble lagt ned i slutten av juni 2023 i forbindelse med byggingen av nytt regjeringskvartal. I stedet har Oslo f\u00e5tt to nye brannstasjoner, en av de Sentrum Brannstasjon i Bj\u00f8rvika. Den nye brannstasjonen skal huse Brann- og redningsetaten (BRE).<\/p>\n<p>Brannstasjonen har en tydelig skulpturell utforming: Tre m\u00f8rke, lukkede blokker i \u201dbrent\u201d tre omgir vognhallen, og b\u00e6rer en \u00e5pen og lett etasje laget av lyst tre og glass. Bygningens tekniske og skulpturelle uttrykk harmonerer med omr\u00e5dets eksisterende bebyggelse. Mannskapsavdelingen, som ligger \u00f8verst, er bygget rundt en sentral takhage. Etasjen rommer kj\u00f8kken, stue, soverom og bad samt treningsfasiliteter. Alle administrative og tekniske fasiliteter ligger i f\u00f8rste og andre etasje, og fra alle rom er det kort, direkte og logisk vei til vognhallen, som er bygningens hjerte.<\/p>\n<h6>Oppdrag<\/h6>\n<p>Den nye brannstasjonen ligger i et st\u00f8yutsatt omr\u00e5de i Bj\u00f8rvika. Bygningen er oppf\u00f8rt i massivtre og er designet for ivaretakelse av lokale akustiske grenserverdier og i henhold til milj\u00f8sertifiseringssystemet BREEAM. Brannstasjonen skal v\u00e6re optimal teknisk sett og samtidig tilby personalet perfekte forhold. P\u00e5 oppdrag av Omsorgsbygg Oslo KF fikk Efterklang i oppgave \u00e5 prosjektere akustikken i den nye brannstasjonsbygningen.<\/p>\n<h6>Resultat<\/h6>\n<p>Materialer og overflater er valgt med tanke p\u00e5 \u00e5 forbedre akustikken og bidra positivt i forhold til medarbeidernes helse, milj\u00f8messig avtrykk og samtidig smelte inn i omgivelsene.<\/p>\n<p>&nbsp;<\/p>\n","protected":false},"featured_media":11899,"template":"","project_category":[233,320,315],"country":[329],"sector":[351],"class_list":["post-6127","projects","type-projects","status-publish","has-post-thumbnail","hentry","project_category-akustikk","project_category-bygningsakustikk","project_category-romakustisk-modellering-og-maling","country-norway-no","sector-offentlige-bygninger"],"acf":[],"yoast_head":"<!-- This site is optimized with the Yoast SEO plugin v22.1 - https:\/\/yoast.com\/wordpress\/plugins\/seo\/ -->\n<title>Sentrum Brannstasjon, Oslo - Efterklang<\/title>\n<meta name=\"description\" content=\"P\u00e5 oppdrag av Omsorgsbygg Oslo KF fikk Efterklang i oppgave \u00e5 prosjektere akustikken i den nye brannstasjonsbygningen i Oslo sentrum.\" \/>\n<meta name=\"robots\" content=\"index, follow, max-snippet:-1, max-image-preview:large, max-video-preview:-1\" \/>\n<link rel=\"canonical\" href=\"https:\/\/efterklang.org\/projects\/sentrum-brannstasjon-oslo\/?lang=no\" \/>\n<meta property=\"og:locale\" content=\"nb_NO\" \/>\n<meta property=\"og:type\" content=\"article\" \/>\n<meta property=\"og:title\" content=\"Sentrum Brannstasjon, Oslo - Efterklang\" \/>\n<meta property=\"og:description\" content=\"P\u00e5 oppdrag av Omsorgsbygg Oslo KF fikk Efterklang i oppgave \u00e5 prosjektere akustikken i den nye brannstasjonsbygningen i Oslo sentrum.\" \/>\n<meta property=\"og:url\" content=\"https:\/\/efterklang.org\/projects\/sentrum-brannstasjon-oslo\/?lang=no\" \/>\n<meta property=\"og:site_name\" content=\"Efterklang\" \/>\n<meta property=\"article:modified_time\" content=\"2024-02-21T08:23:09+00:00\" \/>\n<meta property=\"og:image\" content=\"https:\/\/efterklang.org\/wp-content\/uploads\/2022\/01\/Sentrum-Brannstasjon-Oslo-2.jpeg\" \/>\n\t<meta property=\"og:image:width\" content=\"800\" \/>\n\t<meta property=\"og:image:height\" content=\"600\" \/>\n\t<meta property=\"og:image:type\" content=\"image\/jpeg\" \/>\n<meta name=\"twitter:card\" content=\"summary_large_image\" \/>\n<meta name=\"twitter:label1\" content=\"Ansl. lesetid\" \/>\n\t<meta name=\"twitter:data1\" content=\"1 minutt\" \/>\n<script type=\"application\/ld+json\" class=\"yoast-schema-graph\">{\"@context\":\"https:\/\/schema.org\",\"@graph\":[{\"@type\":\"WebPage\",\"@id\":\"https:\/\/efterklang.org\/projects\/sentrum-brannstasjon-oslo\/?lang=no\",\"url\":\"https:\/\/efterklang.org\/projects\/sentrum-brannstasjon-oslo\/?lang=no\",\"name\":\"Sentrum Brannstasjon, Oslo - Efterklang\",\"isPartOf\":{\"@id\":\"https:\/\/efterklang.org\/#website\"},\"datePublished\":\"2022-01-04T13:59:48+00:00\",\"dateModified\":\"2024-02-21T08:23:09+00:00\",\"description\":\"P\u00e5 oppdrag av Omsorgsbygg Oslo KF fikk Efterklang i oppgave \u00e5 prosjektere akustikken i den nye brannstasjonsbygningen i Oslo sentrum.\",\"breadcrumb\":{\"@id\":\"https:\/\/efterklang.org\/projects\/sentrum-brannstasjon-oslo\/?lang=no#breadcrumb\"},\"inLanguage\":\"nb-NO\",\"potentialAction\":[{\"@type\":\"ReadAction\",\"target\":[\"https:\/\/efterklang.org\/projects\/sentrum-brannstasjon-oslo\/?lang=no\"]}]},{\"@type\":\"BreadcrumbList\",\"@id\":\"https:\/\/efterklang.org\/projects\/sentrum-brannstasjon-oslo\/?lang=no#breadcrumb\",\"itemListElement\":[{\"@type\":\"ListItem\",\"position\":1,\"name\":\"Home\",\"item\":\"https:\/\/efterklang.org\/no\/\"},{\"@type\":\"ListItem\",\"position\":2,\"name\":\"Our projects\",\"item\":\"https:\/\/efterklang.org\/projects\/?lang=sv\"},{\"@type\":\"ListItem\",\"position\":3,\"name\":\"Sentrum Brannstasjon, Oslo\"}]},{\"@type\":\"WebSite\",\"@id\":\"https:\/\/efterklang.org\/#website\",\"url\":\"https:\/\/efterklang.org\/\",\"name\":\"Efterklang\",\"description\":\"Site by basta-kompisar\",\"publisher\":{\"@id\":\"https:\/\/efterklang.org\/#organization\"},\"potentialAction\":[{\"@type\":\"SearchAction\",\"target\":{\"@type\":\"EntryPoint\",\"urlTemplate\":\"https:\/\/efterklang.org\/?s={search_term_string}\"},\"query-input\":\"required name=search_term_string\"}],\"inLanguage\":\"nb-NO\"},{\"@type\":\"Organization\",\"@id\":\"https:\/\/efterklang.org\/#organization\",\"name\":\"Efterklang\",\"url\":\"https:\/\/efterklang.org\/\",\"logo\":{\"@type\":\"ImageObject\",\"inLanguage\":\"nb-NO\",\"@id\":\"https:\/\/efterklang.org\/#\/schema\/logo\/image\/\",\"url\":\"https:\/\/efterklang.org\/wp-content\/uploads\/2021\/10\/Asset-25.svg\",\"contentUrl\":\"https:\/\/efterklang.org\/wp-content\/uploads\/2021\/10\/Asset-25.svg\",\"caption\":\"Efterklang\"},\"image\":{\"@id\":\"https:\/\/efterklang.org\/#\/schema\/logo\/image\/\"}}]}<\/script>\n<!-- \/ Yoast SEO plugin. -->","yoast_head_json":{"title":"Sentrum Brannstasjon, Oslo - Efterklang","description":"P\u00e5 oppdrag av Omsorgsbygg Oslo KF fikk Efterklang i oppgave \u00e5 prosjektere akustikken i den nye brannstasjonsbygningen i Oslo sentrum.","robots":{"index":"index","follow":"follow","max-snippet":"max-snippet:-1","max-image-preview":"max-image-preview:large","max-video-preview":"max-video-preview:-1"},"canonical":"https:\/\/efterklang.org\/projects\/sentrum-brannstasjon-oslo\/?lang=no","og_locale":"nb_NO","og_type":"article","og_title":"Sentrum Brannstasjon, Oslo - Efterklang","og_description":"P\u00e5 oppdrag av Omsorgsbygg Oslo KF fikk Efterklang i oppgave \u00e5 prosjektere akustikken i den nye brannstasjonsbygningen i Oslo sentrum.","og_url":"https:\/\/efterklang.org\/projects\/sentrum-brannstasjon-oslo\/?lang=no","og_site_name":"Efterklang","article_modified_time":"2024-02-21T08:23:09+00:00","og_image":[{"width":800,"height":600,"url":"https:\/\/efterklang.org\/wp-content\/uploads\/2022\/01\/Sentrum-Brannstasjon-Oslo-2.jpeg","type":"image\/jpeg"}],"twitter_card":"summary_large_image","twitter_misc":{"Ansl. lesetid":"1 minutt"},"schema":{"@context":"https:\/\/schema.org","@graph":[{"@type":"WebPage","@id":"https:\/\/efterklang.org\/projects\/sentrum-brannstasjon-oslo\/?lang=no","url":"https:\/\/efterklang.org\/projects\/sentrum-brannstasjon-oslo\/?lang=no","name":"Sentrum Brannstasjon, Oslo - Efterklang","isPartOf":{"@id":"https:\/\/efterklang.org\/#website"},"datePublished":"2022-01-04T13:59:48+00:00","dateModified":"2024-02-21T08:23:09+00:00","description":"P\u00e5 oppdrag av Omsorgsbygg Oslo KF fikk Efterklang i oppgave \u00e5 prosjektere akustikken i den nye brannstasjonsbygningen i Oslo sentrum.","breadcrumb":{"@id":"https:\/\/efterklang.org\/projects\/sentrum-brannstasjon-oslo\/?lang=no#breadcrumb"},"inLanguage":"nb-NO","potentialAction":[{"@type":"ReadAction","target":["https:\/\/efterklang.org\/projects\/sentrum-brannstasjon-oslo\/?lang=no"]}]},{"@type":"BreadcrumbList","@id":"https:\/\/efterklang.org\/projects\/sentrum-brannstasjon-oslo\/?lang=no#breadcrumb","itemListElement":[{"@type":"ListItem","position":1,"name":"Home","item":"https:\/\/efterklang.org\/no\/"},{"@type":"ListItem","position":2,"name":"Our projects","item":"https:\/\/efterklang.org\/projects\/?lang=sv"},{"@type":"ListItem","position":3,"name":"Sentrum Brannstasjon, Oslo"}]},{"@type":"WebSite","@id":"https:\/\/efterklang.org\/#website","url":"https:\/\/efterklang.org\/","name":"Efterklang","description":"Site by basta-kompisar","publisher":{"@id":"https:\/\/efterklang.org\/#organization"},"potentialAction":[{"@type":"SearchAction","target":{"@type":"EntryPoint","urlTemplate":"https:\/\/efterklang.org\/?s={search_term_string}"},"query-input":"required name=search_term_string"}],"inLanguage":"nb-NO"},{"@type":"Organization","@id":"https:\/\/efterklang.org\/#organization","name":"Efterklang","url":"https:\/\/efterklang.org\/","logo":{"@type":"ImageObject","inLanguage":"nb-NO","@id":"https:\/\/efterklang.org\/#\/schema\/logo\/image\/","url":"https:\/\/efterklang.org\/wp-content\/uploads\/2021\/10\/Asset-25.svg","contentUrl":"https:\/\/efterklang.org\/wp-content\/uploads\/2021\/10\/Asset-25.svg","caption":"Efterklang"},"image":{"@id":"https:\/\/efterklang.org\/#\/schema\/logo\/image\/"}}]}},"_links":{"self":[{"href":"https:\/\/efterklang.org\/no\/wp-json\/wp\/v2\/projects\/6127","targetHints":{"allow":["GET"]}}],"collection":[{"href":"https:\/\/efterklang.org\/no\/wp-json\/wp\/v2\/projects"}],"about":[{"href":"https:\/\/efterklang.org\/no\/wp-json\/wp\/v2\/types\/projects"}],"version-history":[{"count":9,"href":"https:\/\/efterklang.org\/no\/wp-json\/wp\/v2\/projects\/6127\/revisions"}],"predecessor-version":[{"id":12479,"href":"https:\/\/efterklang.org\/no\/wp-json\/wp\/v2\/projects\/6127\/revisions\/12479"}],"wp:featuredmedia":[{"embeddable":true,"href":"https:\/\/efterklang.org\/no\/wp-json\/wp\/v2\/media\/11899"}],"wp:attachment":[{"href":"https:\/\/efterklang.org\/no\/wp-json\/wp\/v2\/media?parent=6127"}],"wp:term":[{"taxonomy":"project_category","embeddable":true,"href":"https:\/\/efterklang.org\/no\/wp-json\/wp\/v2\/project_category?post=6127"},{"taxonomy":"country","embeddable":true,"href":"https:\/\/efterklang.org\/no\/wp-json\/wp\/v2\/country?post=6127"},{"taxonomy":"sector","embeddable":true,"href":"https:\/\/efterklang.org\/no\/wp-json\/wp\/v2\/sector?post=6127"}],"curies":[{"name":"wp","href":"https:\/\/api.w.org\/{rel}","templated":true}]}}

<h6>Bakgrunn</h6>
<p>Den gamle hovedbrannstasjonen i Oslo ble lagt ned i slutten av juni 2023 i forbindelse med byggingen av nytt regjeringskvartal. I stedet har Oslo fått to nye brannstasjoner, en av de Sentrum Brannstasjon i Bjørvika. Den nye brannstasjonen skal huse Brann- og redningsetaten (BRE).</p>
<p>Brannstasjonen har en tydelig skulpturell utforming: Tre mørke, lukkede blokker i ”brent” tre omgir vognhallen, og bærer en åpen og lett etasje laget av lyst tre og glass. Bygningens tekniske og skulpturelle uttrykk harmonerer med områdets eksisterende bebyggelse. Mannskapsavdelingen, som ligger øverst, er bygget rundt en sentral takhage. Etasjen rommer kjøkken, stue, soverom og bad samt treningsfasiliteter. Alle administrative og tekniske fasiliteter ligger i første og andre etasje, og fra alle rom er det kort, direkte og logisk vei til vognhallen, som er bygningens hjerte.</p>
<h6>Oppdrag</h6>
<p>Den nye brannstasjonen ligger i et støyutsatt område i Bjørvika. Bygningen er oppført i massivtre og er designet for ivaretakelse av lokale akustiske grenserverdier og i henhold til miljøsertifiseringssystemet BREEAM. Brannstasjonen skal være optimal teknisk sett og samtidig tilby personalet perfekte forhold. På oppdrag av Omsorgsbygg Oslo KF fikk Efterklang i oppgave å prosjektere akustikken i den nye brannstasjonsbygningen.</p>
<h6>Resultat</h6>
<p>Materialer og overflater er valgt med tanke på å forbedre akustikken og bidra positivt i forhold til medarbeidernes helse, miljømessig avtrykk og samtidig smelte inn i omgivelsene.</p>
<p>&nbsp;</p>

<!-- This site is optimized with the Yoast SEO plugin v22.1 - https://yoast.com/wordpress/plugins/seo/ -->
<title>Sentrum Brannstasjon, Oslo - Efterklang</title>
<meta name="description" content="På oppdrag av Omsorgsbygg Oslo KF fikk Efterklang i oppgave å prosjektere akustikken i den nye brannstasjonsbygningen i Oslo sentrum." />
<meta name="robots" content="index, follow, max-snippet:-1, max-image-preview:large, max-video-preview:-1" />
<link rel="canonical" href="https://efterklang.org/projects/sentrum-brannstasjon-oslo/?lang=no" />
<meta property="og:locale" content="nb_NO" />
<meta property="og:type" content="article" />
<meta property="og:title" content="Sentrum Brannstasjon, Oslo - Efterklang" />
<meta property="og:description" content="På oppdrag av Omsorgsbygg Oslo KF fikk Efterklang i oppgave å prosjektere akustikken i den nye brannstasjonsbygningen i Oslo sentrum." />
<meta property="og:url" content="https://efterklang.org/projects/sentrum-brannstasjon-oslo/?lang=no" />
<meta property="og:site_name" content="Efterklang" />
<meta property="article:modified_time" content="2024-02-21T08:23:09+00:00" />
<meta property="og:image" content="https://efterklang.org/wp-content/uploads/2022/01/Sentrum-Brannstasjon-Oslo-2.jpeg" />
	<meta property="og:image:width" content="800" />
	<meta property="og:image:height" content="600" />
	<meta property="og:image:type" content="image/jpeg" />
<meta name="twitter:card" content="summary_large_image" />
<meta name="twitter:label1" content="Ansl. lesetid" />
	<meta name="twitter:data1" content="1 minutt" />
<script type="application/ld+json" class="yoast-schema-graph">{"@context":"https://schema.org","@graph":[{"@type":"WebPage","@id":"https://efterklang.org/projects/sentrum-brannstasjon-oslo/?lang=no","url":"https://efterklang.org/projects/sentrum-brannstasjon-oslo/?lang=no","name":"Sentrum Brannstasjon, Oslo - Efterklang","isPartOf":{"@id":"https://efterklang.org/#website"},"datePublished":"2022-01-04T13:59:48+00:00","dateModified":"2024-02-21T08:23:09+00:00","description":"På oppdrag av Omsorgsbygg Oslo KF fikk Efterklang i oppgave å prosjektere akustikken i den nye brannstasjonsbygningen i Oslo sentrum.","breadcrumb":{"@id":"https://efterklang.org/projects/sentrum-brannstasjon-oslo/?lang=no#breadcrumb"},"inLanguage":"nb-NO","potentialAction":[{"@type":"ReadAction","target":["https://efterklang.org/projects/sentrum-brannstasjon-oslo/?lang=no"]}]},{"@type":"BreadcrumbList","@id":"https://efterklang.org/projects/sentrum-brannstasjon-oslo/?lang=no#breadcrumb","itemListElement":[{"@type":"ListItem","position":1,"name":"Home","item":"https://efterklang.org/no/"},{"@type":"ListItem","position":2,"name":"Our projects","item":"https://efterklang.org/projects/?lang=sv"},{"@type":"ListItem","position":3,"name":"Sentrum Brannstasjon, Oslo"}]},{"@type":"WebSite","@id":"https://efterklang.org/#website","url":"https://efterklang.org/","name":"Efterklang","description":"Site by basta-kompisar","publisher":{"@id":"https://efterklang.org/#organization"},"potentialAction":[{"@type":"SearchAction","target":{"@type":"EntryPoint","urlTemplate":"https://efterklang.org/?s={search_term_string}"},"query-input":"required name=search_term_string"}],"inLanguage":"nb-NO"},{"@type":"Organization","@id":"https://efterklang.org/#organization","name":"Efterklang","url":"https://efterklang.org/","logo":{"@type":"ImageObject","inLanguage":"nb-NO","@id":"https://efterklang.org/#/schema/logo/image/","url":"https://efterklang.org/wp-content/uploads/2021/10/Asset-25.svg","contentUrl":"https://efterklang.org/wp-content/uploads/2021/10/Asset-25.svg","caption":"Efterklang"},"image":{"@id":"https://efterklang.org/#/schema/logo/image/"}}]}</script>
<!-- / Yoast SEO plugin. -->

På oppdrag av Omsorgsbygg Oslo KF fikk Efterklang i oppgave å prosjektere akustikken i den nye brannstasjonsbygningen i Oslo sentrum.
