{"id":5733,"date":"2021-12-10T05:40:37","date_gmt":"2021-12-10T10:40:37","guid":{"rendered":"http:\/\/efterklang.org.hemsida.eu\/?post_type=projects&#038;p=5733"},"modified":"2021-12-13T06:01:10","modified_gmt":"2021-12-13T11:01:10","slug":"lindelia-bo-og-behandlingssenter-baerum","status":"publish","type":"projects","link":"https:\/\/efterklang.org\/no\/projects\/lindelia-bo-og-behandlingssenter-baerum\/","title":{"rendered":"Lindelia Bo og Behandlingssenter, B\u00e6rum"},"content":{"rendered":"<h6>Bakgrunn<\/h6>\n<p>B\u00e6rum kommune har oppf\u00f8rt et nytt bo- og behandlingssenter p\u00e5 Lindelia. Senteret ble tatt i bruk h\u00f8sten 2020 og har totalt 132 beboerplasser, et dagsenter samt ti omsorgsboliger og to treningsboliger.<\/p>\n<h6>Oppdrag<\/h6>\n<p>Hele anlegget hadde h\u00f8ye m\u00e5l om \u00e5 bli et moderne og fremtidsrettet helsebygg, der brukerbehov var en viktig prioritering. Lydkravene var strenge for \u00e5 ivareta beboernes velv\u00e6re. Efterklang fikk oppdraget av Backe-Stor Oslo og har hatt et tett samarbeid med b\u00e5de kunde og andre r\u00e5dgivere gjennom hele prosjektet.<\/p>\n<p>En viktig oppgave var blant annet lydisolering mellom beboerrom og fellesarealer for \u00e5 sikre at beboere ikke forstyrres eller plages av st\u00f8y fra naborom eller aktiviteter i dagsenteret. Vi har ogs\u00e5 kartlagt st\u00f8yniv\u00e5 fra teknisk utstyr.<\/p>\n<h6>Resultat<\/h6>\n<p>Det nye bo- og behandlingssenteret tilbyr moderne og flotte milj\u00f8er til sine beboere, der god akustikk har f\u00e5tt prioritet. Efterklang har utf\u00f8rt lydm\u00e5linger som viser at de skjerpede lydkravene er ivaretatt.<\/p>\n","protected":false},"featured_media":4142,"template":"","project_category":[233,320,315],"country":[329],"sector":[353],"class_list":["post-5733","projects","type-projects","status-publish","has-post-thumbnail","hentry","project_category-akustikk","project_category-bygningsakustikk","project_category-romakustisk-modellering-og-maling","country-norway-no","sector-helse-og-omsorg"],"acf":[],"yoast_head":"<!-- This site is optimized with the Yoast SEO plugin v22.1 - https:\/\/yoast.com\/wordpress\/plugins\/seo\/ -->\n<title>Lindelia Bo og Behandlingssenter, B\u00e6rum - Efterklang<\/title>\n<meta name=\"description\" content=\"Akustisk prosjektering med skjerpete lydkrav for omsorgsboliger og lydisolerte beboerrom i behandlingssenteret.\" \/>\n<meta name=\"robots\" content=\"index, follow, max-snippet:-1, max-image-preview:large, max-video-preview:-1\" \/>\n<link rel=\"canonical\" href=\"https:\/\/efterklang.org\/projects\/lindelia-bo-og-behandlingssenter-baerum\/?lang=no\" \/>\n<meta property=\"og:locale\" content=\"nb_NO\" \/>\n<meta property=\"og:type\" content=\"article\" \/>\n<meta property=\"og:title\" content=\"Lindelia Bo og Behandlingssenter, B\u00e6rum - Efterklang\" \/>\n<meta property=\"og:description\" content=\"Akustisk prosjektering med skjerpete lydkrav for omsorgsboliger og lydisolerte beboerrom i behandlingssenteret.\" \/>\n<meta property=\"og:url\" content=\"https:\/\/efterklang.org\/projects\/lindelia-bo-og-behandlingssenter-baerum\/?lang=no\" \/>\n<meta property=\"og:site_name\" content=\"Efterklang\" \/>\n<meta property=\"article:modified_time\" content=\"2021-12-13T11:01:10+00:00\" \/>\n<meta property=\"og:image\" content=\"https:\/\/efterklang.org\/wp-content\/uploads\/2021\/12\/Lindelia-Bo-og-behandlingssenter_bygg-2.jpg\" \/>\n\t<meta property=\"og:image:width\" content=\"4928\" \/>\n\t<meta property=\"og:image:height\" content=\"3264\" \/>\n\t<meta property=\"og:image:type\" content=\"image\/jpeg\" \/>\n<meta name=\"twitter:card\" content=\"summary_large_image\" \/>\n<meta name=\"twitter:label1\" content=\"Ansl. lesetid\" \/>\n\t<meta name=\"twitter:data1\" content=\"1 minutt\" \/>\n<script type=\"application\/ld+json\" class=\"yoast-schema-graph\">{\"@context\":\"https:\/\/schema.org\",\"@graph\":[{\"@type\":\"WebPage\",\"@id\":\"https:\/\/efterklang.org\/projects\/lindelia-bo-og-behandlingssenter-baerum\/?lang=no\",\"url\":\"https:\/\/efterklang.org\/projects\/lindelia-bo-og-behandlingssenter-baerum\/?lang=no\",\"name\":\"Lindelia Bo og Behandlingssenter, B\u00e6rum - Efterklang\",\"isPartOf\":{\"@id\":\"https:\/\/efterklang.org\/#website\"},\"datePublished\":\"2021-12-10T10:40:37+00:00\",\"dateModified\":\"2021-12-13T11:01:10+00:00\",\"description\":\"Akustisk prosjektering med skjerpete lydkrav for omsorgsboliger og lydisolerte beboerrom i behandlingssenteret.\",\"breadcrumb\":{\"@id\":\"https:\/\/efterklang.org\/projects\/lindelia-bo-og-behandlingssenter-baerum\/?lang=no#breadcrumb\"},\"inLanguage\":\"nb-NO\",\"potentialAction\":[{\"@type\":\"ReadAction\",\"target\":[\"https:\/\/efterklang.org\/projects\/lindelia-bo-og-behandlingssenter-baerum\/?lang=no\"]}]},{\"@type\":\"BreadcrumbList\",\"@id\":\"https:\/\/efterklang.org\/projects\/lindelia-bo-og-behandlingssenter-baerum\/?lang=no#breadcrumb\",\"itemListElement\":[{\"@type\":\"ListItem\",\"position\":1,\"name\":\"Home\",\"item\":\"https:\/\/efterklang.org\/no\/\"},{\"@type\":\"ListItem\",\"position\":2,\"name\":\"Our projects\",\"item\":\"https:\/\/efterklang.org\/projects\/?lang=sv\"},{\"@type\":\"ListItem\",\"position\":3,\"name\":\"Lindelia Bo og Behandlingssenter, B\u00e6rum\"}]},{\"@type\":\"WebSite\",\"@id\":\"https:\/\/efterklang.org\/#website\",\"url\":\"https:\/\/efterklang.org\/\",\"name\":\"Efterklang\",\"description\":\"Site by basta-kompisar\",\"publisher\":{\"@id\":\"https:\/\/efterklang.org\/#organization\"},\"potentialAction\":[{\"@type\":\"SearchAction\",\"target\":{\"@type\":\"EntryPoint\",\"urlTemplate\":\"https:\/\/efterklang.org\/?s={search_term_string}\"},\"query-input\":\"required name=search_term_string\"}],\"inLanguage\":\"nb-NO\"},{\"@type\":\"Organization\",\"@id\":\"https:\/\/efterklang.org\/#organization\",\"name\":\"Efterklang\",\"url\":\"https:\/\/efterklang.org\/\",\"logo\":{\"@type\":\"ImageObject\",\"inLanguage\":\"nb-NO\",\"@id\":\"https:\/\/efterklang.org\/#\/schema\/logo\/image\/\",\"url\":\"https:\/\/efterklang.org\/wp-content\/uploads\/2021\/10\/Asset-25.svg\",\"contentUrl\":\"https:\/\/efterklang.org\/wp-content\/uploads\/2021\/10\/Asset-25.svg\",\"caption\":\"Efterklang\"},\"image\":{\"@id\":\"https:\/\/efterklang.org\/#\/schema\/logo\/image\/\"}}]}<\/script>\n<!-- \/ Yoast SEO plugin. -->","yoast_head_json":{"title":"Lindelia Bo og Behandlingssenter, B\u00e6rum - Efterklang","description":"Akustisk prosjektering med skjerpete lydkrav for omsorgsboliger og lydisolerte beboerrom i behandlingssenteret.","robots":{"index":"index","follow":"follow","max-snippet":"max-snippet:-1","max-image-preview":"max-image-preview:large","max-video-preview":"max-video-preview:-1"},"canonical":"https:\/\/efterklang.org\/projects\/lindelia-bo-og-behandlingssenter-baerum\/?lang=no","og_locale":"nb_NO","og_type":"article","og_title":"Lindelia Bo og Behandlingssenter, B\u00e6rum - Efterklang","og_description":"Akustisk prosjektering med skjerpete lydkrav for omsorgsboliger og lydisolerte beboerrom i behandlingssenteret.","og_url":"https:\/\/efterklang.org\/projects\/lindelia-bo-og-behandlingssenter-baerum\/?lang=no","og_site_name":"Efterklang","article_modified_time":"2021-12-13T11:01:10+00:00","og_image":[{"width":4928,"height":3264,"url":"https:\/\/efterklang.org\/wp-content\/uploads\/2021\/12\/Lindelia-Bo-og-behandlingssenter_bygg-2.jpg","type":"image\/jpeg"}],"twitter_card":"summary_large_image","twitter_misc":{"Ansl. lesetid":"1 minutt"},"schema":{"@context":"https:\/\/schema.org","@graph":[{"@type":"WebPage","@id":"https:\/\/efterklang.org\/projects\/lindelia-bo-og-behandlingssenter-baerum\/?lang=no","url":"https:\/\/efterklang.org\/projects\/lindelia-bo-og-behandlingssenter-baerum\/?lang=no","name":"Lindelia Bo og Behandlingssenter, B\u00e6rum - Efterklang","isPartOf":{"@id":"https:\/\/efterklang.org\/#website"},"datePublished":"2021-12-10T10:40:37+00:00","dateModified":"2021-12-13T11:01:10+00:00","description":"Akustisk prosjektering med skjerpete lydkrav for omsorgsboliger og lydisolerte beboerrom i behandlingssenteret.","breadcrumb":{"@id":"https:\/\/efterklang.org\/projects\/lindelia-bo-og-behandlingssenter-baerum\/?lang=no#breadcrumb"},"inLanguage":"nb-NO","potentialAction":[{"@type":"ReadAction","target":["https:\/\/efterklang.org\/projects\/lindelia-bo-og-behandlingssenter-baerum\/?lang=no"]}]},{"@type":"BreadcrumbList","@id":"https:\/\/efterklang.org\/projects\/lindelia-bo-og-behandlingssenter-baerum\/?lang=no#breadcrumb","itemListElement":[{"@type":"ListItem","position":1,"name":"Home","item":"https:\/\/efterklang.org\/no\/"},{"@type":"ListItem","position":2,"name":"Our projects","item":"https:\/\/efterklang.org\/projects\/?lang=sv"},{"@type":"ListItem","position":3,"name":"Lindelia Bo og Behandlingssenter, B\u00e6rum"}]},{"@type":"WebSite","@id":"https:\/\/efterklang.org\/#website","url":"https:\/\/efterklang.org\/","name":"Efterklang","description":"Site by basta-kompisar","publisher":{"@id":"https:\/\/efterklang.org\/#organization"},"potentialAction":[{"@type":"SearchAction","target":{"@type":"EntryPoint","urlTemplate":"https:\/\/efterklang.org\/?s={search_term_string}"},"query-input":"required name=search_term_string"}],"inLanguage":"nb-NO"},{"@type":"Organization","@id":"https:\/\/efterklang.org\/#organization","name":"Efterklang","url":"https:\/\/efterklang.org\/","logo":{"@type":"ImageObject","inLanguage":"nb-NO","@id":"https:\/\/efterklang.org\/#\/schema\/logo\/image\/","url":"https:\/\/efterklang.org\/wp-content\/uploads\/2021\/10\/Asset-25.svg","contentUrl":"https:\/\/efterklang.org\/wp-content\/uploads\/2021\/10\/Asset-25.svg","caption":"Efterklang"},"image":{"@id":"https:\/\/efterklang.org\/#\/schema\/logo\/image\/"}}]}},"_links":{"self":[{"href":"https:\/\/efterklang.org\/no\/wp-json\/wp\/v2\/projects\/5733","targetHints":{"allow":["GET"]}}],"collection":[{"href":"https:\/\/efterklang.org\/no\/wp-json\/wp\/v2\/projects"}],"about":[{"href":"https:\/\/efterklang.org\/no\/wp-json\/wp\/v2\/types\/projects"}],"version-history":[{"count":2,"href":"https:\/\/efterklang.org\/no\/wp-json\/wp\/v2\/projects\/5733\/revisions"}],"predecessor-version":[{"id":5832,"href":"https:\/\/efterklang.org\/no\/wp-json\/wp\/v2\/projects\/5733\/revisions\/5832"}],"wp:featuredmedia":[{"embeddable":true,"href":"https:\/\/efterklang.org\/no\/wp-json\/wp\/v2\/media\/4142"}],"wp:attachment":[{"href":"https:\/\/efterklang.org\/no\/wp-json\/wp\/v2\/media?parent=5733"}],"wp:term":[{"taxonomy":"project_category","embeddable":true,"href":"https:\/\/efterklang.org\/no\/wp-json\/wp\/v2\/project_category?post=5733"},{"taxonomy":"country","embeddable":true,"href":"https:\/\/efterklang.org\/no\/wp-json\/wp\/v2\/country?post=5733"},{"taxonomy":"sector","embeddable":true,"href":"https:\/\/efterklang.org\/no\/wp-json\/wp\/v2\/sector?post=5733"}],"curies":[{"name":"wp","href":"https:\/\/api.w.org\/{rel}","templated":true}]}}

Lindelia Bo og Behandlingssenter, Bærum

<h6>Bakgrunn</h6>
<p>Bærum kommune har oppført et nytt bo- og behandlingssenter på Lindelia. Senteret ble tatt i bruk høsten 2020 og har totalt 132 beboerplasser, et dagsenter samt ti omsorgsboliger og to treningsboliger.</p>
<h6>Oppdrag</h6>
<p>Hele anlegget hadde høye mål om å bli et moderne og fremtidsrettet helsebygg, der brukerbehov var en viktig prioritering. Lydkravene var strenge for å ivareta beboernes velvære. Efterklang fikk oppdraget av Backe-Stor Oslo og har hatt et tett samarbeid med både kunde og andre rådgivere gjennom hele prosjektet.</p>
<p>En viktig oppgave var blant annet lydisolering mellom beboerrom og fellesarealer for å sikre at beboere ikke forstyrres eller plages av støy fra naborom eller aktiviteter i dagsenteret. Vi har også kartlagt støynivå fra teknisk utstyr.</p>
<h6>Resultat</h6>
<p>Det nye bo- og behandlingssenteret tilbyr moderne og flotte miljøer til sine beboere, der god akustikk har fått prioritet. Efterklang har utført lydmålinger som viser at de skjerpede lydkravene er ivaretatt.</p>

<!-- This site is optimized with the Yoast SEO plugin v22.1 - https://yoast.com/wordpress/plugins/seo/ -->
<title>Lindelia Bo og Behandlingssenter, Bærum - Efterklang</title>
<meta name="description" content="Akustisk prosjektering med skjerpete lydkrav for omsorgsboliger og lydisolerte beboerrom i behandlingssenteret." />
<meta name="robots" content="index, follow, max-snippet:-1, max-image-preview:large, max-video-preview:-1" />
<link rel="canonical" href="https://efterklang.org/projects/lindelia-bo-og-behandlingssenter-baerum/?lang=no" />
<meta property="og:locale" content="nb_NO" />
<meta property="og:type" content="article" />
<meta property="og:title" content="Lindelia Bo og Behandlingssenter, Bærum - Efterklang" />
<meta property="og:description" content="Akustisk prosjektering med skjerpete lydkrav for omsorgsboliger og lydisolerte beboerrom i behandlingssenteret." />
<meta property="og:url" content="https://efterklang.org/projects/lindelia-bo-og-behandlingssenter-baerum/?lang=no" />
<meta property="og:site_name" content="Efterklang" />
<meta property="article:modified_time" content="2021-12-13T11:01:10+00:00" />
<meta property="og:image" content="https://efterklang.org/wp-content/uploads/2021/12/Lindelia-Bo-og-behandlingssenter_bygg-2.jpg" />
	<meta property="og:image:width" content="4928" />
	<meta property="og:image:height" content="3264" />
	<meta property="og:image:type" content="image/jpeg" />
<meta name="twitter:card" content="summary_large_image" />
<meta name="twitter:label1" content="Ansl. lesetid" />
	<meta name="twitter:data1" content="1 minutt" />
<script type="application/ld+json" class="yoast-schema-graph">{"@context":"https://schema.org","@graph":[{"@type":"WebPage","@id":"https://efterklang.org/projects/lindelia-bo-og-behandlingssenter-baerum/?lang=no","url":"https://efterklang.org/projects/lindelia-bo-og-behandlingssenter-baerum/?lang=no","name":"Lindelia Bo og Behandlingssenter, Bærum - Efterklang","isPartOf":{"@id":"https://efterklang.org/#website"},"datePublished":"2021-12-10T10:40:37+00:00","dateModified":"2021-12-13T11:01:10+00:00","description":"Akustisk prosjektering med skjerpete lydkrav for omsorgsboliger og lydisolerte beboerrom i behandlingssenteret.","breadcrumb":{"@id":"https://efterklang.org/projects/lindelia-bo-og-behandlingssenter-baerum/?lang=no#breadcrumb"},"inLanguage":"nb-NO","potentialAction":[{"@type":"ReadAction","target":["https://efterklang.org/projects/lindelia-bo-og-behandlingssenter-baerum/?lang=no"]}]},{"@type":"BreadcrumbList","@id":"https://efterklang.org/projects/lindelia-bo-og-behandlingssenter-baerum/?lang=no#breadcrumb","itemListElement":[{"@type":"ListItem","position":1,"name":"Home","item":"https://efterklang.org/no/"},{"@type":"ListItem","position":2,"name":"Our projects","item":"https://efterklang.org/projects/?lang=sv"},{"@type":"ListItem","position":3,"name":"Lindelia Bo og Behandlingssenter, Bærum"}]},{"@type":"WebSite","@id":"https://efterklang.org/#website","url":"https://efterklang.org/","name":"Efterklang","description":"Site by basta-kompisar","publisher":{"@id":"https://efterklang.org/#organization"},"potentialAction":[{"@type":"SearchAction","target":{"@type":"EntryPoint","urlTemplate":"https://efterklang.org/?s={search_term_string}"},"query-input":"required name=search_term_string"}],"inLanguage":"nb-NO"},{"@type":"Organization","@id":"https://efterklang.org/#organization","name":"Efterklang","url":"https://efterklang.org/","logo":{"@type":"ImageObject","inLanguage":"nb-NO","@id":"https://efterklang.org/#/schema/logo/image/","url":"https://efterklang.org/wp-content/uploads/2021/10/Asset-25.svg","contentUrl":"https://efterklang.org/wp-content/uploads/2021/10/Asset-25.svg","caption":"Efterklang"},"image":{"@id":"https://efterklang.org/#/schema/logo/image/"}}]}</script>
<!-- / Yoast SEO plugin. -->

Lindelia Bo og Behandlingssenter, Bærum - Efterklang
