{"id":4575,"date":"2021-11-16T15:52:08","date_gmt":"2021-11-16T20:52:08","guid":{"rendered":"http:\/\/efterklang.org.hemsida.eu\/projects\/the-conference-malmo\/"},"modified":"2022-08-22T14:39:57","modified_gmt":"2022-08-22T12:39:57","slug":"the-conference-malmo","status":"publish","type":"projects","link":"https:\/\/efterklang.org\/no\/projects\/the-conference-malmo\/","title":{"rendered":"The Conference, Malm\u00f8"},"content":{"rendered":"<h6>Bakgrunn<\/h6>\n<p class=\"p1\"><span class=\"s1\">The Conference er en todagers konferanse i Malm\u00f8 som tar for seg emnene menneskelig atferd, ny teknologi og hvordan man f\u00e5r ting til \u00e5 skje. Det er en \u00e5rlig konferanse som tar imot foredragsholdere og bes\u00f8kende fra hele verden. <\/span><\/p>\n<h6>Oppdrag<\/h6>\n<p class=\"p1\"><span class=\"s1\">P\u00e5 oppdrag fra arrang\u00f8ren Media Evolution har Efterklang utviklet et lydkonsept. Konferansens visuelle uttrykk var basen for lydkonseptet, med tydelig geometri, form og farge. Martin Hallberg, Sound Designer &amp; Concept Developer hos Efterklang oversatte de ulike formene til lydb\u00f8lger: Triangel omgjort til sagtannb\u00f8lge, kvadrat ble omgjort til firkantet lydb\u00f8lge og sirkel omgjort til sinuslydb\u00f8lge. Instrumentene ble deretter valgt ut basert p\u00e5 hvordan lydb\u00f8lgene deres ser ut og instrumenter som cello, bassklarinett og Moog-synth bygger opp lydbildet. Ytterligere lydeffekter og overraskende lydelementer er lagt til for \u00e5 forsterke collageestetikken som preget The Conference uttrykk i 2018. <\/span><\/p>\n<h6>Resultat<\/h6>\n<p><em>&laquo;What is communicated in a conference is not only in the content of speeches, but in the way the content is delivered. With \u2018The Conference\u2019 we want to facilitate a new experience to our visitors and trigger their curiosity. The sound concept enabled us to do this at the 2018 conference.\u201d<\/em> &#8211; Hateff Mousaviyan, Head of Communications for The Conference 2018.<\/p>\n<p><strong>Utmerkelser:<br \/>\n<\/strong><a href=\"https:\/\/www.red-dot.org\/project\/the-heart-and-mind-sound-concept-41352\" target=\"_blank\" rel=\"noopener\">Red Dot &#8211; Red Dot Design Awards 2019<\/a><\/p>\n","protected":false},"featured_media":3479,"template":"","project_category":[236,297,295,261,266],"country":[332],"sector":[336,340],"class_list":["post-4575","projects","type-projects","status-publish","has-post-thumbnail","hentry","project_category-lyddesign","project_category-audio-branding-2-no","project_category-konsept","project_category-lyddesign-2","project_category-soundscaping-no","country-sweden-no","sector-kunst-og-kultur","sector-varemerke-og-kommunikasjon"],"acf":[],"yoast_head":"<!-- This site is optimized with the Yoast SEO plugin v22.1 - https:\/\/yoast.com\/wordpress\/plugins\/seo\/ -->\n<title>The Conference, Malm\u00f8 - Efterklang<\/title>\n<meta name=\"description\" content=\"Efterklang fikk i oppdrag \u00e5 utvikle et lyddesignkonsept og lydlandskap som en del av en multisensorisk kommunikasjonsstrategi for The Conference 2018 i Malm\u00f6.\" \/>\n<meta name=\"robots\" content=\"index, follow, max-snippet:-1, max-image-preview:large, max-video-preview:-1\" \/>\n<link rel=\"canonical\" href=\"https:\/\/efterklang.org\/projects\/the-conference-malmo\/?lang=no\" \/>\n<meta property=\"og:locale\" content=\"nb_NO\" \/>\n<meta property=\"og:type\" content=\"article\" \/>\n<meta property=\"og:title\" content=\"The Conference, Malm\u00f8 - Efterklang\" \/>\n<meta property=\"og:description\" content=\"Efterklang fikk i oppdrag \u00e5 utvikle et lyddesignkonsept og lydlandskap som en del av en multisensorisk kommunikasjonsstrategi for The Conference 2018 i Malm\u00f6.\" \/>\n<meta property=\"og:url\" content=\"https:\/\/efterklang.org\/projects\/the-conference-malmo\/?lang=no\" \/>\n<meta property=\"og:site_name\" content=\"Efterklang\" \/>\n<meta property=\"article:modified_time\" content=\"2022-08-22T12:39:57+00:00\" \/>\n<meta property=\"og:image\" content=\"https:\/\/efterklang.org\/wp-content\/uploads\/2021\/11\/The-Conference2-2018.jpg\" \/>\n\t<meta property=\"og:image:width\" content=\"4142\" \/>\n\t<meta property=\"og:image:height\" content=\"2761\" \/>\n\t<meta property=\"og:image:type\" content=\"image\/jpeg\" \/>\n<meta name=\"twitter:card\" content=\"summary_large_image\" \/>\n<meta name=\"twitter:label1\" content=\"Ansl. lesetid\" \/>\n\t<meta name=\"twitter:data1\" content=\"1 minutt\" \/>\n<script type=\"application\/ld+json\" class=\"yoast-schema-graph\">{\"@context\":\"https:\/\/schema.org\",\"@graph\":[{\"@type\":\"WebPage\",\"@id\":\"https:\/\/efterklang.org\/projects\/the-conference-malmo\/?lang=no\",\"url\":\"https:\/\/efterklang.org\/projects\/the-conference-malmo\/?lang=no\",\"name\":\"The Conference, Malm\u00f8 - Efterklang\",\"isPartOf\":{\"@id\":\"https:\/\/efterklang.org\/#website\"},\"datePublished\":\"2021-11-16T20:52:08+00:00\",\"dateModified\":\"2022-08-22T12:39:57+00:00\",\"description\":\"Efterklang fikk i oppdrag \u00e5 utvikle et lyddesignkonsept og lydlandskap som en del av en multisensorisk kommunikasjonsstrategi for The Conference 2018 i Malm\u00f6.\",\"breadcrumb\":{\"@id\":\"https:\/\/efterklang.org\/projects\/the-conference-malmo\/?lang=no#breadcrumb\"},\"inLanguage\":\"nb-NO\",\"potentialAction\":[{\"@type\":\"ReadAction\",\"target\":[\"https:\/\/efterklang.org\/projects\/the-conference-malmo\/?lang=no\"]}]},{\"@type\":\"BreadcrumbList\",\"@id\":\"https:\/\/efterklang.org\/projects\/the-conference-malmo\/?lang=no#breadcrumb\",\"itemListElement\":[{\"@type\":\"ListItem\",\"position\":1,\"name\":\"Home\",\"item\":\"https:\/\/efterklang.org\/no\/\"},{\"@type\":\"ListItem\",\"position\":2,\"name\":\"Our projects\",\"item\":\"https:\/\/efterklang.org\/projects\/?lang=sv\"},{\"@type\":\"ListItem\",\"position\":3,\"name\":\"The Conference, Malm\u00f8\"}]},{\"@type\":\"WebSite\",\"@id\":\"https:\/\/efterklang.org\/#website\",\"url\":\"https:\/\/efterklang.org\/\",\"name\":\"Efterklang\",\"description\":\"Site by basta-kompisar\",\"publisher\":{\"@id\":\"https:\/\/efterklang.org\/#organization\"},\"potentialAction\":[{\"@type\":\"SearchAction\",\"target\":{\"@type\":\"EntryPoint\",\"urlTemplate\":\"https:\/\/efterklang.org\/?s={search_term_string}\"},\"query-input\":\"required name=search_term_string\"}],\"inLanguage\":\"nb-NO\"},{\"@type\":\"Organization\",\"@id\":\"https:\/\/efterklang.org\/#organization\",\"name\":\"Efterklang\",\"url\":\"https:\/\/efterklang.org\/\",\"logo\":{\"@type\":\"ImageObject\",\"inLanguage\":\"nb-NO\",\"@id\":\"https:\/\/efterklang.org\/#\/schema\/logo\/image\/\",\"url\":\"https:\/\/efterklang.org\/wp-content\/uploads\/2021\/10\/Asset-25.svg\",\"contentUrl\":\"https:\/\/efterklang.org\/wp-content\/uploads\/2021\/10\/Asset-25.svg\",\"caption\":\"Efterklang\"},\"image\":{\"@id\":\"https:\/\/efterklang.org\/#\/schema\/logo\/image\/\"}}]}<\/script>\n<!-- \/ Yoast SEO plugin. -->","yoast_head_json":{"title":"The Conference, Malm\u00f8 - Efterklang","description":"Efterklang fikk i oppdrag \u00e5 utvikle et lyddesignkonsept og lydlandskap som en del av en multisensorisk kommunikasjonsstrategi for The Conference 2018 i Malm\u00f6.","robots":{"index":"index","follow":"follow","max-snippet":"max-snippet:-1","max-image-preview":"max-image-preview:large","max-video-preview":"max-video-preview:-1"},"canonical":"https:\/\/efterklang.org\/projects\/the-conference-malmo\/?lang=no","og_locale":"nb_NO","og_type":"article","og_title":"The Conference, Malm\u00f8 - Efterklang","og_description":"Efterklang fikk i oppdrag \u00e5 utvikle et lyddesignkonsept og lydlandskap som en del av en multisensorisk kommunikasjonsstrategi for The Conference 2018 i Malm\u00f6.","og_url":"https:\/\/efterklang.org\/projects\/the-conference-malmo\/?lang=no","og_site_name":"Efterklang","article_modified_time":"2022-08-22T12:39:57+00:00","og_image":[{"width":4142,"height":2761,"url":"https:\/\/efterklang.org\/wp-content\/uploads\/2021\/11\/The-Conference2-2018.jpg","type":"image\/jpeg"}],"twitter_card":"summary_large_image","twitter_misc":{"Ansl. lesetid":"1 minutt"},"schema":{"@context":"https:\/\/schema.org","@graph":[{"@type":"WebPage","@id":"https:\/\/efterklang.org\/projects\/the-conference-malmo\/?lang=no","url":"https:\/\/efterklang.org\/projects\/the-conference-malmo\/?lang=no","name":"The Conference, Malm\u00f8 - Efterklang","isPartOf":{"@id":"https:\/\/efterklang.org\/#website"},"datePublished":"2021-11-16T20:52:08+00:00","dateModified":"2022-08-22T12:39:57+00:00","description":"Efterklang fikk i oppdrag \u00e5 utvikle et lyddesignkonsept og lydlandskap som en del av en multisensorisk kommunikasjonsstrategi for The Conference 2018 i Malm\u00f6.","breadcrumb":{"@id":"https:\/\/efterklang.org\/projects\/the-conference-malmo\/?lang=no#breadcrumb"},"inLanguage":"nb-NO","potentialAction":[{"@type":"ReadAction","target":["https:\/\/efterklang.org\/projects\/the-conference-malmo\/?lang=no"]}]},{"@type":"BreadcrumbList","@id":"https:\/\/efterklang.org\/projects\/the-conference-malmo\/?lang=no#breadcrumb","itemListElement":[{"@type":"ListItem","position":1,"name":"Home","item":"https:\/\/efterklang.org\/no\/"},{"@type":"ListItem","position":2,"name":"Our projects","item":"https:\/\/efterklang.org\/projects\/?lang=sv"},{"@type":"ListItem","position":3,"name":"The Conference, Malm\u00f8"}]},{"@type":"WebSite","@id":"https:\/\/efterklang.org\/#website","url":"https:\/\/efterklang.org\/","name":"Efterklang","description":"Site by basta-kompisar","publisher":{"@id":"https:\/\/efterklang.org\/#organization"},"potentialAction":[{"@type":"SearchAction","target":{"@type":"EntryPoint","urlTemplate":"https:\/\/efterklang.org\/?s={search_term_string}"},"query-input":"required name=search_term_string"}],"inLanguage":"nb-NO"},{"@type":"Organization","@id":"https:\/\/efterklang.org\/#organization","name":"Efterklang","url":"https:\/\/efterklang.org\/","logo":{"@type":"ImageObject","inLanguage":"nb-NO","@id":"https:\/\/efterklang.org\/#\/schema\/logo\/image\/","url":"https:\/\/efterklang.org\/wp-content\/uploads\/2021\/10\/Asset-25.svg","contentUrl":"https:\/\/efterklang.org\/wp-content\/uploads\/2021\/10\/Asset-25.svg","caption":"Efterklang"},"image":{"@id":"https:\/\/efterklang.org\/#\/schema\/logo\/image\/"}}]}},"_links":{"self":[{"href":"https:\/\/efterklang.org\/no\/wp-json\/wp\/v2\/projects\/4575","targetHints":{"allow":["GET"]}}],"collection":[{"href":"https:\/\/efterklang.org\/no\/wp-json\/wp\/v2\/projects"}],"about":[{"href":"https:\/\/efterklang.org\/no\/wp-json\/wp\/v2\/types\/projects"}],"version-history":[{"count":10,"href":"https:\/\/efterklang.org\/no\/wp-json\/wp\/v2\/projects\/4575\/revisions"}],"predecessor-version":[{"id":9316,"href":"https:\/\/efterklang.org\/no\/wp-json\/wp\/v2\/projects\/4575\/revisions\/9316"}],"wp:featuredmedia":[{"embeddable":true,"href":"https:\/\/efterklang.org\/no\/wp-json\/wp\/v2\/media\/3479"}],"wp:attachment":[{"href":"https:\/\/efterklang.org\/no\/wp-json\/wp\/v2\/media?parent=4575"}],"wp:term":[{"taxonomy":"project_category","embeddable":true,"href":"https:\/\/efterklang.org\/no\/wp-json\/wp\/v2\/project_category?post=4575"},{"taxonomy":"country","embeddable":true,"href":"https:\/\/efterklang.org\/no\/wp-json\/wp\/v2\/country?post=4575"},{"taxonomy":"sector","embeddable":true,"href":"https:\/\/efterklang.org\/no\/wp-json\/wp\/v2\/sector?post=4575"}],"curies":[{"name":"wp","href":"https:\/\/api.w.org\/{rel}","templated":true}]}}

The Conference, Malmø

<h6>Bakgrunn</h6>
<p class="p1"><span class="s1">The Conference er en todagers konferanse i Malmø som tar for seg emnene menneskelig atferd, ny teknologi og hvordan man får ting til å skje. Det er en årlig konferanse som tar imot foredragsholdere og besøkende fra hele verden. </span></p>
<h6>Oppdrag</h6>
<p class="p1"><span class="s1">På oppdrag fra arrangøren Media Evolution har Efterklang utviklet et lydkonsept. Konferansens visuelle uttrykk var basen for lydkonseptet, med tydelig geometri, form og farge. Martin Hallberg, Sound Designer &amp; Concept Developer hos Efterklang oversatte de ulike formene til lydbølger: Triangel omgjort til sagtannbølge, kvadrat ble omgjort til firkantet lydbølge og sirkel omgjort til sinuslydbølge. Instrumentene ble deretter valgt ut basert på hvordan lydbølgene deres ser ut og instrumenter som cello, bassklarinett og Moog-synth bygger opp lydbildet. Ytterligere lydeffekter og overraskende lydelementer er lagt til for å forsterke collageestetikken som preget The Conference uttrykk i 2018. </span></p>
<h6>Resultat</h6>
<p><em>&laquo;What is communicated in a conference is not only in the content of speeches, but in the way the content is delivered. With ‘The Conference’ we want to facilitate a new experience to our visitors and trigger their curiosity. The sound concept enabled us to do this at the 2018 conference.”</em> &#8211; Hateff Mousaviyan, Head of Communications for The Conference 2018.</p>
<p><strong>Utmerkelser:<br />
</strong><a href="https://www.red-dot.org/project/the-heart-and-mind-sound-concept-41352" target="_blank" rel="noopener">Red Dot &#8211; Red Dot Design Awards 2019</a></p>

<!-- This site is optimized with the Yoast SEO plugin v22.1 - https://yoast.com/wordpress/plugins/seo/ -->
<title>The Conference, Malmø - Efterklang</title>
<meta name="description" content="Efterklang fikk i oppdrag å utvikle et lyddesignkonsept og lydlandskap som en del av en multisensorisk kommunikasjonsstrategi for The Conference 2018 i Malmö." />
<meta name="robots" content="index, follow, max-snippet:-1, max-image-preview:large, max-video-preview:-1" />
<link rel="canonical" href="https://efterklang.org/projects/the-conference-malmo/?lang=no" />
<meta property="og:locale" content="nb_NO" />
<meta property="og:type" content="article" />
<meta property="og:title" content="The Conference, Malmø - Efterklang" />
<meta property="og:description" content="Efterklang fikk i oppdrag å utvikle et lyddesignkonsept og lydlandskap som en del av en multisensorisk kommunikasjonsstrategi for The Conference 2018 i Malmö." />
<meta property="og:url" content="https://efterklang.org/projects/the-conference-malmo/?lang=no" />
<meta property="og:site_name" content="Efterklang" />
<meta property="article:modified_time" content="2022-08-22T12:39:57+00:00" />
<meta property="og:image" content="https://efterklang.org/wp-content/uploads/2021/11/The-Conference2-2018.jpg" />
	<meta property="og:image:width" content="4142" />
	<meta property="og:image:height" content="2761" />
	<meta property="og:image:type" content="image/jpeg" />
<meta name="twitter:card" content="summary_large_image" />
<meta name="twitter:label1" content="Ansl. lesetid" />
	<meta name="twitter:data1" content="1 minutt" />
<script type="application/ld+json" class="yoast-schema-graph">{"@context":"https://schema.org","@graph":[{"@type":"WebPage","@id":"https://efterklang.org/projects/the-conference-malmo/?lang=no","url":"https://efterklang.org/projects/the-conference-malmo/?lang=no","name":"The Conference, Malmø - Efterklang","isPartOf":{"@id":"https://efterklang.org/#website"},"datePublished":"2021-11-16T20:52:08+00:00","dateModified":"2022-08-22T12:39:57+00:00","description":"Efterklang fikk i oppdrag å utvikle et lyddesignkonsept og lydlandskap som en del av en multisensorisk kommunikasjonsstrategi for The Conference 2018 i Malmö.","breadcrumb":{"@id":"https://efterklang.org/projects/the-conference-malmo/?lang=no#breadcrumb"},"inLanguage":"nb-NO","potentialAction":[{"@type":"ReadAction","target":["https://efterklang.org/projects/the-conference-malmo/?lang=no"]}]},{"@type":"BreadcrumbList","@id":"https://efterklang.org/projects/the-conference-malmo/?lang=no#breadcrumb","itemListElement":[{"@type":"ListItem","position":1,"name":"Home","item":"https://efterklang.org/no/"},{"@type":"ListItem","position":2,"name":"Our projects","item":"https://efterklang.org/projects/?lang=sv"},{"@type":"ListItem","position":3,"name":"The Conference, Malmø"}]},{"@type":"WebSite","@id":"https://efterklang.org/#website","url":"https://efterklang.org/","name":"Efterklang","description":"Site by basta-kompisar","publisher":{"@id":"https://efterklang.org/#organization"},"potentialAction":[{"@type":"SearchAction","target":{"@type":"EntryPoint","urlTemplate":"https://efterklang.org/?s={search_term_string}"},"query-input":"required name=search_term_string"}],"inLanguage":"nb-NO"},{"@type":"Organization","@id":"https://efterklang.org/#organization","name":"Efterklang","url":"https://efterklang.org/","logo":{"@type":"ImageObject","inLanguage":"nb-NO","@id":"https://efterklang.org/#/schema/logo/image/","url":"https://efterklang.org/wp-content/uploads/2021/10/Asset-25.svg","contentUrl":"https://efterklang.org/wp-content/uploads/2021/10/Asset-25.svg","caption":"Efterklang"},"image":{"@id":"https://efterklang.org/#/schema/logo/image/"}}]}</script>
<!-- / Yoast SEO plugin. -->

The Conference, Malmø - Efterklang

Efterklang fikk i oppdrag å utvikle et lyddesignkonsept og lydlandskap som en del av en multisensorisk kommunikasjonsstrategi for The Conference 2018 i Malmö.
