{"id":4344,"date":"2021-11-12T08:34:23","date_gmt":"2021-11-12T13:34:23","guid":{"rendered":"http:\/\/efterklang.org.hemsida.eu\/projects\/wherethelightguidesyou\/"},"modified":"2021-12-13T15:15:23","modified_gmt":"2021-12-13T20:15:23","slug":"dit-lyset-leder","status":"publish","type":"projects","link":"https:\/\/efterklang.org\/no\/projects\/dit-lyset-leder\/","title":{"rendered":"Dit lyset leder"},"content":{"rendered":"<h6>Bakgrunn<\/h6>\n<p class=\"p1\"><span class=\"s1\">Artisten Eva Dahlgren og designer Alexander Lervik har sammen laget et designprosjekt og en utstilling med glass, lys og musikk som ber\u00f8rer alle sanser. For \u00e5 skape en helt unik opplevelse har Efterklang bidratt med konseptuell lyd- og duftdesign til utstillingen, som f\u00f8rst ble vist p\u00e5 Designgalleriet under Stockholm Design Week 2017. Utstillingen er ogs\u00e5 utstilt p\u00e5 Bukowskis i 2017, Kulturhuset i Stockholm i 2018 og Vida Konsthall p\u00e5 \u00d6land i 2019. <\/span><\/p>\n<h6>Oppdrag<\/h6>\n<p class=\"p1\"><span class=\"s1\">Den konseptuelle lyddesignen tok sin form i unike lyddusjopplevelser med m\u00e5lrettet h\u00f8yttalerteknologi. Grunnlaget for opplevelsen er basert p\u00e5 et musikalsk verk komponert av Eva Dahlgren. <\/span><\/p>\n<h6>Resultat<\/h6>\n<p class=\"p1\"><span class=\"s1\">Efterklangs lydprodusenter har da sammen med Eva Dahlgren &laquo;demontert&raquo; verket slik at hver lyddusj spiller forskjellige deler av stykket p\u00e5 en begrenset overflate. P\u00e5 denne m\u00e5ten f\u00e5r hvert kunstverk et spesialskrevet lydmilj\u00f8. <\/span><\/p>\n<p><strong>Priser:<br \/>\n<\/strong>Better Sound &#8211; International Sound Awards 2017<\/p>\n","protected":false},"featured_media":2770,"template":"","project_category":[236,261,239,283,273],"country":[332],"sector":[358,336],"class_list":["post-4344","projects","type-projects","status-publish","has-post-thumbnail","hentry","project_category-lyddesign","project_category-lyddesign-2","project_category-studio-no","project_category-lydproduksjon","project_category-spesialskrevet-musikk","country-sweden-no","sector-innovasjoner","sector-kunst-og-kultur"],"acf":[],"yoast_head":"<!-- This site is optimized with the Yoast SEO plugin v22.1 - https:\/\/yoast.com\/wordpress\/plugins\/seo\/ -->\n<title>Dit lyset leder - Efterklang<\/title>\n<meta name=\"description\" content=\"Kunstneren Eva Dahlgren og designeren Alexander Lervik har laget et designprosjekt og en utstilling med glass, lys og musikk som ber\u00f8rer alle sanser- Hvor lyset f\u00f8rer, Sverige . Etterklang har bidratt med konseptuell lyddesign.\" \/>\n<meta name=\"robots\" content=\"index, follow, max-snippet:-1, max-image-preview:large, max-video-preview:-1\" \/>\n<link rel=\"canonical\" href=\"https:\/\/efterklang.org\/projects\/dit-lyset-leder\/?lang=no\" \/>\n<meta property=\"og:locale\" content=\"nb_NO\" \/>\n<meta property=\"og:type\" content=\"article\" \/>\n<meta property=\"og:title\" content=\"Dit lyset leder - Efterklang\" \/>\n<meta property=\"og:description\" content=\"Kunstneren Eva Dahlgren og designeren Alexander Lervik har laget et designprosjekt og en utstilling med glass, lys og musikk som ber\u00f8rer alle sanser- Hvor lyset f\u00f8rer, Sverige . Etterklang har bidratt med konseptuell lyddesign.\" \/>\n<meta property=\"og:url\" content=\"https:\/\/efterklang.org\/projects\/dit-lyset-leder\/?lang=no\" \/>\n<meta property=\"og:site_name\" content=\"Efterklang\" \/>\n<meta property=\"article:modified_time\" content=\"2021-12-13T20:15:23+00:00\" \/>\n<meta property=\"og:image\" content=\"https:\/\/efterklang.org\/wp-content\/uploads\/2021\/11\/Dit-ljuset-leder-10.jpg\" \/>\n\t<meta property=\"og:image:width\" content=\"2609\" \/>\n\t<meta property=\"og:image:height\" content=\"3913\" \/>\n\t<meta property=\"og:image:type\" content=\"image\/jpeg\" \/>\n<meta name=\"twitter:card\" content=\"summary_large_image\" \/>\n<meta name=\"twitter:label1\" content=\"Ansl. lesetid\" \/>\n\t<meta name=\"twitter:data1\" content=\"1 minutt\" \/>\n<script type=\"application\/ld+json\" class=\"yoast-schema-graph\">{\"@context\":\"https:\/\/schema.org\",\"@graph\":[{\"@type\":\"WebPage\",\"@id\":\"https:\/\/efterklang.org\/projects\/dit-lyset-leder\/?lang=no\",\"url\":\"https:\/\/efterklang.org\/projects\/dit-lyset-leder\/?lang=no\",\"name\":\"Dit lyset leder - Efterklang\",\"isPartOf\":{\"@id\":\"https:\/\/efterklang.org\/#website\"},\"datePublished\":\"2021-11-12T13:34:23+00:00\",\"dateModified\":\"2021-12-13T20:15:23+00:00\",\"description\":\"Kunstneren Eva Dahlgren og designeren Alexander Lervik har laget et designprosjekt og en utstilling med glass, lys og musikk som ber\u00f8rer alle sanser- Hvor lyset f\u00f8rer, Sverige . Etterklang har bidratt med konseptuell lyddesign.\",\"breadcrumb\":{\"@id\":\"https:\/\/efterklang.org\/projects\/dit-lyset-leder\/?lang=no#breadcrumb\"},\"inLanguage\":\"nb-NO\",\"potentialAction\":[{\"@type\":\"ReadAction\",\"target\":[\"https:\/\/efterklang.org\/projects\/dit-lyset-leder\/?lang=no\"]}]},{\"@type\":\"BreadcrumbList\",\"@id\":\"https:\/\/efterklang.org\/projects\/dit-lyset-leder\/?lang=no#breadcrumb\",\"itemListElement\":[{\"@type\":\"ListItem\",\"position\":1,\"name\":\"Home\",\"item\":\"https:\/\/efterklang.org\/no\/\"},{\"@type\":\"ListItem\",\"position\":2,\"name\":\"Our projects\",\"item\":\"https:\/\/efterklang.org\/projects\/?lang=sv\"},{\"@type\":\"ListItem\",\"position\":3,\"name\":\"Dit lyset leder\"}]},{\"@type\":\"WebSite\",\"@id\":\"https:\/\/efterklang.org\/#website\",\"url\":\"https:\/\/efterklang.org\/\",\"name\":\"Efterklang\",\"description\":\"Site by basta-kompisar\",\"publisher\":{\"@id\":\"https:\/\/efterklang.org\/#organization\"},\"potentialAction\":[{\"@type\":\"SearchAction\",\"target\":{\"@type\":\"EntryPoint\",\"urlTemplate\":\"https:\/\/efterklang.org\/?s={search_term_string}\"},\"query-input\":\"required name=search_term_string\"}],\"inLanguage\":\"nb-NO\"},{\"@type\":\"Organization\",\"@id\":\"https:\/\/efterklang.org\/#organization\",\"name\":\"Efterklang\",\"url\":\"https:\/\/efterklang.org\/\",\"logo\":{\"@type\":\"ImageObject\",\"inLanguage\":\"nb-NO\",\"@id\":\"https:\/\/efterklang.org\/#\/schema\/logo\/image\/\",\"url\":\"https:\/\/efterklang.org\/wp-content\/uploads\/2021\/10\/Asset-25.svg\",\"contentUrl\":\"https:\/\/efterklang.org\/wp-content\/uploads\/2021\/10\/Asset-25.svg\",\"caption\":\"Efterklang\"},\"image\":{\"@id\":\"https:\/\/efterklang.org\/#\/schema\/logo\/image\/\"}}]}<\/script>\n<!-- \/ Yoast SEO plugin. -->","yoast_head_json":{"title":"Dit lyset leder - Efterklang","description":"Kunstneren Eva Dahlgren og designeren Alexander Lervik har laget et designprosjekt og en utstilling med glass, lys og musikk som ber\u00f8rer alle sanser- Hvor lyset f\u00f8rer, Sverige . Etterklang har bidratt med konseptuell lyddesign.","robots":{"index":"index","follow":"follow","max-snippet":"max-snippet:-1","max-image-preview":"max-image-preview:large","max-video-preview":"max-video-preview:-1"},"canonical":"https:\/\/efterklang.org\/projects\/dit-lyset-leder\/?lang=no","og_locale":"nb_NO","og_type":"article","og_title":"Dit lyset leder - Efterklang","og_description":"Kunstneren Eva Dahlgren og designeren Alexander Lervik har laget et designprosjekt og en utstilling med glass, lys og musikk som ber\u00f8rer alle sanser- Hvor lyset f\u00f8rer, Sverige . Etterklang har bidratt med konseptuell lyddesign.","og_url":"https:\/\/efterklang.org\/projects\/dit-lyset-leder\/?lang=no","og_site_name":"Efterklang","article_modified_time":"2021-12-13T20:15:23+00:00","og_image":[{"width":2609,"height":3913,"url":"https:\/\/efterklang.org\/wp-content\/uploads\/2021\/11\/Dit-ljuset-leder-10.jpg","type":"image\/jpeg"}],"twitter_card":"summary_large_image","twitter_misc":{"Ansl. lesetid":"1 minutt"},"schema":{"@context":"https:\/\/schema.org","@graph":[{"@type":"WebPage","@id":"https:\/\/efterklang.org\/projects\/dit-lyset-leder\/?lang=no","url":"https:\/\/efterklang.org\/projects\/dit-lyset-leder\/?lang=no","name":"Dit lyset leder - Efterklang","isPartOf":{"@id":"https:\/\/efterklang.org\/#website"},"datePublished":"2021-11-12T13:34:23+00:00","dateModified":"2021-12-13T20:15:23+00:00","description":"Kunstneren Eva Dahlgren og designeren Alexander Lervik har laget et designprosjekt og en utstilling med glass, lys og musikk som ber\u00f8rer alle sanser- Hvor lyset f\u00f8rer, Sverige . Etterklang har bidratt med konseptuell lyddesign.","breadcrumb":{"@id":"https:\/\/efterklang.org\/projects\/dit-lyset-leder\/?lang=no#breadcrumb"},"inLanguage":"nb-NO","potentialAction":[{"@type":"ReadAction","target":["https:\/\/efterklang.org\/projects\/dit-lyset-leder\/?lang=no"]}]},{"@type":"BreadcrumbList","@id":"https:\/\/efterklang.org\/projects\/dit-lyset-leder\/?lang=no#breadcrumb","itemListElement":[{"@type":"ListItem","position":1,"name":"Home","item":"https:\/\/efterklang.org\/no\/"},{"@type":"ListItem","position":2,"name":"Our projects","item":"https:\/\/efterklang.org\/projects\/?lang=sv"},{"@type":"ListItem","position":3,"name":"Dit lyset leder"}]},{"@type":"WebSite","@id":"https:\/\/efterklang.org\/#website","url":"https:\/\/efterklang.org\/","name":"Efterklang","description":"Site by basta-kompisar","publisher":{"@id":"https:\/\/efterklang.org\/#organization"},"potentialAction":[{"@type":"SearchAction","target":{"@type":"EntryPoint","urlTemplate":"https:\/\/efterklang.org\/?s={search_term_string}"},"query-input":"required name=search_term_string"}],"inLanguage":"nb-NO"},{"@type":"Organization","@id":"https:\/\/efterklang.org\/#organization","name":"Efterklang","url":"https:\/\/efterklang.org\/","logo":{"@type":"ImageObject","inLanguage":"nb-NO","@id":"https:\/\/efterklang.org\/#\/schema\/logo\/image\/","url":"https:\/\/efterklang.org\/wp-content\/uploads\/2021\/10\/Asset-25.svg","contentUrl":"https:\/\/efterklang.org\/wp-content\/uploads\/2021\/10\/Asset-25.svg","caption":"Efterklang"},"image":{"@id":"https:\/\/efterklang.org\/#\/schema\/logo\/image\/"}}]}},"_links":{"self":[{"href":"https:\/\/efterklang.org\/no\/wp-json\/wp\/v2\/projects\/4344","targetHints":{"allow":["GET"]}}],"collection":[{"href":"https:\/\/efterklang.org\/no\/wp-json\/wp\/v2\/projects"}],"about":[{"href":"https:\/\/efterklang.org\/no\/wp-json\/wp\/v2\/types\/projects"}],"version-history":[{"count":7,"href":"https:\/\/efterklang.org\/no\/wp-json\/wp\/v2\/projects\/4344\/revisions"}],"predecessor-version":[{"id":5882,"href":"https:\/\/efterklang.org\/no\/wp-json\/wp\/v2\/projects\/4344\/revisions\/5882"}],"wp:featuredmedia":[{"embeddable":true,"href":"https:\/\/efterklang.org\/no\/wp-json\/wp\/v2\/media\/2770"}],"wp:attachment":[{"href":"https:\/\/efterklang.org\/no\/wp-json\/wp\/v2\/media?parent=4344"}],"wp:term":[{"taxonomy":"project_category","embeddable":true,"href":"https:\/\/efterklang.org\/no\/wp-json\/wp\/v2\/project_category?post=4344"},{"taxonomy":"country","embeddable":true,"href":"https:\/\/efterklang.org\/no\/wp-json\/wp\/v2\/country?post=4344"},{"taxonomy":"sector","embeddable":true,"href":"https:\/\/efterklang.org\/no\/wp-json\/wp\/v2\/sector?post=4344"}],"curies":[{"name":"wp","href":"https:\/\/api.w.org\/{rel}","templated":true}]}}

<h6>Bakgrunn</h6>
<p class="p1"><span class="s1">Artisten Eva Dahlgren og designer Alexander Lervik har sammen laget et designprosjekt og en utstilling med glass, lys og musikk som berører alle sanser. For å skape en helt unik opplevelse har Efterklang bidratt med konseptuell lyd- og duftdesign til utstillingen, som først ble vist på Designgalleriet under Stockholm Design Week 2017. Utstillingen er også utstilt på Bukowskis i 2017, Kulturhuset i Stockholm i 2018 og Vida Konsthall på Öland i 2019. </span></p>
<h6>Oppdrag</h6>
<p class="p1"><span class="s1">Den konseptuelle lyddesignen tok sin form i unike lyddusjopplevelser med målrettet høyttalerteknologi. Grunnlaget for opplevelsen er basert på et musikalsk verk komponert av Eva Dahlgren. </span></p>
<h6>Resultat</h6>
<p class="p1"><span class="s1">Efterklangs lydprodusenter har da sammen med Eva Dahlgren &laquo;demontert&raquo; verket slik at hver lyddusj spiller forskjellige deler av stykket på en begrenset overflate. På denne måten får hvert kunstverk et spesialskrevet lydmiljø. </span></p>
<p><strong>Priser:<br />
</strong>Better Sound &#8211; International Sound Awards 2017</p>

<!-- This site is optimized with the Yoast SEO plugin v22.1 - https://yoast.com/wordpress/plugins/seo/ -->
<title>Dit lyset leder - Efterklang</title>
<meta name="description" content="Kunstneren Eva Dahlgren og designeren Alexander Lervik har laget et designprosjekt og en utstilling med glass, lys og musikk som berører alle sanser- Hvor lyset fører, Sverige . Etterklang har bidratt med konseptuell lyddesign." />
<meta name="robots" content="index, follow, max-snippet:-1, max-image-preview:large, max-video-preview:-1" />
<link rel="canonical" href="https://efterklang.org/projects/dit-lyset-leder/?lang=no" />
<meta property="og:locale" content="nb_NO" />
<meta property="og:type" content="article" />
<meta property="og:title" content="Dit lyset leder - Efterklang" />
<meta property="og:description" content="Kunstneren Eva Dahlgren og designeren Alexander Lervik har laget et designprosjekt og en utstilling med glass, lys og musikk som berører alle sanser- Hvor lyset fører, Sverige . Etterklang har bidratt med konseptuell lyddesign." />
<meta property="og:url" content="https://efterklang.org/projects/dit-lyset-leder/?lang=no" />
<meta property="og:site_name" content="Efterklang" />
<meta property="article:modified_time" content="2021-12-13T20:15:23+00:00" />
<meta property="og:image" content="https://efterklang.org/wp-content/uploads/2021/11/Dit-ljuset-leder-10.jpg" />
	<meta property="og:image:width" content="2609" />
	<meta property="og:image:height" content="3913" />
	<meta property="og:image:type" content="image/jpeg" />
<meta name="twitter:card" content="summary_large_image" />
<meta name="twitter:label1" content="Ansl. lesetid" />
	<meta name="twitter:data1" content="1 minutt" />
<script type="application/ld+json" class="yoast-schema-graph">{"@context":"https://schema.org","@graph":[{"@type":"WebPage","@id":"https://efterklang.org/projects/dit-lyset-leder/?lang=no","url":"https://efterklang.org/projects/dit-lyset-leder/?lang=no","name":"Dit lyset leder - Efterklang","isPartOf":{"@id":"https://efterklang.org/#website"},"datePublished":"2021-11-12T13:34:23+00:00","dateModified":"2021-12-13T20:15:23+00:00","description":"Kunstneren Eva Dahlgren og designeren Alexander Lervik har laget et designprosjekt og en utstilling med glass, lys og musikk som berører alle sanser- Hvor lyset fører, Sverige . Etterklang har bidratt med konseptuell lyddesign.","breadcrumb":{"@id":"https://efterklang.org/projects/dit-lyset-leder/?lang=no#breadcrumb"},"inLanguage":"nb-NO","potentialAction":[{"@type":"ReadAction","target":["https://efterklang.org/projects/dit-lyset-leder/?lang=no"]}]},{"@type":"BreadcrumbList","@id":"https://efterklang.org/projects/dit-lyset-leder/?lang=no#breadcrumb","itemListElement":[{"@type":"ListItem","position":1,"name":"Home","item":"https://efterklang.org/no/"},{"@type":"ListItem","position":2,"name":"Our projects","item":"https://efterklang.org/projects/?lang=sv"},{"@type":"ListItem","position":3,"name":"Dit lyset leder"}]},{"@type":"WebSite","@id":"https://efterklang.org/#website","url":"https://efterklang.org/","name":"Efterklang","description":"Site by basta-kompisar","publisher":{"@id":"https://efterklang.org/#organization"},"potentialAction":[{"@type":"SearchAction","target":{"@type":"EntryPoint","urlTemplate":"https://efterklang.org/?s={search_term_string}"},"query-input":"required name=search_term_string"}],"inLanguage":"nb-NO"},{"@type":"Organization","@id":"https://efterklang.org/#organization","name":"Efterklang","url":"https://efterklang.org/","logo":{"@type":"ImageObject","inLanguage":"nb-NO","@id":"https://efterklang.org/#/schema/logo/image/","url":"https://efterklang.org/wp-content/uploads/2021/10/Asset-25.svg","contentUrl":"https://efterklang.org/wp-content/uploads/2021/10/Asset-25.svg","caption":"Efterklang"},"image":{"@id":"https://efterklang.org/#/schema/logo/image/"}}]}</script>
<!-- / Yoast SEO plugin. -->

Kunstneren Eva Dahlgren og designeren Alexander Lervik har laget et designprosjekt og en utstilling med glass, lys og musikk som berører alle sanser- Hvor lyset fører, Sverige . Etterklang har bidratt med konseptuell lyddesign.
