{"id":4222,"date":"2021-11-29T06:03:33","date_gmt":"2021-11-29T11:03:33","guid":{"rendered":"http:\/\/efterklang.org.hemsida.eu\/projects\/studio-malmo\/"},"modified":"2021-12-13T14:15:53","modified_gmt":"2021-12-13T19:15:53","slug":"studio-malmo","status":"publish","type":"projects","link":"https:\/\/efterklang.org\/no\/projects\/studio-malmo\/","title":{"rendered":"Studio, Malm\u00f8"},"content":{"rendered":"<h6>Bakgrunn<\/h6>\n<p class=\"p1\"><span class=\"s1\">P\u00e5 Universitetsholmen i Malm\u00f8 sentrum har Skanska bygget STUDIO, et nytt og innbydende m\u00f8tested for byens innbyggere. Bygningen best\u00e5r av hotell, restauranter, kontorer og en black box og ble innviet h\u00f8sten 2016. <\/span><\/p>\n<h6>Oppdrag<\/h6>\n<p class=\"p1\"><span class=\"s1\">Efterklang var p\u00e5 oppdrag av Skanska, involvert i detaljprosjekteringsfasen av prosjektet og ga r\u00e5d til byggherren om byggbare og effektive l\u00f8sninger som ville oppfylle de fastsatte kriteriene samt skape et best mulig akustisk milj\u00f8 i bygget.<\/span><\/p>\n<h6>Resultat<\/h6>\n<p class=\"p1\"><span class=\"s1\">Studio i Malm\u00f6 er et levende, kreativt milj\u00f8. I f\u00f8rste etasje finner du restauranter og et felles atrium med resepsjon for bygningens tjenester. Her m\u00f8tes mennesker, kultur og n\u00e6ringsliv i et hyggelig og \u00e5pent milj\u00f8. <\/span><\/p>\n<p class=\"p1\"><span class=\"s1\">Bygningen er sertifisert i henhold til det internasjonale milj\u00f8systemet LEED niv\u00e5 Platinum. <\/span><\/p>\n","protected":false},"featured_media":3784,"template":"","project_category":[233,320,322,318],"country":[332],"sector":[355,364,336],"class_list":["post-4222","projects","type-projects","status-publish","has-post-thumbnail","hentry","project_category-akustikk","project_category-bygningsakustikk","project_category-kontrollmalinger","project_category-miljoklassifisering","country-sweden-no","sector-hotell-og-fritid","sector-kontor-og-konferanse","sector-kunst-og-kultur"],"acf":[],"yoast_head":"<!-- This site is optimized with the Yoast SEO plugin v22.1 - https:\/\/yoast.com\/wordpress\/plugins\/seo\/ -->\n<title>Studio, Malm\u00f8 - Efterklang<\/title>\n<meta name=\"description\" content=\"Efterklang var involvert i detaljprosjekteringsfasen av prosjektet og ga r\u00e5d til byggherren om byggbare og effektive l\u00f8sninger som ville oppfylle de fastsatte kriteriene samt skape et best mulig akustisk milj\u00f8 i bygget.\" \/>\n<meta name=\"robots\" content=\"index, follow, max-snippet:-1, max-image-preview:large, max-video-preview:-1\" \/>\n<link rel=\"canonical\" href=\"https:\/\/efterklang.org\/projects\/studio-malmo\/?lang=no\" \/>\n<meta property=\"og:locale\" content=\"nb_NO\" \/>\n<meta property=\"og:type\" content=\"article\" \/>\n<meta property=\"og:title\" content=\"Studio, Malm\u00f8 - Efterklang\" \/>\n<meta property=\"og:description\" content=\"Efterklang var involvert i detaljprosjekteringsfasen av prosjektet og ga r\u00e5d til byggherren om byggbare og effektive l\u00f8sninger som ville oppfylle de fastsatte kriteriene samt skape et best mulig akustisk milj\u00f8 i bygget.\" \/>\n<meta property=\"og:url\" content=\"https:\/\/efterklang.org\/projects\/studio-malmo\/?lang=no\" \/>\n<meta property=\"og:site_name\" content=\"Efterklang\" \/>\n<meta property=\"article:modified_time\" content=\"2021-12-13T19:15:53+00:00\" \/>\n<meta property=\"og:image\" content=\"https:\/\/efterklang.org\/wp-content\/uploads\/2021\/11\/Studio_Malmo-6.jpg\" \/>\n\t<meta property=\"og:image:width\" content=\"4272\" \/>\n\t<meta property=\"og:image:height\" content=\"2848\" \/>\n\t<meta property=\"og:image:type\" content=\"image\/jpeg\" \/>\n<meta name=\"twitter:card\" content=\"summary_large_image\" \/>\n<meta name=\"twitter:label1\" content=\"Ansl. lesetid\" \/>\n\t<meta name=\"twitter:data1\" content=\"1 minutt\" \/>\n<script type=\"application\/ld+json\" class=\"yoast-schema-graph\">{\"@context\":\"https:\/\/schema.org\",\"@graph\":[{\"@type\":\"WebPage\",\"@id\":\"https:\/\/efterklang.org\/projects\/studio-malmo\/?lang=no\",\"url\":\"https:\/\/efterklang.org\/projects\/studio-malmo\/?lang=no\",\"name\":\"Studio, Malm\u00f8 - Efterklang\",\"isPartOf\":{\"@id\":\"https:\/\/efterklang.org\/#website\"},\"datePublished\":\"2021-11-29T11:03:33+00:00\",\"dateModified\":\"2021-12-13T19:15:53+00:00\",\"description\":\"Efterklang var involvert i detaljprosjekteringsfasen av prosjektet og ga r\u00e5d til byggherren om byggbare og effektive l\u00f8sninger som ville oppfylle de fastsatte kriteriene samt skape et best mulig akustisk milj\u00f8 i bygget.\",\"breadcrumb\":{\"@id\":\"https:\/\/efterklang.org\/projects\/studio-malmo\/?lang=no#breadcrumb\"},\"inLanguage\":\"nb-NO\",\"potentialAction\":[{\"@type\":\"ReadAction\",\"target\":[\"https:\/\/efterklang.org\/projects\/studio-malmo\/?lang=no\"]}]},{\"@type\":\"BreadcrumbList\",\"@id\":\"https:\/\/efterklang.org\/projects\/studio-malmo\/?lang=no#breadcrumb\",\"itemListElement\":[{\"@type\":\"ListItem\",\"position\":1,\"name\":\"Home\",\"item\":\"https:\/\/efterklang.org\/no\/\"},{\"@type\":\"ListItem\",\"position\":2,\"name\":\"Our projects\",\"item\":\"https:\/\/efterklang.org\/projects\/?lang=sv\"},{\"@type\":\"ListItem\",\"position\":3,\"name\":\"Studio, Malm\u00f8\"}]},{\"@type\":\"WebSite\",\"@id\":\"https:\/\/efterklang.org\/#website\",\"url\":\"https:\/\/efterklang.org\/\",\"name\":\"Efterklang\",\"description\":\"Site by basta-kompisar\",\"publisher\":{\"@id\":\"https:\/\/efterklang.org\/#organization\"},\"potentialAction\":[{\"@type\":\"SearchAction\",\"target\":{\"@type\":\"EntryPoint\",\"urlTemplate\":\"https:\/\/efterklang.org\/?s={search_term_string}\"},\"query-input\":\"required name=search_term_string\"}],\"inLanguage\":\"nb-NO\"},{\"@type\":\"Organization\",\"@id\":\"https:\/\/efterklang.org\/#organization\",\"name\":\"Efterklang\",\"url\":\"https:\/\/efterklang.org\/\",\"logo\":{\"@type\":\"ImageObject\",\"inLanguage\":\"nb-NO\",\"@id\":\"https:\/\/efterklang.org\/#\/schema\/logo\/image\/\",\"url\":\"https:\/\/efterklang.org\/wp-content\/uploads\/2021\/10\/Asset-25.svg\",\"contentUrl\":\"https:\/\/efterklang.org\/wp-content\/uploads\/2021\/10\/Asset-25.svg\",\"caption\":\"Efterklang\"},\"image\":{\"@id\":\"https:\/\/efterklang.org\/#\/schema\/logo\/image\/\"}}]}<\/script>\n<!-- \/ Yoast SEO plugin. -->","yoast_head_json":{"title":"Studio, Malm\u00f8 - Efterklang","description":"Efterklang var involvert i detaljprosjekteringsfasen av prosjektet og ga r\u00e5d til byggherren om byggbare og effektive l\u00f8sninger som ville oppfylle de fastsatte kriteriene samt skape et best mulig akustisk milj\u00f8 i bygget.","robots":{"index":"index","follow":"follow","max-snippet":"max-snippet:-1","max-image-preview":"max-image-preview:large","max-video-preview":"max-video-preview:-1"},"canonical":"https:\/\/efterklang.org\/projects\/studio-malmo\/?lang=no","og_locale":"nb_NO","og_type":"article","og_title":"Studio, Malm\u00f8 - Efterklang","og_description":"Efterklang var involvert i detaljprosjekteringsfasen av prosjektet og ga r\u00e5d til byggherren om byggbare og effektive l\u00f8sninger som ville oppfylle de fastsatte kriteriene samt skape et best mulig akustisk milj\u00f8 i bygget.","og_url":"https:\/\/efterklang.org\/projects\/studio-malmo\/?lang=no","og_site_name":"Efterklang","article_modified_time":"2021-12-13T19:15:53+00:00","og_image":[{"width":4272,"height":2848,"url":"https:\/\/efterklang.org\/wp-content\/uploads\/2021\/11\/Studio_Malmo-6.jpg","type":"image\/jpeg"}],"twitter_card":"summary_large_image","twitter_misc":{"Ansl. lesetid":"1 minutt"},"schema":{"@context":"https:\/\/schema.org","@graph":[{"@type":"WebPage","@id":"https:\/\/efterklang.org\/projects\/studio-malmo\/?lang=no","url":"https:\/\/efterklang.org\/projects\/studio-malmo\/?lang=no","name":"Studio, Malm\u00f8 - Efterklang","isPartOf":{"@id":"https:\/\/efterklang.org\/#website"},"datePublished":"2021-11-29T11:03:33+00:00","dateModified":"2021-12-13T19:15:53+00:00","description":"Efterklang var involvert i detaljprosjekteringsfasen av prosjektet og ga r\u00e5d til byggherren om byggbare og effektive l\u00f8sninger som ville oppfylle de fastsatte kriteriene samt skape et best mulig akustisk milj\u00f8 i bygget.","breadcrumb":{"@id":"https:\/\/efterklang.org\/projects\/studio-malmo\/?lang=no#breadcrumb"},"inLanguage":"nb-NO","potentialAction":[{"@type":"ReadAction","target":["https:\/\/efterklang.org\/projects\/studio-malmo\/?lang=no"]}]},{"@type":"BreadcrumbList","@id":"https:\/\/efterklang.org\/projects\/studio-malmo\/?lang=no#breadcrumb","itemListElement":[{"@type":"ListItem","position":1,"name":"Home","item":"https:\/\/efterklang.org\/no\/"},{"@type":"ListItem","position":2,"name":"Our projects","item":"https:\/\/efterklang.org\/projects\/?lang=sv"},{"@type":"ListItem","position":3,"name":"Studio, Malm\u00f8"}]},{"@type":"WebSite","@id":"https:\/\/efterklang.org\/#website","url":"https:\/\/efterklang.org\/","name":"Efterklang","description":"Site by basta-kompisar","publisher":{"@id":"https:\/\/efterklang.org\/#organization"},"potentialAction":[{"@type":"SearchAction","target":{"@type":"EntryPoint","urlTemplate":"https:\/\/efterklang.org\/?s={search_term_string}"},"query-input":"required name=search_term_string"}],"inLanguage":"nb-NO"},{"@type":"Organization","@id":"https:\/\/efterklang.org\/#organization","name":"Efterklang","url":"https:\/\/efterklang.org\/","logo":{"@type":"ImageObject","inLanguage":"nb-NO","@id":"https:\/\/efterklang.org\/#\/schema\/logo\/image\/","url":"https:\/\/efterklang.org\/wp-content\/uploads\/2021\/10\/Asset-25.svg","contentUrl":"https:\/\/efterklang.org\/wp-content\/uploads\/2021\/10\/Asset-25.svg","caption":"Efterklang"},"image":{"@id":"https:\/\/efterklang.org\/#\/schema\/logo\/image\/"}}]}},"_links":{"self":[{"href":"https:\/\/efterklang.org\/no\/wp-json\/wp\/v2\/projects\/4222","targetHints":{"allow":["GET"]}}],"collection":[{"href":"https:\/\/efterklang.org\/no\/wp-json\/wp\/v2\/projects"}],"about":[{"href":"https:\/\/efterklang.org\/no\/wp-json\/wp\/v2\/types\/projects"}],"version-history":[{"count":5,"href":"https:\/\/efterklang.org\/no\/wp-json\/wp\/v2\/projects\/4222\/revisions"}],"predecessor-version":[{"id":5858,"href":"https:\/\/efterklang.org\/no\/wp-json\/wp\/v2\/projects\/4222\/revisions\/5858"}],"wp:featuredmedia":[{"embeddable":true,"href":"https:\/\/efterklang.org\/no\/wp-json\/wp\/v2\/media\/3784"}],"wp:attachment":[{"href":"https:\/\/efterklang.org\/no\/wp-json\/wp\/v2\/media?parent=4222"}],"wp:term":[{"taxonomy":"project_category","embeddable":true,"href":"https:\/\/efterklang.org\/no\/wp-json\/wp\/v2\/project_category?post=4222"},{"taxonomy":"country","embeddable":true,"href":"https:\/\/efterklang.org\/no\/wp-json\/wp\/v2\/country?post=4222"},{"taxonomy":"sector","embeddable":true,"href":"https:\/\/efterklang.org\/no\/wp-json\/wp\/v2\/sector?post=4222"}],"curies":[{"name":"wp","href":"https:\/\/api.w.org\/{rel}","templated":true}]}}

Studio, Malmø

<h6>Bakgrunn</h6>
<p class="p1"><span class="s1">På Universitetsholmen i Malmø sentrum har Skanska bygget STUDIO, et nytt og innbydende møtested for byens innbyggere. Bygningen består av hotell, restauranter, kontorer og en black box og ble innviet høsten 2016. </span></p>
<h6>Oppdrag</h6>
<p class="p1"><span class="s1">Efterklang var på oppdrag av Skanska, involvert i detaljprosjekteringsfasen av prosjektet og ga råd til byggherren om byggbare og effektive løsninger som ville oppfylle de fastsatte kriteriene samt skape et best mulig akustisk miljø i bygget.</span></p>
<h6>Resultat</h6>
<p class="p1"><span class="s1">Studio i Malmö er et levende, kreativt miljø. I første etasje finner du restauranter og et felles atrium med resepsjon for bygningens tjenester. Her møtes mennesker, kultur og næringsliv i et hyggelig og åpent miljø. </span></p>
<p class="p1"><span class="s1">Bygningen er sertifisert i henhold til det internasjonale miljøsystemet LEED nivå Platinum. </span></p>

<!-- This site is optimized with the Yoast SEO plugin v22.1 - https://yoast.com/wordpress/plugins/seo/ -->
<title>Studio, Malmø - Efterklang</title>
<meta name="description" content="Efterklang var involvert i detaljprosjekteringsfasen av prosjektet og ga råd til byggherren om byggbare og effektive løsninger som ville oppfylle de fastsatte kriteriene samt skape et best mulig akustisk miljø i bygget." />
<meta name="robots" content="index, follow, max-snippet:-1, max-image-preview:large, max-video-preview:-1" />
<link rel="canonical" href="https://efterklang.org/projects/studio-malmo/?lang=no" />
<meta property="og:locale" content="nb_NO" />
<meta property="og:type" content="article" />
<meta property="og:title" content="Studio, Malmø - Efterklang" />
<meta property="og:description" content="Efterklang var involvert i detaljprosjekteringsfasen av prosjektet og ga råd til byggherren om byggbare og effektive løsninger som ville oppfylle de fastsatte kriteriene samt skape et best mulig akustisk miljø i bygget." />
<meta property="og:url" content="https://efterklang.org/projects/studio-malmo/?lang=no" />
<meta property="og:site_name" content="Efterklang" />
<meta property="article:modified_time" content="2021-12-13T19:15:53+00:00" />
<meta property="og:image" content="https://efterklang.org/wp-content/uploads/2021/11/Studio_Malmo-6.jpg" />
	<meta property="og:image:width" content="4272" />
	<meta property="og:image:height" content="2848" />
	<meta property="og:image:type" content="image/jpeg" />
<meta name="twitter:card" content="summary_large_image" />
<meta name="twitter:label1" content="Ansl. lesetid" />
	<meta name="twitter:data1" content="1 minutt" />
<script type="application/ld+json" class="yoast-schema-graph">{"@context":"https://schema.org","@graph":[{"@type":"WebPage","@id":"https://efterklang.org/projects/studio-malmo/?lang=no","url":"https://efterklang.org/projects/studio-malmo/?lang=no","name":"Studio, Malmø - Efterklang","isPartOf":{"@id":"https://efterklang.org/#website"},"datePublished":"2021-11-29T11:03:33+00:00","dateModified":"2021-12-13T19:15:53+00:00","description":"Efterklang var involvert i detaljprosjekteringsfasen av prosjektet og ga råd til byggherren om byggbare og effektive løsninger som ville oppfylle de fastsatte kriteriene samt skape et best mulig akustisk miljø i bygget.","breadcrumb":{"@id":"https://efterklang.org/projects/studio-malmo/?lang=no#breadcrumb"},"inLanguage":"nb-NO","potentialAction":[{"@type":"ReadAction","target":["https://efterklang.org/projects/studio-malmo/?lang=no"]}]},{"@type":"BreadcrumbList","@id":"https://efterklang.org/projects/studio-malmo/?lang=no#breadcrumb","itemListElement":[{"@type":"ListItem","position":1,"name":"Home","item":"https://efterklang.org/no/"},{"@type":"ListItem","position":2,"name":"Our projects","item":"https://efterklang.org/projects/?lang=sv"},{"@type":"ListItem","position":3,"name":"Studio, Malmø"}]},{"@type":"WebSite","@id":"https://efterklang.org/#website","url":"https://efterklang.org/","name":"Efterklang","description":"Site by basta-kompisar","publisher":{"@id":"https://efterklang.org/#organization"},"potentialAction":[{"@type":"SearchAction","target":{"@type":"EntryPoint","urlTemplate":"https://efterklang.org/?s={search_term_string}"},"query-input":"required name=search_term_string"}],"inLanguage":"nb-NO"},{"@type":"Organization","@id":"https://efterklang.org/#organization","name":"Efterklang","url":"https://efterklang.org/","logo":{"@type":"ImageObject","inLanguage":"nb-NO","@id":"https://efterklang.org/#/schema/logo/image/","url":"https://efterklang.org/wp-content/uploads/2021/10/Asset-25.svg","contentUrl":"https://efterklang.org/wp-content/uploads/2021/10/Asset-25.svg","caption":"Efterklang"},"image":{"@id":"https://efterklang.org/#/schema/logo/image/"}}]}</script>
<!-- / Yoast SEO plugin. -->

Studio, Malmø - Efterklang

Efterklang var involvert i detaljprosjekteringsfasen av prosjektet og ga råd til byggherren om byggbare og effektive løsninger som ville oppfylle de fastsatte kriteriene samt skape et best mulig akustisk miljø i bygget.
