{"id":8260,"date":"2022-04-08T15:33:44","date_gmt":"2022-04-08T13:33:44","guid":{"rendered":"https:\/\/efterklang.org\/projects\/estrella-produktion-och-lager-vast-sverige\/"},"modified":"2022-04-25T16:39:10","modified_gmt":"2022-04-25T14:39:10","slug":"estrella-produktion-och-lager-vast-sverige","status":"publish","type":"projects","link":"https:\/\/efterklang.org\/fi\/projects\/estrella-produktion-och-lager-vast-sverige\/","title":{"rendered":"Estrellan tuotantolaitos ja varasto, L\u00e4nsi-Ruotsi"},"content":{"rendered":"<h6 class=\"p1\">TAUSTAA<\/h6>\n<p class=\"p1\">Efterklang on konsultoinut monta vuotta v\u00e4lipalatuotteiden valmistaja Estrellaa Angeredin v\u00e4lipalatuotetehtaan ja Halmstadin perunavaraston meluasioissa.<\/p>\n<h6 class=\"p1\">TOIMEKSIANTO<\/h6>\n<p class=\"p1\">Efterklang on vuosien aikana suorittanut Estrellan L\u00e4nsi-Ruotsin toimipisteiss\u00e4 useita erilaisia, muun muassa melumallinnuksiin, seurantamittauksiin ja \u00e4\u00e4nivaatimuksiin liittyvi\u00e4 teht\u00e4vi\u00e4.<\/p>\n<h6 class=\"p1\">LOPPUTULOS<\/h6>\n<p class=\"p1\">Yhteisty\u00f6 Estrellan kanssa on lis\u00e4nnyt asiakkaan ymm\u00e4rryst\u00e4 melusta ja meluntorjuntakeinoista sen liiketoiminnan kasvaessa.<\/p>\n","protected":false},"featured_media":8074,"template":"","project_category":[497,535,534,536],"country":[523],"sector":[537,538],"class_list":["post-8260","projects","type-projects","status-publish","has-post-thumbnail","hentry","project_category-melu","project_category-melumittaukset","project_category-meluselvitykset","project_category-toimintasuunnitelmat-2","country-ruotsi","sector-elintarvike-ja-aaketeollisuus","sector-valmistava-teollisuus"],"acf":[],"yoast_head":"<!-- This site is optimized with the Yoast SEO plugin v22.1 - https:\/\/yoast.com\/wordpress\/plugins\/seo\/ -->\n<title>Estrellan tuotantolaitos ja varasto, L\u00e4nsi-Ruotsi - Efterklang<\/title>\n<meta name=\"description\" content=\"Efterklang on toiminut monta vuotta Estrellan yhteisty\u00f6kumppanina ja konsulttina Angeredin ja Halmstadin toimipisteiden meluhaasteiden ratkaisemiseksi.\" \/>\n<meta name=\"robots\" content=\"index, follow, max-snippet:-1, max-image-preview:large, max-video-preview:-1\" \/>\n<link rel=\"canonical\" href=\"https:\/\/efterklang.org\/projects\/estrella-produktion-och-lager-vast-sverige\/?lang=fi\" \/>\n<meta property=\"og:locale\" content=\"fi_FI\" \/>\n<meta property=\"og:type\" content=\"article\" \/>\n<meta property=\"og:title\" content=\"Estrellan tuotantolaitos ja varasto, L\u00e4nsi-Ruotsi - Efterklang\" \/>\n<meta property=\"og:description\" content=\"Efterklang on toiminut monta vuotta Estrellan yhteisty\u00f6kumppanina ja konsulttina Angeredin ja Halmstadin toimipisteiden meluhaasteiden ratkaisemiseksi.\" \/>\n<meta property=\"og:url\" content=\"https:\/\/efterklang.org\/projects\/estrella-produktion-och-lager-vast-sverige\/?lang=fi\" \/>\n<meta property=\"og:site_name\" content=\"Efterklang\" \/>\n<meta property=\"article:modified_time\" content=\"2022-04-25T14:39:10+00:00\" \/>\n<meta property=\"og:image\" content=\"https:\/\/efterklang.org\/wp-content\/uploads\/2022\/03\/Estrella_Bild-anlaggningen-2020_web-1024x604.jpg\" \/>\n\t<meta property=\"og:image:width\" content=\"1024\" \/>\n\t<meta property=\"og:image:height\" content=\"604\" \/>\n\t<meta property=\"og:image:type\" content=\"image\/jpeg\" \/>\n<meta name=\"twitter:card\" content=\"summary_large_image\" \/>\n<script type=\"application\/ld+json\" class=\"yoast-schema-graph\">{\"@context\":\"https:\/\/schema.org\",\"@graph\":[{\"@type\":\"WebPage\",\"@id\":\"https:\/\/efterklang.org\/projects\/estrella-produktion-och-lager-vast-sverige\/?lang=fi\",\"url\":\"https:\/\/efterklang.org\/projects\/estrella-produktion-och-lager-vast-sverige\/?lang=fi\",\"name\":\"Estrellan tuotantolaitos ja varasto, L\u00e4nsi-Ruotsi - Efterklang\",\"isPartOf\":{\"@id\":\"https:\/\/efterklang.org\/#website\"},\"datePublished\":\"2022-04-08T13:33:44+00:00\",\"dateModified\":\"2022-04-25T14:39:10+00:00\",\"description\":\"Efterklang on toiminut monta vuotta Estrellan yhteisty\u00f6kumppanina ja konsulttina Angeredin ja Halmstadin toimipisteiden meluhaasteiden ratkaisemiseksi.\",\"breadcrumb\":{\"@id\":\"https:\/\/efterklang.org\/projects\/estrella-produktion-och-lager-vast-sverige\/?lang=fi#breadcrumb\"},\"inLanguage\":\"fi\",\"potentialAction\":[{\"@type\":\"ReadAction\",\"target\":[\"https:\/\/efterklang.org\/projects\/estrella-produktion-och-lager-vast-sverige\/?lang=fi\"]}]},{\"@type\":\"BreadcrumbList\",\"@id\":\"https:\/\/efterklang.org\/projects\/estrella-produktion-och-lager-vast-sverige\/?lang=fi#breadcrumb\",\"itemListElement\":[{\"@type\":\"ListItem\",\"position\":1,\"name\":\"Home\",\"item\":\"https:\/\/efterklang.org\/fi\/\"},{\"@type\":\"ListItem\",\"position\":2,\"name\":\"Our projects\",\"item\":\"https:\/\/efterklang.org\/projects\/?lang=sv\"},{\"@type\":\"ListItem\",\"position\":3,\"name\":\"Estrellan tuotantolaitos ja varasto, L\u00e4nsi-Ruotsi\"}]},{\"@type\":\"WebSite\",\"@id\":\"https:\/\/efterklang.org\/#website\",\"url\":\"https:\/\/efterklang.org\/\",\"name\":\"Efterklang\",\"description\":\"Site by basta-kompisar\",\"publisher\":{\"@id\":\"https:\/\/efterklang.org\/#organization\"},\"potentialAction\":[{\"@type\":\"SearchAction\",\"target\":{\"@type\":\"EntryPoint\",\"urlTemplate\":\"https:\/\/efterklang.org\/?s={search_term_string}\"},\"query-input\":\"required name=search_term_string\"}],\"inLanguage\":\"fi\"},{\"@type\":\"Organization\",\"@id\":\"https:\/\/efterklang.org\/#organization\",\"name\":\"Efterklang\",\"url\":\"https:\/\/efterklang.org\/\",\"logo\":{\"@type\":\"ImageObject\",\"inLanguage\":\"fi\",\"@id\":\"https:\/\/efterklang.org\/#\/schema\/logo\/image\/\",\"url\":\"https:\/\/efterklang.org\/wp-content\/uploads\/2021\/10\/Asset-25.svg\",\"contentUrl\":\"https:\/\/efterklang.org\/wp-content\/uploads\/2021\/10\/Asset-25.svg\",\"caption\":\"Efterklang\"},\"image\":{\"@id\":\"https:\/\/efterklang.org\/#\/schema\/logo\/image\/\"}}]}<\/script>\n<!-- \/ Yoast SEO plugin. -->","yoast_head_json":{"title":"Estrellan tuotantolaitos ja varasto, L\u00e4nsi-Ruotsi - Efterklang","description":"Efterklang on toiminut monta vuotta Estrellan yhteisty\u00f6kumppanina ja konsulttina Angeredin ja Halmstadin toimipisteiden meluhaasteiden ratkaisemiseksi.","robots":{"index":"index","follow":"follow","max-snippet":"max-snippet:-1","max-image-preview":"max-image-preview:large","max-video-preview":"max-video-preview:-1"},"canonical":"https:\/\/efterklang.org\/projects\/estrella-produktion-och-lager-vast-sverige\/?lang=fi","og_locale":"fi_FI","og_type":"article","og_title":"Estrellan tuotantolaitos ja varasto, L\u00e4nsi-Ruotsi - Efterklang","og_description":"Efterklang on toiminut monta vuotta Estrellan yhteisty\u00f6kumppanina ja konsulttina Angeredin ja Halmstadin toimipisteiden meluhaasteiden ratkaisemiseksi.","og_url":"https:\/\/efterklang.org\/projects\/estrella-produktion-och-lager-vast-sverige\/?lang=fi","og_site_name":"Efterklang","article_modified_time":"2022-04-25T14:39:10+00:00","og_image":[{"width":1024,"height":604,"url":"https:\/\/efterklang.org\/wp-content\/uploads\/2022\/03\/Estrella_Bild-anlaggningen-2020_web-1024x604.jpg","type":"image\/jpeg"}],"twitter_card":"summary_large_image","schema":{"@context":"https:\/\/schema.org","@graph":[{"@type":"WebPage","@id":"https:\/\/efterklang.org\/projects\/estrella-produktion-och-lager-vast-sverige\/?lang=fi","url":"https:\/\/efterklang.org\/projects\/estrella-produktion-och-lager-vast-sverige\/?lang=fi","name":"Estrellan tuotantolaitos ja varasto, L\u00e4nsi-Ruotsi - Efterklang","isPartOf":{"@id":"https:\/\/efterklang.org\/#website"},"datePublished":"2022-04-08T13:33:44+00:00","dateModified":"2022-04-25T14:39:10+00:00","description":"Efterklang on toiminut monta vuotta Estrellan yhteisty\u00f6kumppanina ja konsulttina Angeredin ja Halmstadin toimipisteiden meluhaasteiden ratkaisemiseksi.","breadcrumb":{"@id":"https:\/\/efterklang.org\/projects\/estrella-produktion-och-lager-vast-sverige\/?lang=fi#breadcrumb"},"inLanguage":"fi","potentialAction":[{"@type":"ReadAction","target":["https:\/\/efterklang.org\/projects\/estrella-produktion-och-lager-vast-sverige\/?lang=fi"]}]},{"@type":"BreadcrumbList","@id":"https:\/\/efterklang.org\/projects\/estrella-produktion-och-lager-vast-sverige\/?lang=fi#breadcrumb","itemListElement":[{"@type":"ListItem","position":1,"name":"Home","item":"https:\/\/efterklang.org\/fi\/"},{"@type":"ListItem","position":2,"name":"Our projects","item":"https:\/\/efterklang.org\/projects\/?lang=sv"},{"@type":"ListItem","position":3,"name":"Estrellan tuotantolaitos ja varasto, L\u00e4nsi-Ruotsi"}]},{"@type":"WebSite","@id":"https:\/\/efterklang.org\/#website","url":"https:\/\/efterklang.org\/","name":"Efterklang","description":"Site by basta-kompisar","publisher":{"@id":"https:\/\/efterklang.org\/#organization"},"potentialAction":[{"@type":"SearchAction","target":{"@type":"EntryPoint","urlTemplate":"https:\/\/efterklang.org\/?s={search_term_string}"},"query-input":"required name=search_term_string"}],"inLanguage":"fi"},{"@type":"Organization","@id":"https:\/\/efterklang.org\/#organization","name":"Efterklang","url":"https:\/\/efterklang.org\/","logo":{"@type":"ImageObject","inLanguage":"fi","@id":"https:\/\/efterklang.org\/#\/schema\/logo\/image\/","url":"https:\/\/efterklang.org\/wp-content\/uploads\/2021\/10\/Asset-25.svg","contentUrl":"https:\/\/efterklang.org\/wp-content\/uploads\/2021\/10\/Asset-25.svg","caption":"Efterklang"},"image":{"@id":"https:\/\/efterklang.org\/#\/schema\/logo\/image\/"}}]}},"_links":{"self":[{"href":"https:\/\/efterklang.org\/fi\/wp-json\/wp\/v2\/projects\/8260","targetHints":{"allow":["GET"]}}],"collection":[{"href":"https:\/\/efterklang.org\/fi\/wp-json\/wp\/v2\/projects"}],"about":[{"href":"https:\/\/efterklang.org\/fi\/wp-json\/wp\/v2\/types\/projects"}],"version-history":[{"count":4,"href":"https:\/\/efterklang.org\/fi\/wp-json\/wp\/v2\/projects\/8260\/revisions"}],"predecessor-version":[{"id":8556,"href":"https:\/\/efterklang.org\/fi\/wp-json\/wp\/v2\/projects\/8260\/revisions\/8556"}],"wp:featuredmedia":[{"embeddable":true,"href":"https:\/\/efterklang.org\/fi\/wp-json\/wp\/v2\/media\/8074"}],"wp:attachment":[{"href":"https:\/\/efterklang.org\/fi\/wp-json\/wp\/v2\/media?parent=8260"}],"wp:term":[{"taxonomy":"project_category","embeddable":true,"href":"https:\/\/efterklang.org\/fi\/wp-json\/wp\/v2\/project_category?post=8260"},{"taxonomy":"country","embeddable":true,"href":"https:\/\/efterklang.org\/fi\/wp-json\/wp\/v2\/country?post=8260"},{"taxonomy":"sector","embeddable":true,"href":"https:\/\/efterklang.org\/fi\/wp-json\/wp\/v2\/sector?post=8260"}],"curies":[{"name":"wp","href":"https:\/\/api.w.org\/{rel}","templated":true}]}}

Estrellan tuotantolaitos ja varasto, Länsi-Ruotsi

<h6 class="p1">TAUSTAA</h6>
<p class="p1">Efterklang on konsultoinut monta vuotta välipalatuotteiden valmistaja Estrellaa Angeredin välipalatuotetehtaan ja Halmstadin perunavaraston meluasioissa.</p>
<h6 class="p1">TOIMEKSIANTO</h6>
<p class="p1">Efterklang on vuosien aikana suorittanut Estrellan Länsi-Ruotsin toimipisteissä useita erilaisia, muun muassa melumallinnuksiin, seurantamittauksiin ja äänivaatimuksiin liittyviä tehtäviä.</p>
<h6 class="p1">LOPPUTULOS</h6>
<p class="p1">Yhteistyö Estrellan kanssa on lisännyt asiakkaan ymmärrystä melusta ja meluntorjuntakeinoista sen liiketoiminnan kasvaessa.</p>

<!-- This site is optimized with the Yoast SEO plugin v22.1 - https://yoast.com/wordpress/plugins/seo/ -->
<title>Estrellan tuotantolaitos ja varasto, Länsi-Ruotsi - Efterklang</title>
<meta name="description" content="Efterklang on toiminut monta vuotta Estrellan yhteistyökumppanina ja konsulttina Angeredin ja Halmstadin toimipisteiden meluhaasteiden ratkaisemiseksi." />
<meta name="robots" content="index, follow, max-snippet:-1, max-image-preview:large, max-video-preview:-1" />
<link rel="canonical" href="https://efterklang.org/projects/estrella-produktion-och-lager-vast-sverige/?lang=fi" />
<meta property="og:locale" content="fi_FI" />
<meta property="og:type" content="article" />
<meta property="og:title" content="Estrellan tuotantolaitos ja varasto, Länsi-Ruotsi - Efterklang" />
<meta property="og:description" content="Efterklang on toiminut monta vuotta Estrellan yhteistyökumppanina ja konsulttina Angeredin ja Halmstadin toimipisteiden meluhaasteiden ratkaisemiseksi." />
<meta property="og:url" content="https://efterklang.org/projects/estrella-produktion-och-lager-vast-sverige/?lang=fi" />
<meta property="og:site_name" content="Efterklang" />
<meta property="article:modified_time" content="2022-04-25T14:39:10+00:00" />
<meta property="og:image" content="https://efterklang.org/wp-content/uploads/2022/03/Estrella_Bild-anlaggningen-2020_web-1024x604.jpg" />
	<meta property="og:image:width" content="1024" />
	<meta property="og:image:height" content="604" />
	<meta property="og:image:type" content="image/jpeg" />
<meta name="twitter:card" content="summary_large_image" />
<script type="application/ld+json" class="yoast-schema-graph">{"@context":"https://schema.org","@graph":[{"@type":"WebPage","@id":"https://efterklang.org/projects/estrella-produktion-och-lager-vast-sverige/?lang=fi","url":"https://efterklang.org/projects/estrella-produktion-och-lager-vast-sverige/?lang=fi","name":"Estrellan tuotantolaitos ja varasto, Länsi-Ruotsi - Efterklang","isPartOf":{"@id":"https://efterklang.org/#website"},"datePublished":"2022-04-08T13:33:44+00:00","dateModified":"2022-04-25T14:39:10+00:00","description":"Efterklang on toiminut monta vuotta Estrellan yhteistyökumppanina ja konsulttina Angeredin ja Halmstadin toimipisteiden meluhaasteiden ratkaisemiseksi.","breadcrumb":{"@id":"https://efterklang.org/projects/estrella-produktion-och-lager-vast-sverige/?lang=fi#breadcrumb"},"inLanguage":"fi","potentialAction":[{"@type":"ReadAction","target":["https://efterklang.org/projects/estrella-produktion-och-lager-vast-sverige/?lang=fi"]}]},{"@type":"BreadcrumbList","@id":"https://efterklang.org/projects/estrella-produktion-och-lager-vast-sverige/?lang=fi#breadcrumb","itemListElement":[{"@type":"ListItem","position":1,"name":"Home","item":"https://efterklang.org/fi/"},{"@type":"ListItem","position":2,"name":"Our projects","item":"https://efterklang.org/projects/?lang=sv"},{"@type":"ListItem","position":3,"name":"Estrellan tuotantolaitos ja varasto, Länsi-Ruotsi"}]},{"@type":"WebSite","@id":"https://efterklang.org/#website","url":"https://efterklang.org/","name":"Efterklang","description":"Site by basta-kompisar","publisher":{"@id":"https://efterklang.org/#organization"},"potentialAction":[{"@type":"SearchAction","target":{"@type":"EntryPoint","urlTemplate":"https://efterklang.org/?s={search_term_string}"},"query-input":"required name=search_term_string"}],"inLanguage":"fi"},{"@type":"Organization","@id":"https://efterklang.org/#organization","name":"Efterklang","url":"https://efterklang.org/","logo":{"@type":"ImageObject","inLanguage":"fi","@id":"https://efterklang.org/#/schema/logo/image/","url":"https://efterklang.org/wp-content/uploads/2021/10/Asset-25.svg","contentUrl":"https://efterklang.org/wp-content/uploads/2021/10/Asset-25.svg","caption":"Efterklang"},"image":{"@id":"https://efterklang.org/#/schema/logo/image/"}}]}</script>
<!-- / Yoast SEO plugin. -->

Estrellan tuotantolaitos ja varasto, Länsi-Ruotsi - Efterklang

Efterklang on toiminut monta vuotta Estrellan yhteistyökumppanina ja konsulttina Angeredin ja Halmstadin toimipisteiden meluhaasteiden ratkaisemiseksi.
